179.6.139.175 - - [14/Apr/2026:08:33:05 -0400] "GET /wp-content/plugins/elementor/assets/lib/animations/styles/fadeIn.min.css?ver=4.0.2 HTTP/1.1" 200 77 "https://asesoriastesismedicina.com/" "Mozilla/5.0 (iPhone; CPU iPhone OS 18_7 like Mac OS X) AppleWebKit/605.1.15 (KHTML, like Gecko) Version/26.3 Mobile/15E148 Safari/604.1"
179.6.139.175 - - [14/Apr/2026:08:33:05 -0400] "GET /wp-content/plugins/elementor/assets/css/widget-divider.min.css?ver=4.0.2 HTTP/1.1" 200 678 "https://asesoriastesismedicina.com/" "Mozilla/5.0 (iPhone; CPU iPhone OS 18_7 like Mac OS X) AppleWebKit/605.1.15 (KHTML, like Gecko) Version/26.3 Mobile/15E148 Safari/604.1"
179.6.139.175 - - [14/Apr/2026:08:33:05 -0400] "GET /wp-content/plugins/elementor/assets/lib/animations/styles/fadeInLeft.min.css?ver=4.0.2 HTTP/1.1" 200 137 "https://asesoriastesismedicina.com/" "Mozilla/5.0 (iPhone; CPU iPhone OS 18_7 like Mac OS X) AppleWebKit/605.1.15 (KHTML, like Gecko) Version/26.3 Mobile/15E148 Safari/604.1"
179.6.139.175 - - [14/Apr/2026:08:33:05 -0400] "GET /wp-content/uploads/elementor/google-fonts/css/roboto.css?ver=1742290387 HTTP/1.1" 200 1887 "https://asesoriastesismedicina.com/" "Mozilla/5.0 (iPhone; CPU iPhone OS 18_7 like Mac OS X) AppleWebKit/605.1.15 (KHTML, like Gecko) Version/26.3 Mobile/15E148 Safari/604.1"
179.6.139.175 - - [14/Apr/2026:08:33:05 -0400] "GET /wp-content/themes/betheme/css/responsive.css?ver=28.2 HTTP/1.1" 200 11418 "https://asesoriastesismedicina.com/" "Mozilla/5.0 (iPhone; CPU iPhone OS 18_7 like Mac OS X) AppleWebKit/605.1.15 (KHTML, like Gecko) Version/26.3 Mobile/15E148 Safari/604.1"
179.6.139.175 - - [14/Apr/2026:08:33:05 -0400] "GET /wp-content/plugins/elementor/assets/lib/font-awesome/css/all.min.css?ver=4.0.2 HTTP/1.1" 200 12380 "https://asesoriastesismedicina.com/" "Mozilla/5.0 (iPhone; CPU iPhone OS 18_7 like Mac OS X) AppleWebKit/605.1.15 (KHTML, like Gecko) Version/26.3 Mobile/15E148 Safari/604.1"
179.6.139.175 - - [14/Apr/2026:08:33:05 -0400] "GET /wp-content/plugins/wp-whatsapp-chat/build/frontend/css/style.css?ver=8.4.1 HTTP/1.1" 200 7030 "https://asesoriastesismedicina.com/" "Mozilla/5.0 (iPhone; CPU iPhone OS 18_7 like Mac OS X) AppleWebKit/605.1.15 (KHTML, like Gecko) Version/26.3 Mobile/15E148 Safari/604.1"
179.6.139.175 - - [14/Apr/2026:08:33:05 -0400] "GET /wp-content/uploads/elementor/google-fonts/css/robotoslab.css?ver=1742290392 HTTP/1.1" 200 721 "https://asesoriastesismedicina.com/" "Mozilla/5.0 (iPhone; CPU iPhone OS 18_7 like Mac OS X) AppleWebKit/605.1.15 (KHTML, like Gecko) Version/26.3 Mobile/15E148 Safari/604.1"
179.6.139.175 - - [14/Apr/2026:08:33:05 -0400] "GET /wp-content/uploads/elementor/google-fonts/css/dmsans.css?ver=1742290396 HTTP/1.1" 200 511 "https://asesoriastesismedicina.com/" "Mozilla/5.0 (iPhone; CPU iPhone OS 18_7 like Mac OS X) AppleWebKit/605.1.15 (KHTML, like Gecko) Version/26.3 Mobile/15E148 Safari/604.1"
179.6.139.175 - - [14/Apr/2026:08:33:05 -0400] "GET /wp-includes/js/jquery/jquery.min.js?ver=3.7.1 HTTP/1.1" 200 29744 "https://asesoriastesismedicina.com/" "Mozilla/5.0 (iPhone; CPU iPhone OS 18_7 like Mac OS X) AppleWebKit/605.1.15 (KHTML, like Gecko) Version/26.3 Mobile/15E148 Safari/604.1"
179.6.139.175 - - [14/Apr/2026:08:33:05 -0400] "GET /wp-includes/js/jquery/jquery-migrate.min.js?ver=3.4.1 HTTP/1.1" 200 4678 "https://asesoriastesismedicina.com/" "Mozilla/5.0 (iPhone; CPU iPhone OS 18_7 like Mac OS X) AppleWebKit/605.1.15 (KHTML, like Gecko) Version/26.3 Mobile/15E148 Safari/604.1"
179.6.139.175 - - [14/Apr/2026:08:33:05 -0400] "GET /wp-content/plugins/wp-dark-mode/assets/js/app.min.js?ver=5.3.0 HTTP/1.1" 200 27623 "https://asesoriastesismedicina.com/" "Mozilla/5.0 (iPhone; CPU iPhone OS 18_7 like Mac OS X) AppleWebKit/605.1.15 (KHTML, like Gecko) Version/26.3 Mobile/15E148 Safari/604.1"
179.6.139.175 - - [14/Apr/2026:08:33:05 -0400] "GET /wp-content/plugins/elementor/assets/lib/font-awesome/js/v4-shims.min.js?ver=4.0.2 HTTP/1.1" 200 4042 "https://asesoriastesismedicina.com/" "Mozilla/5.0 (iPhone; CPU iPhone OS 18_7 like Mac OS X) AppleWebKit/605.1.15 (KHTML, like Gecko) Version/26.3 Mobile/15E148 Safari/604.1"
179.6.139.175 - - [14/Apr/2026:08:33:05 -0400] "GET /wp-content/uploads/betheme/css/post-2.css?ver=1776163678 HTTP/1.1" 200 52 "https://asesoriastesismedicina.com/" "Mozilla/5.0 (iPhone; CPU iPhone OS 18_7 like Mac OS X) AppleWebKit/605.1.15 (KHTML, like Gecko) Version/26.3 Mobile/15E148 Safari/604.1"
179.6.139.175 - - [14/Apr/2026:08:33:05 -0400] "GET /wp-content/plugins/elementor/assets/css/widget-accordion.min.css?ver=4.0.2 HTTP/1.1" 200 353 "https://asesoriastesismedicina.com/" "Mozilla/5.0 (iPhone; CPU iPhone OS 18_7 like Mac OS X) AppleWebKit/605.1.15 (KHTML, like Gecko) Version/26.3 Mobile/15E148 Safari/604.1"
179.6.139.175 - - [14/Apr/2026:08:33:05 -0400] "GET /wp-content/plugins/elementor/assets/lib/font-awesome/css/solid.min.css?ver=5.15.3 HTTP/1.1" 200 286 "https://asesoriastesismedicina.com/" "Mozilla/5.0 (iPhone; CPU iPhone OS 18_7 like Mac OS X) AppleWebKit/605.1.15 (KHTML, like Gecko) Version/26.3 Mobile/15E148 Safari/604.1"
179.6.139.175 - - [14/Apr/2026:08:33:05 -0400] "GET /wp-content/plugins/elementor/assets/lib/eicons/css/elementor-icons.min.css?ver=5.48.0 HTTP/1.1" 200 4087 "https://asesoriastesismedicina.com/" "Mozilla/5.0 (iPhone; CPU iPhone OS 18_7 like Mac OS X) AppleWebKit/605.1.15 (KHTML, like Gecko) Version/26.3 Mobile/15E148 Safari/604.1"
179.6.139.175 - - [14/Apr/2026:08:33:05 -0400] "GET /wp-content/plugins/elementor/assets/css/frontend.min.css?ver=4.0.2 HTTP/1.1" 200 6613 "https://asesoriastesismedicina.com/" "Mozilla/5.0 (iPhone; CPU iPhone OS 18_7 like Mac OS X) AppleWebKit/605.1.15 (KHTML, like Gecko) Version/26.3 Mobile/15E148 Safari/604.1"
179.6.139.175 - - [14/Apr/2026:08:33:05 -0400] "GET /wp-content/plugins/elementor/assets/lib/font-awesome/css/fontawesome.min.css?ver=5.15.3 HTTP/1.1" 200 12164 "https://asesoriastesismedicina.com/" "Mozilla/5.0 (iPhone; CPU iPhone OS 18_7 like Mac OS X) AppleWebKit/605.1.15 (KHTML, like Gecko) Version/26.3 Mobile/15E148 Safari/604.1"
179.6.139.175 - - [14/Apr/2026:08:33:05 -0400] "GET /wp-content/uploads/elementor/css/post-2.css?ver=1776157508 HTTP/1.1" 200 5567 "https://asesoriastesismedicina.com/" "Mozilla/5.0 (iPhone; CPU iPhone OS 18_7 like Mac OS X) AppleWebKit/605.1.15 (KHTML, like Gecko) Version/26.3 Mobile/15E148 Safari/604.1"
179.6.139.175 - - [14/Apr/2026:08:33:05 -0400] "GET /wp-content/plugins/wp-dark-mode/assets/js/dark-mode.js?ver=5.3.0 HTTP/1.1" 200 37385 "https://asesoriastesismedicina.com/" "Mozilla/5.0 (iPhone; CPU iPhone OS 18_7 like Mac OS X) AppleWebKit/605.1.15 (KHTML, like Gecko) Version/26.3 Mobile/15E148 Safari/604.1"
179.6.139.175 - - [14/Apr/2026:08:33:05 -0400] "GET /wp-content/plugins/revslider/public/js/sr7.js?ver=6.7.40 HTTP/1.1" 200 93019 "https://asesoriastesismedicina.com/" "Mozilla/5.0 (iPhone; CPU iPhone OS 18_7 like Mac OS X) AppleWebKit/605.1.15 (KHTML, like Gecko) Version/26.3 Mobile/15E148 Safari/604.1"
179.6.139.175 - - [14/Apr/2026:08:33:05 -0400] "GET /wp-content/uploads/betheme/css/post-78.css?ver=1776163678 HTTP/1.1" 200 473 "https://asesoriastesismedicina.com/" "Mozilla/5.0 (iPhone; CPU iPhone OS 18_7 like Mac OS X) AppleWebKit/605.1.15 (KHTML, like Gecko) Version/26.3 Mobile/15E148 Safari/604.1"
179.6.139.175 - - [14/Apr/2026:08:33:05 -0400] "GET /wp-content/uploads/betheme/css/post-103.css?ver=1776163678 HTTP/1.1" 200 551 "https://asesoriastesismedicina.com/" "Mozilla/5.0 (iPhone; CPU iPhone OS 18_7 like Mac OS X) AppleWebKit/605.1.15 (KHTML, like Gecko) Version/26.3 Mobile/15E148 Safari/604.1"
179.6.139.175 - - [14/Apr/2026:08:33:05 -0400] "GET /wp-content/plugins/contact-form-7/includes/js/index.js?ver=6.1.5 HTTP/1.1" 200 4008 "https://asesoriastesismedicina.com/" "Mozilla/5.0 (iPhone; CPU iPhone OS 18_7 like Mac OS X) AppleWebKit/605.1.15 (KHTML, like Gecko) Version/26.3 Mobile/15E148 Safari/604.1"
179.6.139.175 - - [14/Apr/2026:08:33:05 -0400] "GET /wp-includes/js/dist/hooks.min.js?ver=dd5603f07f9220ed27f1 HTTP/1.1" 200 1852 "https://asesoriastesismedicina.com/" "Mozilla/5.0 (iPhone; CPU iPhone OS 18_7 like Mac OS X) AppleWebKit/605.1.15 (KHTML, like Gecko) Version/26.3 Mobile/15E148 Safari/604.1"
179.6.139.175 - - [14/Apr/2026:08:33:05 -0400] "GET /wp-content/plugins/revslider/public/css/fonts/font-awesome/css/font-awesome.css HTTP/1.1" 200 6953 "https://asesoriastesismedicina.com/" "Mozilla/5.0 (iPhone; CPU iPhone OS 18_7 like Mac OS X) AppleWebKit/605.1.15 (KHTML, like Gecko) Version/26.3 Mobile/15E148 Safari/604.1"
179.6.139.175 - - [14/Apr/2026:08:33:05 -0400] "GET /wp-content/themes/betheme/functions/plugins/elementor/assets/elementor.css?ver=b8cec47803c80951ebafe23d13dd94d0 HTTP/1.1" 200 402 "https://asesoriastesismedicina.com/" "Mozilla/5.0 (iPhone; CPU iPhone OS 18_7 like Mac OS X) AppleWebKit/605.1.15 (KHTML, like Gecko) Version/26.3 Mobile/15E148 Safari/604.1"
179.6.139.175 - - [14/Apr/2026:08:33:05 -0400] "GET /wp-includes/js/jquery/ui/tabs.min.js?ver=1.13.3 HTTP/1.1" 200 3794 "https://asesoriastesismedicina.com/" "Mozilla/5.0 (iPhone; CPU iPhone OS 18_7 like Mac OS X) AppleWebKit/605.1.15 (KHTML, like Gecko) Version/26.3 Mobile/15E148 Safari/604.1"
179.6.139.175 - - [14/Apr/2026:08:33:05 -0400] "GET /wp-includes/js/jquery/ui/core.min.js?ver=1.13.3 HTTP/1.1" 200 6812 "https://asesoriastesismedicina.com/" "Mozilla/5.0 (iPhone; CPU iPhone OS 18_7 like Mac OS X) AppleWebKit/605.1.15 (KHTML, like Gecko) Version/26.3 Mobile/15E148 Safari/604.1"
179.6.139.175 - - [14/Apr/2026:08:33:05 -0400] "GET /wp-content/themes/betheme/js/menu.js?ver=28.2 HTTP/1.1" 200 891 "https://asesoriastesismedicina.com/" "Mozilla/5.0 (iPhone; CPU iPhone OS 18_7 like Mac OS X) AppleWebKit/605.1.15 (KHTML, like Gecko) Version/26.3 Mobile/15E148 Safari/604.1"
179.6.139.175 - - [14/Apr/2026:08:33:05 -0400] "GET /wp-content/themes/betheme/js/plugins/visible.min.js?ver=28.2 HTTP/1.1" 200 334 "https://asesoriastesismedicina.com/" "Mozilla/5.0 (iPhone; CPU iPhone OS 18_7 like Mac OS X) AppleWebKit/605.1.15 (KHTML, like Gecko) Version/26.3 Mobile/15E148 Safari/604.1"
179.6.139.175 - - [14/Apr/2026:08:33:05 -0400] "GET /wp-content/themes/betheme/js/plugins/magnificpopup.min.js?ver=28.2 HTTP/1.1" 200 7034 "https://asesoriastesismedicina.com/" "Mozilla/5.0 (iPhone; CPU iPhone OS 18_7 like Mac OS X) AppleWebKit/605.1.15 (KHTML, like Gecko) Version/26.3 Mobile/15E148 Safari/604.1"
179.6.139.175 - - [14/Apr/2026:08:33:05 -0400] "GET /wp-content/themes/betheme/js/scripts.js?ver=28.2 HTTP/1.1" 200 35524 "https://asesoriastesismedicina.com/" "Mozilla/5.0 (iPhone; CPU iPhone OS 18_7 like Mac OS X) AppleWebKit/605.1.15 (KHTML, like Gecko) Version/26.3 Mobile/15E148 Safari/604.1"
179.6.139.175 - - [14/Apr/2026:08:33:05 -0400] "GET /wp-content/plugins/elementor/assets/js/frontend.min.js?ver=4.0.2 HTTP/1.1" 200 10050 "https://asesoriastesismedicina.com/" "Mozilla/5.0 (iPhone; CPU iPhone OS 18_7 like Mac OS X) AppleWebKit/605.1.15 (KHTML, like Gecko) Version/26.3 Mobile/15E148 Safari/604.1"
179.6.139.175 - - [14/Apr/2026:08:33:05 -0400] "GET /wp-content/plugins/wp-whatsapp-chat/build/frontend/js/index.js?ver=5937b263f864b066ca9a HTTP/1.1" 200 23609 "https://asesoriastesismedicina.com/" "Mozilla/5.0 (iPhone; CPU iPhone OS 18_7 like Mac OS X) AppleWebKit/605.1.15 (KHTML, like Gecko) Version/26.3 Mobile/15E148 Safari/604.1"
179.6.139.175 - - [14/Apr/2026:08:33:05 -0400] "GET /wp-content/plugins/elementor-pro/assets/js/frontend.min.js?ver=3.34.0 HTTP/1.1" 200 6202 "https://asesoriastesismedicina.com/" "Mozilla/5.0 (iPhone; CPU iPhone OS 18_7 like Mac OS X) AppleWebKit/605.1.15 (KHTML, like Gecko) Version/26.3 Mobile/15E148 Safari/604.1"
179.6.139.175 - - [14/Apr/2026:08:33:05 -0400] "GET /wp-content/plugins/pixelyoursite/dist/scripts/tld.min.js?ver=2.3.1 HTTP/1.1" 200 39434 "https://asesoriastesismedicina.com/" "Mozilla/5.0 (iPhone; CPU iPhone OS 18_7 like Mac OS X) AppleWebKit/605.1.15 (KHTML, like Gecko) Version/26.3 Mobile/15E148 Safari/604.1"
179.6.139.175 - - [14/Apr/2026:08:33:05 -0400] "GET /wp-content/plugins/contact-form-7/includes/swv/js/index.js?ver=6.1.5 HTTP/1.1" 200 3369 "https://asesoriastesismedicina.com/" "Mozilla/5.0 (iPhone; CPU iPhone OS 18_7 like Mac OS X) AppleWebKit/605.1.15 (KHTML, like Gecko) Version/26.3 Mobile/15E148 Safari/604.1"
179.6.139.175 - - [14/Apr/2026:08:33:05 -0400] "GET /wp-includes/js/dist/i18n.min.js?ver=c26c3dc7bed366793375 HTTP/1.1" 200 2119 "https://asesoriastesismedicina.com/" "Mozilla/5.0 (iPhone; CPU iPhone OS 18_7 like Mac OS X) AppleWebKit/605.1.15 (KHTML, like Gecko) Version/26.3 Mobile/15E148 Safari/604.1"
179.6.139.175 - - [14/Apr/2026:08:33:05 -0400] "GET /wp-content/plugins/revslider/public/js/libs/tptools.js?ver=6.7.40 HTTP/1.1" 200 72940 "https://asesoriastesismedicina.com/" "Mozilla/5.0 (iPhone; CPU iPhone OS 18_7 like Mac OS X) AppleWebKit/605.1.15 (KHTML, like Gecko) Version/26.3 Mobile/15E148 Safari/604.1"
179.6.139.175 - - [14/Apr/2026:08:33:05 -0400] "GET /wp-content/themes/betheme/js/plugins/debouncedresize.min.js?ver=28.2 HTTP/1.1" 200 258 "https://asesoriastesismedicina.com/" "Mozilla/5.0 (iPhone; CPU iPhone OS 18_7 like Mac OS X) AppleWebKit/605.1.15 (KHTML, like Gecko) Version/26.3 Mobile/15E148 Safari/604.1"
179.6.139.175 - - [14/Apr/2026:08:33:05 -0400] "GET /wp-content/themes/betheme/js/plugins/enllax.min.js?ver=28.2 HTTP/1.1" 200 476 "https://asesoriastesismedicina.com/" "Mozilla/5.0 (iPhone; CPU iPhone OS 18_7 like Mac OS X) AppleWebKit/605.1.15 (KHTML, like Gecko) Version/26.3 Mobile/15E148 Safari/604.1"
179.6.139.175 - - [14/Apr/2026:08:33:05 -0400] "GET /wp-content/themes/betheme/assets/animations/animations.min.js?ver=28.2 HTTP/1.1" 200 551 "https://asesoriastesismedicina.com/" "Mozilla/5.0 (iPhone; CPU iPhone OS 18_7 like Mac OS X) AppleWebKit/605.1.15 (KHTML, like Gecko) Version/26.3 Mobile/15E148 Safari/604.1"
179.6.139.175 - - [14/Apr/2026:08:33:05 -0400] "GET /wp-content/themes/betheme/js/parallax/translate3d.js?ver=28.2 HTTP/1.1" 200 1262 "https://asesoriastesismedicina.com/" "Mozilla/5.0 (iPhone; CPU iPhone OS 18_7 like Mac OS X) AppleWebKit/605.1.15 (KHTML, like Gecko) Version/26.3 Mobile/15E148 Safari/604.1"
179.6.139.175 - - [14/Apr/2026:08:33:05 -0400] "GET /wp-content/plugins/pixelyoursite/dist/scripts/jquery.bind-first-0.2.3.min.js?ver=0.2.3 HTTP/1.1" 200 625 "https://asesoriastesismedicina.com/" "Mozilla/5.0 (iPhone; CPU iPhone OS 18_7 like Mac OS X) AppleWebKit/605.1.15 (KHTML, like Gecko) Version/26.3 Mobile/15E148 Safari/604.1"
179.6.139.175 - - [14/Apr/2026:08:33:05 -0400] "GET /wp-content/plugins/pixelyoursite/dist/scripts/js.cookie-2.1.3.min.js?ver=2.1.3 HTTP/1.1" 200 803 "https://asesoriastesismedicina.com/" "Mozilla/5.0 (iPhone; CPU iPhone OS 18_7 like Mac OS X) AppleWebKit/605.1.15 (KHTML, like Gecko) Version/26.3 Mobile/15E148 Safari/604.1"
179.6.139.175 - - [14/Apr/2026:08:33:05 -0400] "GET /wp-content/plugins/pixelyoursite/dist/scripts/public.js?ver=11.2.0.4 HTTP/1.1" 200 24177 "https://asesoriastesismedicina.com/" "Mozilla/5.0 (iPhone; CPU iPhone OS 18_7 like Mac OS X) AppleWebKit/605.1.15 (KHTML, like Gecko) Version/26.3 Mobile/15E148 Safari/604.1"
179.6.139.175 - - [14/Apr/2026:08:33:05 -0400] "GET /wp-content/plugins/elementor/assets/js/webpack.runtime.min.js?ver=4.0.2 HTTP/1.1" 200 2280 "https://asesoriastesismedicina.com/" "Mozilla/5.0 (iPhone; CPU iPhone OS 18_7 like Mac OS X) AppleWebKit/605.1.15 (KHTML, like Gecko) Version/26.3 Mobile/15E148 Safari/604.1"
179.6.139.175 - - [14/Apr/2026:08:33:05 -0400] "GET /wp-content/plugins/elementor-pro/assets/js/webpack-pro.runtime.min.js?ver=3.34.0 HTTP/1.1" 200 2623 "https://asesoriastesismedicina.com/" "Mozilla/5.0 (iPhone; CPU iPhone OS 18_7 like Mac OS X) AppleWebKit/605.1.15 (KHTML, like Gecko) Version/26.3 Mobile/15E148 Safari/604.1"
179.6.139.175 - - [14/Apr/2026:08:33:05 -0400] "GET /wp-content/plugins/elementor-pro/assets/js/elements-handlers.min.js?ver=3.34.0 HTTP/1.1" 200 10101 "https://asesoriastesismedicina.com/" "Mozilla/5.0 (iPhone; CPU iPhone OS 18_7 like Mac OS X) AppleWebKit/605.1.15 (KHTML, like Gecko) Version/26.3 Mobile/15E148 Safari/604.1"
179.6.139.175 - - [14/Apr/2026:08:33:05 -0400] "GET /wp-content/plugins/elementor/assets/lib/font-awesome/webfonts/fa-solid-900.woff2 HTTP/1.1" 200 78196 "https://asesoriastesismedicina.com/" "Mozilla/5.0 (iPhone; CPU iPhone OS 18_7 like Mac OS X) AppleWebKit/605.1.15 (KHTML, like Gecko) Version/26.3 Mobile/15E148 Safari/604.1"
179.6.139.175 - - [14/Apr/2026:08:33:05 -0400] "GET /wp-content/themes/betheme/fonts/mfn/icons.woff2?3522148 HTTP/1.1" 200 72608 "https://asesoriastesismedicina.com/" "Mozilla/5.0 (iPhone; CPU iPhone OS 18_7 like Mac OS X) AppleWebKit/605.1.15 (KHTML, like Gecko) Version/26.3 Mobile/15E148 Safari/604.1"
179.6.139.175 - - [14/Apr/2026:08:33:05 -0400] "GET /wp-content/uploads/2023/03/cropped-Asesorias-tesis-Medicina.png HTTP/1.1" 200 15052 "https://asesoriastesismedicina.com/" "Mozilla/5.0 (iPhone; CPU iPhone OS 18_7 like Mac OS X) AppleWebKit/605.1.15 (KHTML, like Gecko) Version/26.3 Mobile/15E148 Safari/604.1"
179.6.139.175 - - [14/Apr/2026:08:33:05 -0400] "GET /wp-content/uploads/2022/10/bedoctor-header-icon2.svg HTTP/1.1" 200 523 "https://asesoriastesismedicina.com/" "Mozilla/5.0 (iPhone; CPU iPhone OS 18_7 like Mac OS X) AppleWebKit/605.1.15 (KHTML, like Gecko) Version/26.3 Mobile/15E148 Safari/604.1"
179.6.139.175 - - [14/Apr/2026:08:33:06 -0400] "GET /wp-content/uploads/2022/10/bedoctor-packages-pic2.webp HTTP/1.1" 200 61214 "https://asesoriastesismedicina.com/" "Mozilla/5.0 (iPhone; CPU iPhone OS 18_7 like Mac OS X) AppleWebKit/605.1.15 (KHTML, like Gecko) Version/26.3 Mobile/15E148 Safari/604.1"
179.6.139.175 - - [14/Apr/2026:08:33:06 -0400] "GET /wp-content/uploads/2022/10/bedoctor-section-bg1.webp HTTP/1.1" 200 10524 "https://asesoriastesismedicina.com/" "Mozilla/5.0 (iPhone; CPU iPhone OS 18_7 like Mac OS X) AppleWebKit/605.1.15 (KHTML, like Gecko) Version/26.3 Mobile/15E148 Safari/604.1"
179.6.139.175 - - [14/Apr/2026:08:33:06 -0400] "GET /wp-content/themes/betheme/fonts/fontawesome/fa-solid-900.woff2 HTTP/1.1" 200 80300 "https://asesoriastesismedicina.com/" "Mozilla/5.0 (iPhone; CPU iPhone OS 18_7 like Mac OS X) AppleWebKit/605.1.15 (KHTML, like Gecko) Version/26.3 Mobile/15E148 Safari/604.1"
179.6.139.175 - - [14/Apr/2026:08:33:06 -0400] "GET /wp-content/plugins/revslider/public/css/fonts/font-awesome/fonts/fontawesome-webfont.woff2?v=4.7.0 HTTP/1.1" 200 77160 "https://asesoriastesismedicina.com/" "Mozilla/5.0 (iPhone; CPU iPhone OS 18_7 like Mac OS X) AppleWebKit/605.1.15 (KHTML, like Gecko) Version/26.3 Mobile/15E148 Safari/604.1"
179.6.139.175 - - [14/Apr/2026:08:33:06 -0400] "GET /wp-includes/js/wp-emoji-release.min.js?ver=b8cec47803c80951ebafe23d13dd94d0 HTTP/1.1" 200 4949 "https://asesoriastesismedicina.com/" "Mozilla/5.0 (iPhone; CPU iPhone OS 18_7 like Mac OS X) AppleWebKit/605.1.15 (KHTML, like Gecko) Version/26.3 Mobile/15E148 Safari/604.1"
179.6.139.175 - - [14/Apr/2026:08:33:06 -0400] "GET /wp-content/plugins/elementor/assets/js/section-frontend-handlers.d85ab872da118940910d.bundle.min.js HTTP/1.1" 200 229 "https://asesoriastesismedicina.com/" "Mozilla/5.0 (iPhone; CPU iPhone OS 18_7 like Mac OS X) AppleWebKit/605.1.15 (KHTML, like Gecko) Version/26.3 Mobile/15E148 Safari/604.1"
179.6.139.175 - - [14/Apr/2026:08:33:06 -0400] "GET /wp-content/plugins/elementor/assets/js/text-editor.45609661e409413f1cef.bundle.min.js HTTP/1.1" 200 592 "https://asesoriastesismedicina.com/" "Mozilla/5.0 (iPhone; CPU iPhone OS 18_7 like Mac OS X) AppleWebKit/605.1.15 (KHTML, like Gecko) Version/26.3 Mobile/15E148 Safari/604.1"
179.6.139.175 - - [14/Apr/2026:08:33:05 -0400] "GET /wp-content/themes/betheme/js/plugins/beforeafter.min.js?ver=28.2 HTTP/1.1" 200 921 "https://asesoriastesismedicina.com/" "Mozilla/5.0 (iPhone; CPU iPhone OS 18_7 like Mac OS X) AppleWebKit/605.1.15 (KHTML, like Gecko) Version/26.3 Mobile/15E148 Safari/604.1"
179.6.139.175 - - [14/Apr/2026:08:33:05 -0400] "GET /wp-content/plugins/elementor/assets/js/frontend-modules.min.js?ver=4.0.2 HTTP/1.1" 200 15445 "https://asesoriastesismedicina.com/" "Mozilla/5.0 (iPhone; CPU iPhone OS 18_7 like Mac OS X) AppleWebKit/605.1.15 (KHTML, like Gecko) Version/26.3 Mobile/15E148 Safari/604.1"
179.6.139.175 - - [14/Apr/2026:08:33:05 -0400] "GET /wp-content/plugins/revslider/public/css/preloaders/t4.css HTTP/1.1" 200 280 "https://asesoriastesismedicina.com/" "Mozilla/5.0 (iPhone; CPU iPhone OS 18_7 like Mac OS X) AppleWebKit/605.1.15 (KHTML, like Gecko) Version/26.3 Mobile/15E148 Safari/604.1"
179.6.139.175 - - [14/Apr/2026:08:33:05 -0400] "GET /wp-content/uploads/elementor/google-fonts/fonts/dmsans-rp2wp2ywxg089uriczasexd86j3t9jz86mvyyky58q.woff2 HTTP/1.1" 200 39656 "https://asesoriastesismedicina.com/" "Mozilla/5.0 (iPhone; CPU iPhone OS 18_7 like Mac OS X) AppleWebKit/605.1.15 (KHTML, like Gecko) Version/26.3 Mobile/15E148 Safari/604.1"
179.6.139.175 - - [14/Apr/2026:08:33:06 -0400] "GET /wp-content/themes/betheme/images/cookies.png HTTP/1.1" 200 3228 "https://asesoriastesismedicina.com/" "Mozilla/5.0 (iPhone; CPU iPhone OS 18_7 like Mac OS X) AppleWebKit/605.1.15 (KHTML, like Gecko) Version/26.3 Mobile/15E148 Safari/604.1"
179.6.139.175 - - [14/Apr/2026:08:33:06 -0400] "GET /wp-content/uploads/2022/10/bedoctor-icon1.svg HTTP/1.1" 200 695 "https://asesoriastesismedicina.com/" "Mozilla/5.0 (iPhone; CPU iPhone OS 18_7 like Mac OS X) AppleWebKit/605.1.15 (KHTML, like Gecko) Version/26.3 Mobile/15E148 Safari/604.1"
179.6.139.175 - - [14/Apr/2026:08:33:06 -0400] "GET /wp-content/themes/betheme/fonts/fontawesome/fa-regular-400.woff2 HTTP/1.1" 200 13548 "https://asesoriastesismedicina.com/" "Mozilla/5.0 (iPhone; CPU iPhone OS 18_7 like Mac OS X) AppleWebKit/605.1.15 (KHTML, like Gecko) Version/26.3 Mobile/15E148 Safari/604.1"
179.6.139.175 - - [14/Apr/2026:08:33:06 -0400] "GET /wp-content/plugins/revslider/public/css/sr7.btns.css HTTP/1.1" 200 792 "https://asesoriastesismedicina.com/" "Mozilla/5.0 (iPhone; CPU iPhone OS 18_7 like Mac OS X) AppleWebKit/605.1.15 (KHTML, like Gecko) Version/26.3 Mobile/15E148 Safari/604.1"
179.6.139.175 - - [14/Apr/2026:08:33:06 -0400] "GET /wp-content/uploads/2022/10/bedoctor-header-icon1.svg HTTP/1.1" 200 147 "https://asesoriastesismedicina.com/" "Mozilla/5.0 (iPhone; CPU iPhone OS 18_7 like Mac OS X) AppleWebKit/605.1.15 (KHTML, like Gecko) Version/26.3 Mobile/15E148 Safari/604.1"
179.6.139.175 - - [14/Apr/2026:08:33:06 -0400] "GET /wp-content/uploads/2022/10/bedoctor-header-icon3.svg HTTP/1.1" 200 166 "https://asesoriastesismedicina.com/" "Mozilla/5.0 (iPhone; CPU iPhone OS 18_7 like Mac OS X) AppleWebKit/605.1.15 (KHTML, like Gecko) Version/26.3 Mobile/15E148 Safari/604.1"
179.6.139.175 - - [14/Apr/2026:08:33:07 -0400] "GET /wp-content/uploads/2025/08/bedoctor-section-bg2.webp HTTP/1.1" 200 16142 "https://asesoriastesismedicina.com/" "Mozilla/5.0 (iPhone; CPU iPhone OS 18_7 like Mac OS X) AppleWebKit/605.1.15 (KHTML, like Gecko) Version/26.3 Mobile/15E148 Safari/604.1"
179.6.139.175 - - [14/Apr/2026:08:33:07 -0400] "GET /wp-content/uploads/2025/08/Sin-titulo-800-x-1000-px-1000-x-1000-px-1200-x-792-px.png HTTP/1.1" 200 1084873 "https://asesoriastesismedicina.com/" "Mozilla/5.0 (iPhone; CPU iPhone OS 18_7 like Mac OS X) AppleWebKit/605.1.15 (KHTML, like Gecko) Version/26.3 Mobile/15E148 Safari/604.1"
179.6.139.175 - - [14/Apr/2026:08:33:07 -0400] "GET /wp-content/uploads/2025/08/Diseno-sin-titulo-39.png HTTP/1.1" 200 1489144 "https://asesoriastesismedicina.com/" "Mozilla/5.0 (iPhone; CPU iPhone OS 18_7 like Mac OS X) AppleWebKit/605.1.15 (KHTML, like Gecko) Version/26.3 Mobile/15E148 Safari/604.1"
179.6.139.175 - - [14/Apr/2026:08:33:06 -0400] "GET /wp-content/plugins/elementor/assets/lib/font-awesome/webfonts/fa-regular-400.woff2 HTTP/1.1" 200 13276 "https://asesoriastesismedicina.com/" "Mozilla/5.0 (iPhone; CPU iPhone OS 18_7 like Mac OS X) AppleWebKit/605.1.15 (KHTML, like Gecko) Version/26.3 Mobile/15E148 Safari/604.1"
179.6.139.175 - - [14/Apr/2026:08:33:06 -0400] "GET /wp-content/plugins/elementor/assets/js/shared-frontend-handlers.03caa53373b56d3bab67.bundle.min.js HTTP/1.1" 200 2511 "https://asesoriastesismedicina.com/" "Mozilla/5.0 (iPhone; CPU iPhone OS 18_7 like Mac OS X) AppleWebKit/605.1.15 (KHTML, like Gecko) Version/26.3 Mobile/15E148 Safari/604.1"
179.6.139.175 - - [14/Apr/2026:08:33:06 -0400] "GET /wp-content/plugins/elementor/assets/js/accordion.8b0db5058afeb74622f5.bundle.min.js HTTP/1.1" 200 1282 "https://asesoriastesismedicina.com/" "Mozilla/5.0 (iPhone; CPU iPhone OS 18_7 like Mac OS X) AppleWebKit/605.1.15 (KHTML, like Gecko) Version/26.3 Mobile/15E148 Safari/604.1"
179.6.139.175 - - [14/Apr/2026:08:33:06 -0400] "GET /wp-content/plugins/revslider/public/css/sr7.lp.css HTTP/1.1" 200 1102 "https://asesoriastesismedicina.com/" "Mozilla/5.0 (iPhone; CPU iPhone OS 18_7 like Mac OS X) AppleWebKit/605.1.15 (KHTML, like Gecko) Version/26.3 Mobile/15E148 Safari/604.1"
179.6.139.175 - - [14/Apr/2026:08:33:06 -0400] "GET /wp-content/plugins/revslider/public/css/sr7.media.css HTTP/1.1" 200 535 "https://asesoriastesismedicina.com/" "Mozilla/5.0 (iPhone; CPU iPhone OS 18_7 like Mac OS X) AppleWebKit/605.1.15 (KHTML, like Gecko) Version/26.3 Mobile/15E148 Safari/604.1"
179.6.139.175 - - [14/Apr/2026:08:33:06 -0400] "GET /wp-content/plugins/revslider/public/css/sr7.filters.css HTTP/1.1" 200 1335 "https://asesoriastesismedicina.com/" "Mozilla/5.0 (iPhone; CPU iPhone OS 18_7 like Mac OS X) AppleWebKit/605.1.15 (KHTML, like Gecko) Version/26.3 Mobile/15E148 Safari/604.1"
179.6.139.175 - - [14/Apr/2026:08:33:06 -0400] "GET /wp-includes/js/comment-reply.min.js?ver=b8cec47803c80951ebafe23d13dd94d0 HTTP/1.1" 200 1247 "https://asesoriastesismedicina.com/" "Mozilla/5.0 (iPhone; CPU iPhone OS 18_7 like Mac OS X) AppleWebKit/605.1.15 (KHTML, like Gecko) Version/26.3 Mobile/15E148 Safari/604.1"
179.6.139.175 - - [14/Apr/2026:08:33:07 -0400] "GET /wp-content/uploads/2023/09/Grey-and-Black-Modern-Social-Media-Report-Presentation-2.png HTTP/1.1" 200 589295 "https://asesoriastesismedicina.com/" "Mozilla/5.0 (iPhone; CPU iPhone OS 18_7 like Mac OS X) AppleWebKit/605.1.15 (KHTML, like Gecko) Version/26.3 Mobile/15E148 Safari/604.1"
179.6.139.175 - - [14/Apr/2026:08:33:07 -0400] "GET /wp-content/uploads/2025/08/Transformamos-tu-investigacion-medica-en-una-tesis-publicable.-21.png HTTP/1.1" 200 78869 "https://asesoriastesismedicina.com/" "Mozilla/5.0 (iPhone; CPU iPhone OS 18_7 like Mac OS X) AppleWebKit/605.1.15 (KHTML, like Gecko) Version/26.3 Mobile/15E148 Safari/604.1"
179.6.139.175 - - [14/Apr/2026:08:33:07 -0400] "GET /wp-content/uploads/2025/08/Transformamos-tu-investigacion-medica-en-una-tesis-publicable.-22.png HTTP/1.1" 200 77473 "https://asesoriastesismedicina.com/" "Mozilla/5.0 (iPhone; CPU iPhone OS 18_7 like Mac OS X) AppleWebKit/605.1.15 (KHTML, like Gecko) Version/26.3 Mobile/15E148 Safari/604.1"
179.6.139.175 - - [14/Apr/2026:08:33:07 -0400] "GET /wp-content/uploads/2025/08/Transformamos-tu-investigacion-medica-en-una-tesis-publicable.-23.png HTTP/1.1" 200 81464 "https://asesoriastesismedicina.com/" "Mozilla/5.0 (iPhone; CPU iPhone OS 18_7 like Mac OS X) AppleWebKit/605.1.15 (KHTML, like Gecko) Version/26.3 Mobile/15E148 Safari/604.1"
179.6.139.175 - - [14/Apr/2026:08:33:07 -0400] "GET /wp-content/uploads/2025/08/Transformamos-tu-investigacion-medica-en-una-tesis-publicable.-1.png HTTP/1.1" 200 1228231 "https://asesoriastesismedicina.com/" "Mozilla/5.0 (iPhone; CPU iPhone OS 18_7 like Mac OS X) AppleWebKit/605.1.15 (KHTML, like Gecko) Version/26.3 Mobile/15E148 Safari/604.1"
179.6.139.175 - - [14/Apr/2026:08:33:07 -0400] "GET /wp-content/uploads/2023/09/cropped-LOGO-SIN-FONDO-1-192x192.png HTTP/1.1" 200 23650 "https://asesoriastesismedicina.com/" "Mozilla/5.0 (iPhone; CPU iPhone OS 18_7 like Mac OS X) AppleWebKit/605.1.15 (KHTML, like Gecko) Version/26.3 Mobile/15E148 Safari/604.1"
179.6.139.175 - - [14/Apr/2026:08:33:07 -0400] "GET /wp-content/uploads/2023/09/cropped-LOGO-SIN-FONDO-1-32x32.png HTTP/1.1" 200 1746 "https://asesoriastesismedicina.com/" "Mozilla/5.0 (iPhone; CPU iPhone OS 18_7 like Mac OS X) AppleWebKit/605.1.15 (KHTML, like Gecko) Version/26.3 Mobile/15E148 Safari/604.1"
179.6.139.175 - - [14/Apr/2026:08:33:07 -0400] "GET /wp-content/uploads/2025/08/Transformamos-tu-investigacion-medica-en-una-tesis-publicable.png HTTP/1.1" 200 1297682 "https://asesoriastesismedicina.com/" "Mozilla/5.0 (iPhone; CPU iPhone OS 18_7 like Mac OS X) AppleWebKit/605.1.15 (KHTML, like Gecko) Version/26.3 Mobile/15E148 Safari/604.1"
179.6.139.175 - - [14/Apr/2026:08:33:09 -0400] "GET /wp-content/uploads/2025/08/Transformamos-tu-investigacion-medica-en-una-tesis-publicable.-25.png HTTP/1.1" 200 67774 "https://asesoriastesismedicina.com/" "Mozilla/5.0 (iPhone; CPU iPhone OS 18_7 like Mac OS X) AppleWebKit/605.1.15 (KHTML, like Gecko) Version/26.3 Mobile/15E148 Safari/604.1"
198.54.121.245 - - [14/Apr/2026:08:33:09 -0400] "POST /wp-cron.php?doing_wp_cron=1776169989.5124769210815429687500 HTTP/1.1" 200 0 "-" "WordPress/6.9.4; https://asesoriastesismedicina.com"
179.6.139.175 - - [14/Apr/2026:08:33:16 -0400] "POST /wp-admin/admin-ajax.php?action=wp_dark_mode_update_visitor&_wpnonce=ee2d1d4c0f HTTP/1.1" 200 84 "https://asesoriastesismedicina.com/" "Mozilla/5.0 (iPhone; CPU iPhone OS 18_7 like Mac OS X) AppleWebKit/605.1.15 (KHTML, like Gecko) Version/26.3 Mobile/15E148 Safari/604.1"
202.92.6.73 - - [14/Apr/2026:08:36:06 -0400] "POST /xmlrpc.php HTTP/1.1" 200 216 "-" "Mozilla/5.0 (Windows NT 10.0; WOW64; Trident/7.0; MDDSJS; rv:11.0) like Gecko"
217.160.163.127 - - [14/Apr/2026:08:36:06 -0400] "POST /xmlrpc.php HTTP/1.1" 200 216 "-" "Mozilla/4.0 (compatible; MSIE 7.0; Windows NT 6.2; Win64; x64; Trident/7.0; .NET4.0C; .NET4.0E; .NET CLR 2.0.50727; .NET CLR 3.0.30729; .NET CLR 3.5.30729; SLCC2; Media Center PC 6.0)"
139.167.225.146 - - [14/Apr/2026:08:36:33 -0400] "POST /xmlrpc.php HTTP/1.1" 200 416 "-" "Jetpack by WordPress.com (Jetpack 12.0; WordPress 6.1)"
139.167.225.146 - - [14/Apr/2026:08:36:43 -0400] "POST /xmlrpc.php HTTP/1.1" 200 416 "-" "Jetpack/12.0; WordPress/6.1; http://site22877205.com"
198.54.121.245 - - [14/Apr/2026:08:37:05 -0400] "POST /wp-cron.php?doing_wp_cron=1776170225.4290421009063720703125 HTTP/1.1" 200 0 "-" "WordPress/6.9.4; https://asesoriastesismedicina.com"
139.167.225.146 - - [14/Apr/2026:08:37:15 -0400] "POST /xmlrpc.php HTTP/1.1" 200 416 "-" "Jetpack/12.0; WordPress/6.3; http://site76165391.com"
139.167.225.146 - - [14/Apr/2026:08:37:47 -0400] "POST /xmlrpc.php HTTP/1.1" 200 416 "-" "Jetpack/12.1; WordPress/6.3; http://site84693141.com"
139.167.225.146 - - [14/Apr/2026:08:38:09 -0400] "POST /xmlrpc.php HTTP/1.1" 200 416 "-" "WordPress.com; https://wordpress.com"
139.167.225.146 - - [14/Apr/2026:08:38:41 -0400] "POST /xmlrpc.php HTTP/1.1" 200 416 "-" "Jetpack by WordPress.com"
139.167.225.146 - - [14/Apr/2026:08:39:13 -0400] "POST /xmlrpc.php HTTP/1.1" 200 416 "-" "Jetpack/12.0; WordPress/6.3; http://site15280307.com"
139.167.225.146 - - [14/Apr/2026:08:39:24 -0400] "POST /xmlrpc.php HTTP/1.1" 200 416 "-" "WordPress.com; https://wordpress.com"
139.167.225.146 - - [14/Apr/2026:08:39:35 -0400] "POST /xmlrpc.php HTTP/1.1" 200 416 "-" "Jetpack by WordPress.com"
139.167.225.146 - - [14/Apr/2026:08:39:45 -0400] "POST /xmlrpc.php HTTP/1.1" 200 416 "-" "Jetpack by WordPress.com (Jetpack 12.0; WordPress 6.3)"
139.167.225.146 - - [14/Apr/2026:08:39:56 -0400] "POST /xmlrpc.php HTTP/1.1" 200 416 "-" "WordPress.com; https://wordpress.com"
139.167.225.146 - - [14/Apr/2026:08:40:39 -0400] "POST /xmlrpc.php HTTP/1.1" 200 416 "-" "Jetpack by WordPress.com"
179.6.139.175 - - [14/Apr/2026:08:33:08 -0400] "GET /wp-content/uploads/2025/08/Transformamos-tu-investigacion-medica-en-una-tesis-publicable.-4.png HTTP/1.1" 200 1546565 "https://asesoriastesismedicina.com/" "Mozilla/5.0 (iPhone; CPU iPhone OS 18_7 like Mac OS X) AppleWebKit/605.1.15 (KHTML, like Gecko) Version/26.3 Mobile/15E148 Safari/604.1"
179.6.139.175 - - [14/Apr/2026:08:33:09 -0400] "GET /wp-content/uploads/2025/08/Transformamos-tu-investigacion-medica-en-una-tesis-publicable.-24.png HTTP/1.1" 200 90195 "https://asesoriastesismedicina.com/" "Mozilla/5.0 (iPhone; CPU iPhone OS 18_7 like Mac OS X) AppleWebKit/605.1.15 (KHTML, like Gecko) Version/26.3 Mobile/15E148 Safari/604.1"
179.6.139.175 - - [14/Apr/2026:08:33:09 -0400] "GET /wp-content/uploads/2025/08/Transformamos-tu-investigacion-medica-en-una-tesis-publicable.-5.png HTTP/1.1" 200 1176750 "https://asesoriastesismedicina.com/" "Mozilla/5.0 (iPhone; CPU iPhone OS 18_7 like Mac OS X) AppleWebKit/605.1.15 (KHTML, like Gecko) Version/26.3 Mobile/15E148 Safari/604.1"
179.6.139.175 - - [14/Apr/2026:08:33:07 -0400] "POST /wp-json/pys-facebook/v1/event HTTP/1.1" 200 16 "https://asesoriastesismedicina.com/" "Mozilla/5.0 (iPhone; CPU iPhone OS 18_7 like Mac OS X) AppleWebKit/605.1.15 (KHTML, like Gecko) Version/26.3 Mobile/15E148 Safari/604.1"
198.54.121.245 - - [14/Apr/2026:08:33:09 -0400] "POST /wp-cron.php?doing_wp_cron=1776169989.9235749244689941406250 HTTP/1.1" 200 0 "-" "WordPress/6.9.4; https://asesoriastesismedicina.com"
179.6.139.175 - - [14/Apr/2026:08:33:06 -0400] "GET /wp-admin/admin-ajax.php?action=pys_get_pbid HTTP/1.1" 200 117 "https://asesoriastesismedicina.com/" "Mozilla/5.0 (iPhone; CPU iPhone OS 18_7 like Mac OS X) AppleWebKit/605.1.15 (KHTML, like Gecko) Version/26.3 Mobile/15E148 Safari/604.1"
139.167.225.146 - - [14/Apr/2026:08:36:24 -0400] "POST /xmlrpc.php HTTP/1.1" 200 416 "-" "Jetpack by WordPress.com (Jetpack 12.5; WordPress 6.3)"
139.167.225.146 - - [14/Apr/2026:08:36:54 -0400] "POST /xmlrpc.php HTTP/1.1" 200 416 "-" "Jetpack by WordPress.com (Jetpack 13.0; WordPress 6.4)"
139.167.225.146 - - [14/Apr/2026:08:37:05 -0400] "POST /xmlrpc.php HTTP/1.1" 200 416 "-" "Jetpack by WordPress.com (Jetpack 13.0; WordPress 6.2)"
139.167.225.146 - - [14/Apr/2026:08:37:26 -0400] "POST /xmlrpc.php HTTP/1.1" 200 416 "-" "Jetpack/13.0; WordPress/6.4; http://site39242599.com"
139.167.225.146 - - [14/Apr/2026:08:37:37 -0400] "POST /xmlrpc.php HTTP/1.1" 200 416 "-" "Jetpack by WordPress.com (Jetpack 13.0; WordPress 6.4)"
139.167.225.146 - - [14/Apr/2026:08:37:58 -0400] "POST /xmlrpc.php HTTP/1.1" 200 416 "-" "Jetpack by WordPress.com"
139.167.225.146 - - [14/Apr/2026:08:38:19 -0400] "POST /xmlrpc.php HTTP/1.1" 200 416 "-" "Jetpack by WordPress.com"
139.167.225.146 - - [14/Apr/2026:08:38:30 -0400] "POST /xmlrpc.php HTTP/1.1" 200 416 "-" "WordPress.com; https://wordpress.com"
139.167.225.146 - - [14/Apr/2026:08:38:52 -0400] "POST /xmlrpc.php HTTP/1.1" 200 416 "-" "Jetpack by WordPress.com (Jetpack 12.5; WordPress 6.1)"
139.167.225.146 - - [14/Apr/2026:08:39:02 -0400] "POST /xmlrpc.php HTTP/1.1" 200 416 "-" "Jetpack/12.5; WordPress/6.3; http://site32699686.com"
139.167.225.146 - - [14/Apr/2026:08:40:07 -0400] "POST /xmlrpc.php HTTP/1.1" 200 416 "-" "WordPress.com; https://wordpress.com"
139.167.225.146 - - [14/Apr/2026:08:40:18 -0400] "POST /xmlrpc.php HTTP/1.1" 200 416 "-" "Jetpack by WordPress.com"
139.167.225.146 - - [14/Apr/2026:08:40:28 -0400] "POST /xmlrpc.php HTTP/1.1" 200 416 "-" "Jetpack/12.1; WordPress/6.4; http://site59179300.com"
139.167.225.146 - - [14/Apr/2026:08:41:11 -0400] "POST /xmlrpc.php HTTP/1.1" 200 416 "-" "WordPress.com; https://wordpress.com"
139.167.225.146 - - [14/Apr/2026:08:41:22 -0400] "POST /xmlrpc.php HTTP/1.1" 200 416 "-" "Jetpack by WordPress.com"
139.167.225.146 - - [14/Apr/2026:08:41:43 -0400] "POST /xmlrpc.php HTTP/1.1" 200 416 "-" "Jetpack by WordPress.com (Jetpack 12.1; WordPress 6.1)"
93.39.85.202 - - [14/Apr/2026:08:41:48 -0400] "POST /xmlrpc.php HTTP/1.1" 200 216 "-" "Mozilla/5.0 (Windows NT 6.3; WOW64; Trident/7.0; Touch; TNJB; rv:11.0) like Gecko"
139.167.225.146 - - [14/Apr/2026:08:41:54 -0400] "POST /xmlrpc.php HTTP/1.1" 200 416 "-" "Jetpack by WordPress.com"
198.54.121.245 - - [14/Apr/2026:08:42:05 -0400] "POST /wp-cron.php?doing_wp_cron=1776170525.6981840133666992187500 HTTP/1.1" 200 0 "-" "WordPress/6.9.4; https://asesoriastesismedicina.com"
139.167.225.146 - - [14/Apr/2026:08:42:05 -0400] "POST /xmlrpc.php HTTP/1.1" 200 416 "-" "WordPress.com; https://wordpress.com"
139.167.225.146 - - [14/Apr/2026:08:42:26 -0400] "POST /xmlrpc.php HTTP/1.1" 200 416 "-" "WordPress.com; https://wordpress.com"
139.167.225.146 - - [14/Apr/2026:08:42:37 -0400] "POST /xmlrpc.php HTTP/1.1" 200 416 "-" "Jetpack/12.5; WordPress/6.3; http://site49876385.com"
139.167.225.146 - - [14/Apr/2026:08:42:48 -0400] "POST /xmlrpc.php HTTP/1.1" 200 416 "-" "Jetpack/12.1; WordPress/6.1; http://site21768191.com"
139.167.225.146 - - [14/Apr/2026:08:42:58 -0400] "POST /xmlrpc.php HTTP/1.1" 200 416 "-" "Jetpack/13.0; WordPress/6.2; http://site11020431.com"
139.167.225.146 - - [14/Apr/2026:08:43:09 -0400] "POST /xmlrpc.php HTTP/1.1" 200 416 "-" "Jetpack/12.5; WordPress/6.1; http://site39793503.com"
139.167.225.146 - - [14/Apr/2026:08:43:30 -0400] "POST /xmlrpc.php HTTP/1.1" 200 416 "-" "WordPress.com; https://wordpress.com"
139.167.225.146 - - [14/Apr/2026:08:43:41 -0400] "POST /xmlrpc.php HTTP/1.1" 200 416 "-" "Jetpack/12.0; WordPress/6.3; http://site69047792.com"
139.167.225.146 - - [14/Apr/2026:08:44:02 -0400] "POST /xmlrpc.php HTTP/1.1" 200 416 "-" "Jetpack by WordPress.com (Jetpack 12.0; WordPress 6.2)"
139.167.225.146 - - [14/Apr/2026:08:44:56 -0400] "POST /xmlrpc.php HTTP/1.1" 200 416 "-" "Jetpack by WordPress.com"
69.49.112.68 - - [14/Apr/2026:08:47:31 -0400] "POST /xmlrpc.php HTTP/1.1" 200 216 "-" "Mozilla/5.0 (Windows NT 6.2; Win64; x64) AppleWebKit/537.36 (KHTML, like Gecko) Chrome/66.0.3359.139 Safari/537.36"
198.54.121.245 - - [14/Apr/2026:08:47:34 -0400] "POST /wp-cron.php?doing_wp_cron=1776170854.2954080104827880859375 HTTP/1.1" 200 0 "-" "WordPress/6.9.4; https://asesoriastesismedicina.com"
116.118.2.113 - - [14/Apr/2026:08:47:31 -0400] "POST /xmlrpc.php HTTP/1.1" 200 216 "-" "Mozilla/4.0 (compatible; MSIE 7.0; Windows NT 6.1; Trident/7.0; SLCC2; .NET CLR 2.0.50727; .NET CLR 3.5.30729; .NET CLR 3.0.30729; .NET4.0C; .NET4.0E; Tablet PC 2.0; Creative AutoUpdate v1.40.01)"
103.109.244.105 - - [14/Apr/2026:08:48:45 -0400] "GET / HTTP/1.1" 200 412242 "-" "Mozilla/5.0 (Windows NT 10.0; Win64; x64; rv:123.0) Gecko/20100101 Firefox/123.0"
103.109.244.105 - - [14/Apr/2026:08:48:46 -0400] "POST /xmlrpc.php HTTP/1.1" 200 224 "https://asesoriastesismedicina.com/wp-admin/" "Mozilla/5.0 (Windows NT 10.0; Win64; x64; rv:123.0) Gecko/20100101 Firefox/123.0"
45.84.107.182 - - [14/Apr/2026:08:49:12 -0400] "POST /xmlrpc.php HTTP/1.1" 200 224 "https://www.google.com/" "Mozilla/5.0 (X11; Ubuntu; Linux x86_64; rv:62.0) Gecko/20100101 Firefox/62.0"
44.213.202.136 - - [14/Apr/2026:08:50:16 -0400] "GET /tag/peru/ HTTP/1.1" 200 73896 "-" "Mozilla/5.0 AppleWebKit/537.36 (KHTML, like Gecko; compatible; Amazonbot/0.1; +https://developer.amazon.com/support/amazonbot) Chrome/119.0.6045.214 Safari/537.36"
222.165.190.235 - - [14/Apr/2026:08:52:46 -0400] "POST /xmlrpc.php HTTP/1.1" 200 216 "-" "Mozilla/5.0 (Macintosh; Intel Mac OS X 10_10_5) AppleWebKit/603.1.30 (KHTML, like Gecko) Version/10.1 Safari/603.1.30"
51.161.37.223 - - [14/Apr/2026:08:53:02 -0400] "GET /robots.txt HTTP/1.1" 200 103 "-" "Mozilla/5.0 (compatible; AhrefsBot/7.0; +http://ahrefs.com/robot/)"
94.23.188.192 - - [14/Apr/2026:08:53:04 -0400] "GET /category/710/ HTTP/1.1" 200 62999 "-" "Mozilla/5.0 (compatible; AhrefsBot/7.0; +http://ahrefs.com/robot/)"
45.138.16.234 - - [14/Apr/2026:08:55:20 -0400] "POST /xmlrpc.php HTTP/1.1" 200 224 "https://www.google.com/" "Mozilla/5.0 (Windows NT 10.0; Win64; x64) AppleWebKit/537.36 (KHTML, like Gecko) Chrome/69.0.3497.100 Safari/537.36"
139.167.225.146 - - [14/Apr/2026:08:40:50 -0400] "POST /xmlrpc.php HTTP/1.1" 200 416 "-" "WordPress.com; https://wordpress.com"
139.167.225.146 - - [14/Apr/2026:08:41:00 -0400] "POST /xmlrpc.php HTTP/1.1" 200 416 "-" "Jetpack/12.5; WordPress/6.2; http://site64801464.com"
139.167.225.146 - - [14/Apr/2026:08:41:34 -0400] "POST /xmlrpc.php HTTP/1.1" 200 416 "-" "Jetpack by WordPress.com (Jetpack 12.5; WordPress 6.2)"
103.216.119.20 - - [14/Apr/2026:08:41:49 -0400] "POST /xmlrpc.php HTTP/1.1" 200 216 "-" "Mozilla/5.0 (Macintosh; Intel Mac OS X 10.13; rv:60.0) Gecko/20100101 Firefox/60.0"
139.167.225.146 - - [14/Apr/2026:08:42:15 -0400] "POST /xmlrpc.php HTTP/1.1" 200 416 "-" "Jetpack by WordPress.com (Jetpack 12.5; WordPress 6.2)"
139.167.225.146 - - [14/Apr/2026:08:43:19 -0400] "POST /xmlrpc.php HTTP/1.1" 200 416 "-" "WordPress.com; https://wordpress.com"
139.167.225.146 - - [14/Apr/2026:08:43:51 -0400] "POST /xmlrpc.php HTTP/1.1" 200 416 "-" "Jetpack/13.0; WordPress/6.1; http://site68044190.com"
139.167.225.146 - - [14/Apr/2026:08:44:13 -0400] "POST /xmlrpc.php HTTP/1.1" 200 416 "-" "Jetpack by WordPress.com"
139.167.225.146 - - [14/Apr/2026:08:44:23 -0400] "POST /xmlrpc.php HTTP/1.1" 200 416 "-" "WordPress.com; https://wordpress.com"
139.167.225.146 - - [14/Apr/2026:08:44:34 -0400] "POST /xmlrpc.php HTTP/1.1" 200 416 "-" "Jetpack by WordPress.com"
139.167.225.146 - - [14/Apr/2026:08:44:45 -0400] "POST /xmlrpc.php HTTP/1.1" 200 416 "-" "Jetpack/12.5; WordPress/6.3; http://site51873053.com"
139.167.225.146 - - [14/Apr/2026:08:45:06 -0400] "POST /xmlrpc.php HTTP/1.1" 200 416 "-" "Jetpack/13.0; WordPress/6.4; http://site76036898.com"
103.109.244.105 - - [14/Apr/2026:08:48:38 -0400] "GET / HTTP/1.1" 200 97045 "-" "Mozilla/5.0 (Windows NT 10.0; Win64; x64) AppleWebKit/537.36 (KHTML, like Gecko) Chrome/145.0.0.0 Safari/537.36"
198.54.121.245 - - [14/Apr/2026:08:48:46 -0400] "POST /wp-cron.php?doing_wp_cron=1776170926.5570859909057617187500 HTTP/1.1" 200 0 "-" "WordPress/6.9.4; https://asesoriastesismedicina.com"
103.109.244.105 - - [14/Apr/2026:08:48:46 -0400] "POST /xmlrpc.php HTTP/1.1" 200 728 "https://asesoriastesismedicina.com/wp-admin/" "Mozilla/5.0 (Windows NT 10.0; Win64; x64; rv:123.0) Gecko/20100101 Firefox/123.0"
179.127.10.197 - - [14/Apr/2026:08:52:46 -0400] "POST /xmlrpc.php HTTP/1.1" 200 216 "-" "Mozilla/4.0 (compatible; MSIE 7.0; Windows NT 6.2; WOW64; Trident/7.0; .NET4.0C; .NET4.0E; .NET CLR 2.0.50727; .NET CLR 3.0.30729; .NET CLR 3.5.30729)"
198.54.121.245 - - [14/Apr/2026:08:52:50 -0400] "POST /wp-cron.php?doing_wp_cron=1776171170.5037460327148437500000 HTTP/1.1" 200 0 "-" "WordPress/6.9.4; https://asesoriastesismedicina.com"
5.39.1.249 - - [14/Apr/2026:08:54:51 -0400] "GET /wp-content/plugins/wp-whatsapp-chat/build/frontend/css/style.css?ver=8.4.1 HTTP/1.1" 200 7030 "-" "Mozilla/5.0 (compatible; AhrefsBot/7.0; +http://ahrefs.com/robot/)"
51.75.236.142 - - [14/Apr/2026:08:54:57 -0400] "GET /wp-content/uploads/betheme/css/post-78.css?ver=1776171185 HTTP/1.1" 200 473 "-" "Mozilla/5.0 (compatible; AhrefsBot/7.0; +http://ahrefs.com/robot/)"
198.54.121.245 - - [14/Apr/2026:08:58:03 -0400] "POST /wp-cron.php?doing_wp_cron=1776171483.0070450305938720703125 HTTP/1.1" 200 0 "-" "WordPress/6.9.4; https://asesoriastesismedicina.com"
198.54.121.245 - - [14/Apr/2026:09:03:45 -0400] "POST /wp-cron.php?doing_wp_cron=1776171825.4498670101165771484375 HTTP/1.1" 200 0 "-" "WordPress/6.9.4; https://asesoriastesismedicina.com"
213.145.94.101 - - [14/Apr/2026:09:14:45 -0400] "POST /xmlrpc.php HTTP/1.1" 200 216 "-" "Mozilla/5.0 (Windows NT 10.0; Win64; x64; Trident/7.0; Touch; rv:11.0) like Gecko"
198.54.121.245 - - [14/Apr/2026:09:19:58 -0400] "POST /wp-cron.php?doing_wp_cron=1776172798.6547930240631103515625 HTTP/1.1" 200 0 "-" "WordPress/6.9.4; https://asesoriastesismedicina.com"
198.54.121.245 - - [14/Apr/2026:09:25:47 -0400] "POST /wp-cron.php?doing_wp_cron=1776173147.3354489803314208984375 HTTP/1.1" 200 0 "-" "WordPress/6.9.4; https://asesoriastesismedicina.com"
222.165.190.235 - - [14/Apr/2026:08:58:00 -0400] "POST /xmlrpc.php HTTP/1.1" 200 216 "-" "Mozilla/5.0 (MSIE 8.0; Windows NT 6.0; Trident/7.0; rv:11.0) like Gecko"
208.109.188.137 - - [14/Apr/2026:08:58:00 -0400] "POST /xmlrpc.php HTTP/1.1" 200 216 "-" "Mozilla/5.0 (Windows NT 6.2; Win64; x64; rv:60.0) Gecko/20100101 Firefox/60.0"
185.243.218.229 - - [14/Apr/2026:08:59:18 -0400] "POST /xmlrpc.php HTTP/1.1" 200 224 "https://www.google.com/" "Mozilla/5.0 (Windows NT 10.0; Win64; x64) AppleWebKit/537.36 (KHTML, like Gecko) Chrome/80.0.3987.149 Safari/537.36"
45.80.158.93 - - [14/Apr/2026:09:00:53 -0400] "POST /xmlrpc.php HTTP/1.1" 200 224 "https://www.google.com/" "Mozilla/5.0 (Macintosh; U; Intel Mac OS X 10_6_6; en-en) AppleWebKit/533.19.4 (KHTML, like Gecko) Version/5.0.3 Safari/533.19.4"
163.47.203.79 - - [14/Apr/2026:09:03:43 -0400] "POST /xmlrpc.php HTTP/1.1" 200 216 "-" "Mozilla/5.0 (Windows NT 6.3; Win64; x64; Trident/7.0; Touch; MDDCJS; rv:11.0) like Gecko"
103.124.93.101 - - [14/Apr/2026:09:03:43 -0400] "POST /xmlrpc.php HTTP/1.1" 200 216 "-" "Mozilla/5.0 (Windows NT 6.1; WOW64; Trident/7.0; apetito Gruppe; rv:11.0) like Gecko"
5.175.245.46 - - [14/Apr/2026:09:04:10 -0400] "POST /xmlrpc.php HTTP/1.1" 200 224 "https://www.google.com/" "Mozilla/5.0 (Macintosh; U; Intel Mac OS X 10_6_6; en-en) AppleWebKit/533.19.4 (KHTML, like Gecko) Version/5.0.3 Safari/533.19.4"
198.54.121.245 - - [14/Apr/2026:09:07:15 -0400] "POST /wp-cron.php?doing_wp_cron=1776172035.5870060920715332031250 HTTP/1.1" 200 0 "-" "WordPress/6.9.4; https://asesoriastesismedicina.com"
192.42.116.15 - - [14/Apr/2026:09:07:12 -0400] "POST /xmlrpc.php HTTP/1.1" 200 224 "https://www.google.com/" "Mozilla/5.0 (X11; Ubuntu; Linux x86_64; rv:62.0) Gecko/20100101 Firefox/62.0"
66.33.193.94 - - [14/Apr/2026:09:09:24 -0400] "POST /xmlrpc.php HTTP/1.1" 200 216 "-" "Mozilla/5.0 (Windows NT 10.0; Win64; x64) AppleWebKit/537.36 (KHTML, like Gecko) Chrome/66.0.3359.170 Safari/537.36 OPR/53.0.2907.68"
116.118.2.113 - - [14/Apr/2026:09:09:24 -0400] "POST /xmlrpc.php HTTP/1.1" 200 216 "-" "Mozilla/5.0 (X11; Linux x86_64) AppleWebKit/537.36 (KHTML, like Gecko) Chrome/67.0.3396.87 Safari/537.36"
198.54.121.245 - - [14/Apr/2026:09:14:48 -0400] "POST /wp-cron.php?doing_wp_cron=1776172488.2611880302429199218750 HTTP/1.1" 200 0 "-" "WordPress/6.9.4; https://asesoriastesismedicina.com"
116.118.2.113 - - [14/Apr/2026:09:19:55 -0400] "POST /xmlrpc.php HTTP/1.1" 200 216 "-" "Mozilla/5.0 (Windows NT 6.3; Win64; x64) AppleWebKit/537.36 (KHTML, like Gecko) Chrome/67.0.3396.87 Safari/537.36"
182.93.78.5 - - [14/Apr/2026:09:19:55 -0400] "POST /xmlrpc.php HTTP/1.1" 200 216 "-" "Mozilla/4.0 (compatible; MSIE 7.0; Windows NT 6.1; WOW64; Trident/7.0; SLCC2; .NET CLR 2.0.50727; .NET CLR 3.5.30729; .NET CLR 3.0.30729; Media Center PC 6.0; InfoPath.3; .NET4.0C; .NET4.0E)"
144.76.32.235 - - [14/Apr/2026:09:21:04 -0400] "GET /robots.txt HTTP/1.1" 200 119 "-" "Mozilla/5.0 (compatible; SERankingBacklinksBot/1.0; +https://seranking.com/backlinks-crawler)"
144.76.32.235 - - [14/Apr/2026:09:21:05 -0400] "GET /2024/04/03/3-casino-secrets-you-never-knew/ HTTP/1.1" 404 71706 "-" "Mozilla/5.0 (compatible; SERankingBacklinksBot/1.0; +https://seranking.com/backlinks-crawler)"
14.248.80.79 - - [14/Apr/2026:09:25:44 -0400] "POST /xmlrpc.php HTTP/1.1" 200 216 "-" "Mozilla/5.0 (Windows NT 6.3; Win64; x64) AppleWebKit/537.36 (KHTML, like Gecko) Chrome/65.0.3325.181 Safari/537.36 OPR/52.0.2871.99"
198.54.121.245 - - [14/Apr/2026:09:31:11 -0400] "POST /wp-cron.php?doing_wp_cron=1776173471.4668819904327392578125 HTTP/1.1" 200 0 "-" "WordPress/6.9.4; https://asesoriastesismedicina.com"
115.146.125.52 - - [14/Apr/2026:09:31:08 -0400] "POST /xmlrpc.php HTTP/1.1" 200 216 "-" "Mozilla/4.0 (compatible; MSIE 7.0; Windows NT 6.1; Win64; x64; Trident/7.0; .NET CLR 2.0.50727; SLCC2; .NET CLR 3.5.30729; .NET CLR 3.0.30729; Media Center PC 6.0; .NET4.0C; .NET4.0E; GWX:QUALIFIED)"
103.127.30.137 - - [14/Apr/2026:09:25:44 -0400] "POST /xmlrpc.php HTTP/1.1" 200 216 "-" "Mozilla/5.0 (Windows NT 6.1; WOW64; Trident/7.0; MAAU; rv:11.0) like Gecko"
198.54.121.245 - - [14/Apr/2026:09:25:47 -0400] "POST /wp-cron.php?doing_wp_cron=1776173147.3354690074920654296875 HTTP/1.1" 200 0 "-" "WordPress/6.9.4; https://asesoriastesismedicina.com"
115.146.125.52 - - [14/Apr/2026:09:31:08 -0400] "POST /xmlrpc.php HTTP/1.1" 200 216 "-" "Mozilla/4.0 (compatible; MSIE 7.0; Windows NT 6.1; WOW64; Trident/7.0; SLCC2; .NET CLR 2.0.50727; .NET CLR 3.5.30729; .NET CLR 3.0.30729; Media Center PC 6.0; .NET4.0C; .NET4.0E; GWX:RESERVED)"
198.54.121.245 - - [14/Apr/2026:09:35:52 -0400] "POST /wp-cron.php?doing_wp_cron=1776173752.4974219799041748046875 HTTP/1.1" 200 0 "-" "WordPress/6.9.4; https://asesoriastesismedicina.com"
185.220.101.20 - - [14/Apr/2026:09:35:49 -0400] "POST /xmlrpc.php HTTP/1.1" 200 224 "https://www.google.com/" "Mozilla/5.0 (Windows NT 10.0; Win64; x64) AppleWebKit/537.36 (KHTML, like Gecko) Chrome/80.0.3987.149 Safari/537.36"
45.11.175.26 - - [14/Apr/2026:09:38:45 -0400] "GET /wp-content/uploads/2025/05/tesis-medicina-asesoria-1200x480.png HTTP/1.1" 200 333404 "-" "Mozilla/5.0 (compatible; crawler)"
198.54.121.245 - - [14/Apr/2026:09:39:23 -0400] "POST /wp-cron.php?doing_wp_cron=1776173963.8762919902801513671875 HTTP/1.1" 200 0 "-" "WordPress/6.9.4; https://asesoriastesismedicina.com"
40.77.167.63 - - [14/Apr/2026:09:39:20 -0400] "GET /2025/ HTTP/1.1" 200 64965 "-" "Mozilla/5.0 AppleWebKit/537.36 (KHTML, like Gecko; compatible; bingbot/2.0; +http://www.bing.com/bingbot.htm) Chrome/116.0.1938.76 Safari/537.36"
104.244.73.193 - - [14/Apr/2026:09:39:37 -0400] "POST /xmlrpc.php HTTP/1.1" 200 224 "https://www.google.com/" "Mozilla/5.0 (Macintosh; Intel Mac OS X 10_11_6) AppleWebKit/601.7.7 (KHTML, like Gecko) Version/9.1.2 Safari/601.7.7"
198.54.121.245 - - [14/Apr/2026:09:44:32 -0400] "POST /wp-cron.php?doing_wp_cron=1776174272.4534249305725097656250 HTTP/1.1" 200 0 "-" "WordPress/6.9.4; https://asesoriastesismedicina.com"
