198.54.121.245 - - [15/Apr/2026:01:41:56 -0400] "POST /wp-cron.php?doing_wp_cron=1776231716.1991178989410400390625 HTTP/1.1" 200 0 "-" "WordPress/6.9.4; https://asesoriastesismedicina.com"
142.93.9.162 - - [15/Apr/2026:01:41:57 -0400] "GET /wp-login.php HTTP/1.1" 200 33134 "https://asesoriastesismedicina.com/wp-login.php" "Mozilla/5.0 (Windows NT 10.0; WOW64; Trident/7.0; MAGWJS; rv:11.0) like Gecko"
3.92.245.85 - - [15/Apr/2026:01:49:29 -0400] "GET / HTTP/1.1" 200 97045 "-" "Mozilla/5.0 (Windows NT 10.0; Win64; x64) AppleWebKit/537.36 (KHTML, like Gecko) Chrome/86.0.4240.75 Safari/537.36"
103.154.63.3 - - [15/Apr/2026:01:34:46 -0400] "POST /wp-login.php HTTP/1.1" 302 0 "https://asesoriastesismedicina.com/wp-login.php" "Mozilla/5.0 (Windows NT 6.3; Win64; x64; Trident/7.0; Touch; MATBJS; rv:11.0) like Gecko"
103.154.63.3 - - [15/Apr/2026:01:34:50 -0400] "GET /wp-login.php HTTP/1.1" 200 33134 "https://asesoriastesismedicina.com/wp-login.php" "Mozilla/5.0 (Windows NT 6.3; Win64; x64; Trident/7.0; Touch; MATBJS; rv:11.0) like Gecko"
142.93.9.162 - - [15/Apr/2026:01:41:54 -0400] "POST /wp-login.php HTTP/1.1" 302 0 "https://asesoriastesismedicina.com/wp-login.php" "Mozilla/5.0 (Windows NT 10.0; WOW64; Trident/7.0; MAGWJS; rv:11.0) like Gecko"
104.210.140.128 - - [15/Apr/2026:01:45:00 -0400] "GET /robots.txt HTTP/1.1" 200 103 "-" "Mozilla/5.0 (Macintosh; Intel Mac OS X 10_15_7) AppleWebKit/537.36 (KHTML, like Gecko) Chrome/131.0.0.0 Safari/537.36; compatible; OAI-SearchBot/1.0; +https://openai.com/searchbot"
66.116.198.179 - - [15/Apr/2026:01:54:53 -0400] "GET /wp-login.php HTTP/1.1" 200 33134 "-" "Mozilla/5.0 (Windows NT 6.3; Win64; x64; Trident/7.0; Touch; TNJB; rv:11.0) like Gecko"
66.116.198.179 - - [15/Apr/2026:01:54:55 -0400] "POST /wp-login.php HTTP/1.1" 302 0 "https://asesoriastesismedicina.com/wp-login.php" "Mozilla/5.0 (Windows NT 6.3; Win64; x64; Trident/7.0; Touch; TNJB; rv:11.0) like Gecko"
66.116.198.179 - - [15/Apr/2026:01:54:58 -0400] "GET /wp-login.php HTTP/1.1" 200 33134 "https://asesoriastesismedicina.com/wp-login.php" "Mozilla/5.0 (Windows NT 6.3; Win64; x64; Trident/7.0; Touch; TNJB; rv:11.0) like Gecko"
103.56.161.36 - - [15/Apr/2026:01:57:22 -0400] "POST /wp-login.php HTTP/1.1" 302 0 "https://asesoriastesismedicina.com/wp-login.php" "Mozilla/5.0 (Windows NT 10.0; Win64; x64) AppleWebKit/537.36 (KHTML, like Gecko) Chrome/65.0.3325.181 Safari/537.36 OPR/52.0.2871.40"
103.56.161.36 - - [15/Apr/2026:01:57:25 -0400] "GET /wp-login.php HTTP/1.1" 200 33134 "https://asesoriastesismedicina.com/wp-login.php" "Mozilla/5.0 (Windows NT 10.0; Win64; x64) AppleWebKit/537.36 (KHTML, like Gecko) Chrome/65.0.3325.181 Safari/537.36 OPR/52.0.2871.40"
198.54.121.245 - - [15/Apr/2026:01:54:57 -0400] "POST /wp-cron.php?doing_wp_cron=1776232497.5014901161193847656250 HTTP/1.1" 200 0 "-" "WordPress/6.9.4; https://asesoriastesismedicina.com"
103.56.161.36 - - [15/Apr/2026:01:57:22 -0400] "GET /wp-login.php HTTP/1.1" 200 33134 "-" "Mozilla/5.0 (Windows NT 10.0; Win64; x64) AppleWebKit/537.36 (KHTML, like Gecko) Chrome/65.0.3325.181 Safari/537.36 OPR/52.0.2871.40"
198.54.121.245 - - [15/Apr/2026:01:57:24 -0400] "POST /wp-cron.php?doing_wp_cron=1776232644.7364420890808105468750 HTTP/1.1" 200 0 "-" "WordPress/6.9.4; https://asesoriastesismedicina.com"
89.117.55.16 - - [15/Apr/2026:02:00:26 -0400] "GET /wp-content/plugins/contact-form-7/includes/js/index.js?ver=6.1.5 HTTP/1.1" 200 4008 "https://asesoriastesismedicina.com/contacto/" "Mozilla/5.0 (Windows NT 10.0; Win64; x64) AppleWebKit/537.36 (KHTML, like Gecko) Chrome/143.0.0.0 Safari/537.36 Edg/143.0.0.0"
89.117.55.16 - - [15/Apr/2026:02:00:26 -0400] "POST /wp-json/contact-form-7/v1/contact-forms/100/feedback HTTP/1.1" 200 199 "https://asesoriastesismedicina.com/contacto/" "Mozilla/5.0 (Windows NT 10.0; Win64; x64) AppleWebKit/537.36 (KHTML, like Gecko) Chrome/143.0.0.0 Safari/537.36 Edg/143.0.0.0"
89.117.55.16 - - [15/Apr/2026:02:00:25 -0400] "GET /contacto/ HTTP/1.1" 200 70455 "-" "Mozilla/5.0 (Windows NT 10.0; Win64; x64) AppleWebKit/537.36 (KHTML, like Gecko) Chrome/143.0.0.0 Safari/537.36 Edg/143.0.0.0"
123.30.109.8 - - [15/Apr/2026:02:10:38 -0400] "POST /wp-login.php HTTP/1.1" 302 0 "https://asesoriastesismedicina.com/wp-login.php" "Mozilla/5.0 (Windows NT 6.3; Win64; x64; Trident/7.0; rv:11.0) like Gecko"
198.244.168.70 - - [15/Apr/2026:02:10:53 -0400] "GET /robots.txt HTTP/1.1" 200 103 "-" "Mozilla/5.0 (compatible; AhrefsBot/7.0; +http://ahrefs.com/robot/)"
51.195.183.187 - - [15/Apr/2026:02:10:54 -0400] "GET / HTTP/1.1" 200 83830 "-" "Mozilla/5.0 (compatible; AhrefsBot/7.0; +http://ahrefs.com/robot/)"
198.244.242.220 - - [15/Apr/2026:02:11:26 -0400] "GET /wp-content/uploads/betheme/css/post-2.css?ver=1776163678 HTTP/1.1" 200 52 "-" "Mozilla/5.0 (compatible; AhrefsBot/7.0; +http://ahrefs.com/robot/)"
198.244.183.116 - - [15/Apr/2026:02:11:27 -0400] "GET /wp-content/plugins/elementor/assets/css/widget-image.min.css?ver=4.0.2 HTTP/1.1" 200 214 "-" "Mozilla/5.0 (compatible; AhrefsBot/7.0; +http://ahrefs.com/robot/)"
198.244.242.118 - - [15/Apr/2026:02:11:31 -0400] "GET /wp-content/uploads/betheme/css/post-78.css?ver=1776163678 HTTP/1.1" 200 473 "-" "Mozilla/5.0 (compatible; AhrefsBot/7.0; +http://ahrefs.com/robot/)"
54.38.147.162 - - [15/Apr/2026:02:11:35 -0400] "GET /wp-content/uploads/elementor/css/post-2.css?ver=1776157508 HTTP/1.1" 200 5567 "-" "Mozilla/5.0 (compatible; AhrefsBot/7.0; +http://ahrefs.com/robot/)"
51.89.129.46 - - [15/Apr/2026:02:11:46 -0400] "GET /wp-content/plugins/elementor/assets/lib/animations/styles/zoomIn.min.css?ver=4.0.2 HTTP/1.1" 200 106 "-" "Mozilla/5.0 (compatible; AhrefsBot/7.0; +http://ahrefs.com/robot/)"
198.54.121.245 - - [15/Apr/2026:02:12:49 -0400] "POST /wp-cron.php?doing_wp_cron=1776233569.2085061073303222656250 HTTP/1.1" 200 0 "-" "WordPress/6.9.4; https://asesoriastesismedicina.com"
50.87.144.79 - - [15/Apr/2026:02:12:47 -0400] "POST /wp-login.php HTTP/1.1" 302 0 "https://asesoriastesismedicina.com/wp-login.php" "Mozilla/4.0 (compatible; MSIE 7.0; Windows NT 6.1; Win64; x64; Trident/7.0; .NET CLR 2.0.50727; SLCC2; .NET CLR 3.5.30729; .NET CLR 3.0.30729; Media Center PC 6.0; .NET4.0C)"
50.87.144.79 - - [15/Apr/2026:02:12:50 -0400] "GET /wp-login.php HTTP/1.1" 200 33134 "https://asesoriastesismedicina.com/wp-login.php" "Mozilla/4.0 (compatible; MSIE 7.0; Windows NT 6.1; Win64; x64; Trident/7.0; .NET CLR 2.0.50727; SLCC2; .NET CLR 3.5.30729; .NET CLR 3.0.30729; Media Center PC 6.0; .NET4.0C)"
157.230.247.181 - - [15/Apr/2026:02:16:33 -0400] "GET /wp-login.php HTTP/1.1" 200 33134 "-" "Mozilla/4.0 (compatible; MSIE 7.0; Windows NT 10.0; WOW64; Trident/7.0; .NET4.0C; .NET4.0E; .NET CLR 2.0.50727; .NET CLR 3.0.30729; .NET CLR 3.5.30729)"
157.230.247.181 - - [15/Apr/2026:02:16:35 -0400] "POST /wp-login.php HTTP/1.1" 302 0 "https://asesoriastesismedicina.com/wp-login.php" "Mozilla/4.0 (compatible; MSIE 7.0; Windows NT 10.0; WOW64; Trident/7.0; .NET4.0C; .NET4.0E; .NET CLR 2.0.50727; .NET CLR 3.0.30729; .NET CLR 3.5.30729)"
157.230.247.181 - - [15/Apr/2026:02:16:38 -0400] "GET /wp-login.php HTTP/1.1" 200 33134 "https://asesoriastesismedicina.com/wp-login.php" "Mozilla/4.0 (compatible; MSIE 7.0; Windows NT 10.0; WOW64; Trident/7.0; .NET4.0C; .NET4.0E; .NET CLR 2.0.50727; .NET CLR 3.0.30729; .NET CLR 3.5.30729)"
198.54.121.245 - - [15/Apr/2026:02:17:34 -0400] "POST /wp-cron.php?doing_wp_cron=1776233854.6748929023742675781250 HTTP/1.1" 200 0 "-" "WordPress/6.9.4; https://asesoriastesismedicina.com"
14.248.80.79 - - [15/Apr/2026:02:24:33 -0400] "POST /wp-login.php HTTP/1.1" 302 0 "https://asesoriastesismedicina.com/wp-login.php" "Mozilla/5.0 (Windows NT 6.3; WOW64; Trident/7.0; MASPJS; rv:11.0) like Gecko"
14.248.80.79 - - [15/Apr/2026:02:24:39 -0400] "GET /wp-login.php HTTP/1.1" 200 33134 "https://asesoriastesismedicina.com/wp-login.php" "Mozilla/5.0 (Windows NT 6.3; WOW64; Trident/7.0; MASPJS; rv:11.0) like Gecko"
123.30.109.8 - - [15/Apr/2026:02:10:32 -0400] "GET /wp-login.php HTTP/1.1" 200 33134 "-" "Mozilla/5.0 (Windows NT 6.3; Win64; x64; Trident/7.0; rv:11.0) like Gecko"
198.54.121.245 - - [15/Apr/2026:02:10:41 -0400] "POST /wp-cron.php?doing_wp_cron=1776233441.0963709354400634765625 HTTP/1.1" 200 0 "-" "WordPress/6.9.4; https://asesoriastesismedicina.com"
123.30.109.8 - - [15/Apr/2026:02:10:45 -0400] "GET /wp-login.php HTTP/1.1" 200 33134 "https://asesoriastesismedicina.com/wp-login.php" "Mozilla/5.0 (Windows NT 6.3; Win64; x64; Trident/7.0; rv:11.0) like Gecko"
198.244.240.69 - - [15/Apr/2026:02:11:28 -0400] "GET /wp-content/plugins/elementor/assets/lib/animations/styles/fadeIn.min.css?ver=4.0.2 HTTP/1.1" 200 77 "-" "Mozilla/5.0 (compatible; AhrefsBot/7.0; +http://ahrefs.com/robot/)"
198.244.242.156 - - [15/Apr/2026:02:11:29 -0400] "GET /wp-content/plugins/elementor/assets/css/widget-accordion.min.css?ver=4.0.2 HTTP/1.1" 200 353 "-" "Mozilla/5.0 (compatible; AhrefsBot/7.0; +http://ahrefs.com/robot/)"
51.195.183.220 - - [15/Apr/2026:02:11:30 -0400] "GET /wp-content/plugins/elementor/assets/css/widget-heading.min.css?ver=4.0.2 HTTP/1.1" 200 126 "-" "Mozilla/5.0 (compatible; AhrefsBot/7.0; +http://ahrefs.com/robot/)"
198.244.242.40 - - [15/Apr/2026:02:11:32 -0400] "GET /wp-content/plugins/elementor/assets/css/widget-divider.min.css?ver=4.0.2 HTTP/1.1" 200 678 "-" "Mozilla/5.0 (compatible; AhrefsBot/7.0; +http://ahrefs.com/robot/)"
198.244.168.89 - - [15/Apr/2026:02:11:33 -0400] "GET /wp-content/plugins/elementor/assets/css/widget-icon-box.min.css?ver=4.0.2 HTTP/1.1" 200 356 "-" "Mozilla/5.0 (compatible; AhrefsBot/7.0; +http://ahrefs.com/robot/)"
198.244.240.62 - - [15/Apr/2026:02:11:34 -0400] "GET /wp-content/uploads/betheme/css/post-103.css?ver=1776163678 HTTP/1.1" 200 551 "-" "Mozilla/5.0 (compatible; AhrefsBot/7.0; +http://ahrefs.com/robot/)"
198.244.226.85 - - [15/Apr/2026:02:11:45 -0400] "GET /wp-content/plugins/elementor/assets/lib/animations/styles/fadeInLeft.min.css?ver=4.0.2 HTTP/1.1" 200 137 "-" "Mozilla/5.0 (compatible; AhrefsBot/7.0; +http://ahrefs.com/robot/)"
50.87.144.79 - - [15/Apr/2026:02:12:43 -0400] "GET /wp-login.php HTTP/1.1" 200 33134 "-" "Mozilla/4.0 (compatible; MSIE 7.0; Windows NT 6.1; Win64; x64; Trident/7.0; .NET CLR 2.0.50727; SLCC2; .NET CLR 3.5.30729; .NET CLR 3.0.30729; Media Center PC 6.0; .NET4.0C)"
44.221.180.179 - - [15/Apr/2026:02:17:33 -0400] "GET /?p=5979 HTTP/1.1" 404 71691 "-" "Mozilla/5.0 AppleWebKit/537.36 (KHTML, like Gecko; compatible; Amazonbot/0.1; +https://developer.amazon.com/support/amazonbot) Chrome/119.0.6045.214 Safari/537.36"
14.248.80.79 - - [15/Apr/2026:02:24:31 -0400] "GET /wp-login.php HTTP/1.1" 200 33134 "-" "Mozilla/5.0 (Windows NT 6.3; WOW64; Trident/7.0; MASPJS; rv:11.0) like Gecko"
198.54.121.245 - - [15/Apr/2026:02:24:35 -0400] "POST /wp-cron.php?doing_wp_cron=1776234275.5976560115814208984375 HTTP/1.1" 200 0 "-" "WordPress/6.9.4; https://asesoriastesismedicina.com"
72.167.46.126 - - [15/Apr/2026:02:28:34 -0400] "GET /wp-login.php HTTP/1.1" 200 33134 "-" "Mozilla/5.0 (Macintosh; Intel Mac OS X 10_13_3) AppleWebKit/537.36 (KHTML, like Gecko) Chrome/66.0.3359.139 Safari/537.36"
198.54.121.245 - - [15/Apr/2026:02:28:39 -0400] "POST /wp-cron.php?doing_wp_cron=1776234519.4061200618743896484375 HTTP/1.1" 200 0 "-" "WordPress/6.9.4; https://asesoriastesismedicina.com"
72.167.46.126 - - [15/Apr/2026:02:28:37 -0400] "POST /wp-login.php HTTP/1.1" 302 0 "https://asesoriastesismedicina.com/wp-login.php" "Mozilla/5.0 (Macintosh; Intel Mac OS X 10_13_3) AppleWebKit/537.36 (KHTML, like Gecko) Chrome/66.0.3359.139 Safari/537.36"
72.167.46.126 - - [15/Apr/2026:02:28:46 -0400] "GET /wp-login.php HTTP/1.1" 200 33134 "https://asesoriastesismedicina.com/wp-login.php" "Mozilla/5.0 (Macintosh; Intel Mac OS X 10_13_3) AppleWebKit/537.36 (KHTML, like Gecko) Chrome/66.0.3359.139 Safari/537.36"
45.239.148.226 - - [15/Apr/2026:02:31:03 -0400] "POST /wp-login.php HTTP/1.1" 302 0 "https://asesoriastesismedicina.com/wp-login.php" "Mozilla/5.0 (Windows NT 6.1; Win64; x64; rv:61.0) Gecko/20100101 Firefox/61.0"
198.54.121.245 - - [15/Apr/2026:02:36:48 -0400] "POST /wp-cron.php?doing_wp_cron=1776235008.6697990894317626953125 HTTP/1.1" 200 0 "-" "WordPress/6.9.4; https://asesoriastesismedicina.com"
40.89.134.3 - - [15/Apr/2026:02:36:45 -0400] "GET /wp-content/plugins/hellopress/wp_filemanager.php HTTP/1.1" 404 238612 "-" "-"
40.89.134.3 - - [15/Apr/2026:02:36:50 -0400] "GET /file6.php HTTP/1.1" 404 238568 "-" "-"
40.89.134.3 - - [15/Apr/2026:02:36:52 -0400] "GET /136.php HTTP/1.1" 404 238570 "-" "-"
40.89.134.3 - - [15/Apr/2026:02:36:53 -0400] "GET /wp-admin/js/ HTTP/1.1" 403 1242 "-" "-"
40.89.134.3 - - [15/Apr/2026:02:36:55 -0400] "GET /huya.php HTTP/1.1" 404 238570 "-" "-"
40.89.134.3 - - [15/Apr/2026:02:36:57 -0400] "GET /themes.php HTTP/1.1" 404 238571 "-" "-"
40.89.134.3 - - [15/Apr/2026:02:36:57 -0400] "GET /ewp.php HTTP/1.1" 404 238565 "-" "-"
198.54.121.245 - - [15/Apr/2026:02:36:59 -0400] "POST /wp-cron.php?doing_wp_cron=1776235019.0693039894104003906250 HTTP/1.1" 200 0 "-" "WordPress/6.9.4; https://asesoriastesismedicina.com"
40.89.134.3 - - [15/Apr/2026:02:36:59 -0400] "GET /nwflm.php HTTP/1.1" 404 238564 "-" "-"
40.89.134.3 - - [15/Apr/2026:02:37:01 -0400] "GET /lupo.php HTTP/1.1" 404 238567 "-" "-"
40.89.134.3 - - [15/Apr/2026:02:37:03 -0400] "GET /popo.php HTTP/1.1" 404 238563 "-" "-"
40.89.134.3 - - [15/Apr/2026:02:37:04 -0400] "GET /13.php HTTP/1.1" 404 238564 "-" "-"
40.89.134.3 - - [15/Apr/2026:02:37:05 -0400] "GET /wert.php HTTP/1.1" 404 238564 "-" "-"
40.89.134.3 - - [15/Apr/2026:02:37:06 -0400] "GET /11.php HTTP/1.1" 404 238567 "-" "-"
40.89.134.3 - - [15/Apr/2026:02:37:07 -0400] "GET /wp-includes/Requests/ HTTP/1.1" 403 1242 "-" "-"
40.89.134.3 - - [15/Apr/2026:02:37:08 -0400] "GET /bthil.php HTTP/1.1" 404 238567 "-" "-"
40.89.134.3 - - [15/Apr/2026:02:37:08 -0400] "GET /shell.php HTTP/1.1" 404 238566 "-" "-"
40.89.134.3 - - [15/Apr/2026:02:37:09 -0400] "GET /tea.php HTTP/1.1" 404 238563 "-" "-"
40.89.134.3 - - [15/Apr/2026:02:37:11 -0400] "GET /7.php HTTP/1.1" 404 238565 "-" "-"
40.89.134.3 - - [15/Apr/2026:02:37:12 -0400] "GET /8.php HTTP/1.1" 404 238566 "-" "-"
40.89.134.3 - - [15/Apr/2026:02:37:13 -0400] "GET /1.php HTTP/1.1" 404 238556 "-" "-"
40.89.134.3 - - [15/Apr/2026:02:37:14 -0400] "GET /2.php HTTP/1.1" 404 238566 "-" "-"
40.89.134.3 - - [15/Apr/2026:02:37:15 -0400] "GET /3.php HTTP/1.1" 404 238561 "-" "-"
40.89.134.3 - - [15/Apr/2026:02:37:16 -0400] "GET /4.php HTTP/1.1" 404 238559 "-" "-"
40.89.134.3 - - [15/Apr/2026:02:37:18 -0400] "GET /5.php HTTP/1.1" 404 238566 "-" "-"
40.89.134.3 - - [15/Apr/2026:02:37:20 -0400] "GET /6.php HTTP/1.1" 404 238564 "-" "-"
40.89.134.3 - - [15/Apr/2026:02:37:22 -0400] "GET /10.php HTTP/1.1" 404 238570 "-" "-"
40.89.134.3 - - [15/Apr/2026:02:37:23 -0400] "GET /100.php HTTP/1.1" 404 238572 "-" "-"
40.89.134.3 - - [15/Apr/2026:02:37:24 -0400] "GET /.well-known/nastar.php HTTP/1.1" 404 238588 "-" "-"
45.239.148.226 - - [15/Apr/2026:02:30:53 -0400] "GET /wp-login.php HTTP/1.1" 200 33134 "-" "Mozilla/5.0 (Windows NT 6.1; Win64; x64; rv:61.0) Gecko/20100101 Firefox/61.0"
45.239.148.226 - - [15/Apr/2026:02:31:08 -0400] "GET /wp-login.php HTTP/1.1" 200 33134 "https://asesoriastesismedicina.com/wp-login.php" "Mozilla/5.0 (Windows NT 6.1; Win64; x64; rv:61.0) Gecko/20100101 Firefox/61.0"
47.128.31.136 - - [15/Apr/2026:02:32:14 -0400] "GET /robots.txt HTTP/1.1" 200 119 "-" "Mozilla/5.0 (Linux; Android 5.0) AppleWebKit/537.36 (KHTML, like Gecko) Mobile Safari/537.36 (compatible; Bytespider; spider-feedback@bytedance.com)"
86.54.25.100 - - [15/Apr/2026:02:32:53 -0400] "POST /?q=user%2Fpassword&name%5B%23post_render%5D%5B0%5D=array_map&name%5B%23suffix%5D=eval%28%24_POST%5Bc%5D%29%3B%2F%2F&name%5B%23type%5D=markup&name%5B%23markup%5D=assert HTTP/1.1" 403 1242 "https://asesoriastesismedicina.com/?q=user%2Fpassword&name%5B%23post_render%5D%5B0%5D=array_map&name%5B%23suffix%5D=eval%28%24_POST%5Bc%5D%29%3B%2F%2F&name%5B%23type%5D=markup&name%5B%23markup%5D=assert" "Mozilla/5.0 (X11; Linux x86_64; rv:140.0) Gecko/20100101 Firefox/140.0"
40.89.134.3 - - [15/Apr/2026:02:36:51 -0400] "GET /wp-xme.php HTTP/1.1" 404 238569 "-" "-"
40.89.134.3 - - [15/Apr/2026:02:36:53 -0400] "GET /wp-admin/js/index.php HTTP/1.1" 301 0 "-" "-"
40.89.134.3 - - [15/Apr/2026:02:36:53 -0400] "GET /dx.php HTTP/1.1" 404 238569 "-" "-"
40.89.134.3 - - [15/Apr/2026:02:36:54 -0400] "GET /amdin.php HTTP/1.1" 404 238571 "-" "-"
40.89.134.3 - - [15/Apr/2026:02:36:56 -0400] "GET /puc.php HTTP/1.1" 404 238569 "-" "-"
40.89.134.3 - - [15/Apr/2026:02:36:58 -0400] "GET /kikikoko.php HTTP/1.1" 404 238571 "-" "-"
40.89.134.3 - - [15/Apr/2026:02:37:00 -0400] "GET /dx.php HTTP/1.1" 404 238569 "-" "-"
40.89.134.3 - - [15/Apr/2026:02:37:00 -0400] "GET /xff.php HTTP/1.1" 404 238563 "-" "-"
40.89.134.3 - - [15/Apr/2026:02:37:02 -0400] "GET /awa.php HTTP/1.1" 404 238568 "-" "-"
40.89.134.3 - - [15/Apr/2026:02:37:06 -0400] "GET /p.php HTTP/1.1" 404 238560 "-" "-"
40.89.134.3 - - [15/Apr/2026:02:37:10 -0400] "GET /seo.php HTTP/1.1" 404 238574 "-" "-"
40.89.134.3 - - [15/Apr/2026:02:37:21 -0400] "GET /9.php HTTP/1.1" 404 238571 "-" "-"
40.89.134.3 - - [15/Apr/2026:02:37:26 -0400] "GET /2026w.php HTTP/1.1" 404 238570 "-" "-"
40.89.134.3 - - [15/Apr/2026:02:37:27 -0400] "GET /111.php HTTP/1.1" 404 238564 "-" "-"
40.89.134.3 - - [15/Apr/2026:02:37:32 -0400] "GET /aligk.php HTTP/1.1" 404 238567 "-" "-"
40.89.134.3 - - [15/Apr/2026:02:37:33 -0400] "GET /byrgo.php HTTP/1.1" 404 238569 "-" "-"
40.89.134.3 - - [15/Apr/2026:02:37:35 -0400] "GET /ass.php HTTP/1.1" 404 238564 "-" "-"
40.89.134.3 - - [15/Apr/2026:02:38:46 -0400] "GET /admin.php HTTP/1.1" 404 238569 "-" "-"
40.89.134.3 - - [15/Apr/2026:02:38:50 -0400] "GET /no1.php HTTP/1.1" 404 238568 "-" "-"
40.89.134.3 - - [15/Apr/2026:02:38:50 -0400] "GET /w2025.php HTTP/1.1" 404 238569 "-" "-"
40.89.134.3 - - [15/Apr/2026:02:38:53 -0400] "GET /edit.php HTTP/1.1" 404 238569 "-" "-"
40.89.134.3 - - [15/Apr/2026:02:38:55 -0400] "GET /wp-content/admin.php HTTP/1.1" 404 238571 "-" "-"
40.89.134.3 - - [15/Apr/2026:02:38:57 -0400] "GET /a5.php HTTP/1.1" 404 238570 "-" "-"
40.89.134.3 - - [15/Apr/2026:02:39:01 -0400] "GET /inputs.php HTTP/1.1" 404 238576 "-" "-"
40.89.134.3 - - [15/Apr/2026:02:39:04 -0400] "GET /av.php HTTP/1.1" 404 238566 "-" "-"
40.89.134.3 - - [15/Apr/2026:02:39:10 -0400] "GET /classwithtostring.php?p= HTTP/1.1" 301 0 "-" "-"
40.89.134.3 - - [15/Apr/2026:02:39:11 -0400] "GET /classwithtostring.php HTTP/1.1" 404 238583 "-" "-"
40.89.134.3 - - [15/Apr/2026:02:39:13 -0400] "GET /wp-update.php HTTP/1.1" 404 238576 "-" "-"
40.89.134.3 - - [15/Apr/2026:02:39:15 -0400] "GET /sbhu.php HTTP/1.1" 404 238566 "-" "-"
40.89.134.3 - - [15/Apr/2026:02:39:16 -0400] "GET /wp-includes/js/jquery/ HTTP/1.1" 403 1242 "-" "-"
40.89.134.3 - - [15/Apr/2026:02:39:20 -0400] "GET /222.php HTTP/1.1" 404 238566 "-" "-"
40.89.134.3 - - [15/Apr/2026:02:39:22 -0400] "GET /wp-content/ HTTP/1.1" 200 0 "-" "-"
40.89.134.3 - - [15/Apr/2026:02:37:25 -0400] "GET /f35_S.php HTTP/1.1" 404 238571 "-" "-"
40.89.134.3 - - [15/Apr/2026:02:37:28 -0400] "GET /wp1.php HTTP/1.1" 404 238565 "-" "-"
40.89.134.3 - - [15/Apr/2026:02:37:34 -0400] "GET /xwpg.php HTTP/1.1" 404 238564 "-" "-"
40.89.134.3 - - [15/Apr/2026:02:37:36 -0400] "GET /about.php HTTP/1.1" 404 238560 "-" "-"
40.89.134.3 - - [15/Apr/2026:02:38:43 -0400] "GET /zample.php HTTP/1.1" 404 238572 "-" "-"
40.89.134.3 - - [15/Apr/2026:02:38:44 -0400] "GET /hplfuns.php HTTP/1.1" 404 238573 "-" "-"
40.89.134.3 - - [15/Apr/2026:02:38:45 -0400] "GET /xa.php HTTP/1.1" 404 238563 "-" "-"
40.89.134.3 - - [15/Apr/2026:02:38:47 -0400] "GET /inege.php HTTP/1.1" 404 238573 "-" "-"
40.89.134.3 - - [15/Apr/2026:02:38:48 -0400] "GET /fe5.php HTTP/1.1" 404 238567 "-" "-"
40.89.134.3 - - [15/Apr/2026:02:38:49 -0400] "GET /uuu.php HTTP/1.1" 404 238570 "-" "-"
40.89.134.3 - - [15/Apr/2026:02:38:51 -0400] "GET /fvvff.php HTTP/1.1" 404 238564 "-" "-"
40.89.134.3 - - [15/Apr/2026:02:38:52 -0400] "GET /a2.php HTTP/1.1" 404 238566 "-" "-"
40.89.134.3 - - [15/Apr/2026:02:38:54 -0400] "GET /ioxi-o.php HTTP/1.1" 404 238573 "-" "-"
40.89.134.3 - - [15/Apr/2026:02:38:56 -0400] "GET /66.php HTTP/1.1" 404 238558 "-" "-"
40.89.134.3 - - [15/Apr/2026:02:38:58 -0400] "GET /ol.php HTTP/1.1" 404 238566 "-" "-"
40.89.134.3 - - [15/Apr/2026:02:38:59 -0400] "GET /f6.php HTTP/1.1" 404 238565 "-" "-"
40.89.134.3 - - [15/Apr/2026:02:39:02 -0400] "GET /style.php HTTP/1.1" 404 238564 "-" "-"
40.89.134.3 - - [15/Apr/2026:02:39:03 -0400] "GET /aa.php HTTP/1.1" 404 238559 "-" "-"
40.89.134.3 - - [15/Apr/2026:02:39:05 -0400] "GET /wp-admin/css/bolt.php HTTP/1.1" 404 238584 "-" "-"
40.89.134.3 - - [15/Apr/2026:02:39:06 -0400] "GET /bless4.php HTTP/1.1" 404 238574 "-" "-"
40.89.134.3 - - [15/Apr/2026:02:39:07 -0400] "GET /wp-act.php HTTP/1.1" 404 238574 "-" "-"
40.89.134.3 - - [15/Apr/2026:02:39:08 -0400] "GET /xqq.php HTTP/1.1" 404 238566 "-" "-"
40.89.134.3 - - [15/Apr/2026:02:39:08 -0400] "GET /plss3.php HTTP/1.1" 404 238568 "-" "-"
40.89.134.3 - - [15/Apr/2026:02:39:09 -0400] "GET /aaa.php?p= HTTP/1.1" 301 0 "-" "-"
40.89.134.3 - - [15/Apr/2026:02:39:09 -0400] "GET /aaa.php HTTP/1.1" 404 238561 "-" "-"
38.156.229.87 - - [15/Apr/2026:02:39:10 -0400] "POST /wp-json/pys-facebook/v1/event HTTP/1.1" 200 16 "https://asesoriastesismedicina.com/?utm_source=chatgpt.com" "Mozilla/5.0 (Windows NT 10.0; Win64; x64) AppleWebKit/537.36 (KHTML, like Gecko) Chrome/147.0.0.0 Safari/537.36 Edg/147.0.0.0"
40.89.134.3 - - [15/Apr/2026:02:39:12 -0400] "GET /wp-content/themes/index.php HTTP/1.1" 200 0 "-" "-"
40.89.134.3 - - [15/Apr/2026:02:39:12 -0400] "GET /tinyfilemanager.php?p= HTTP/1.1" 301 0 "-" "-"
40.89.134.3 - - [15/Apr/2026:02:39:12 -0400] "GET /tinyfilemanager.php HTTP/1.1" 404 238582 "-" "-"
40.89.134.3 - - [15/Apr/2026:02:39:15 -0400] "GET /wp-blog.php HTTP/1.1" 404 238574 "-" "-"
40.89.134.3 - - [15/Apr/2026:02:39:17 -0400] "GET /wp-content/admin.php HTTP/1.1" 404 238571 "-" "-"
40.89.134.3 - - [15/Apr/2026:02:39:17 -0400] "GET /ms-edit.php HTTP/1.1" 404 238561 "-" "-"
40.89.134.3 - - [15/Apr/2026:02:39:18 -0400] "GET /adminfuns.php HTTP/1.1" 404 238570 "-" "-"
40.89.134.3 - - [15/Apr/2026:02:39:19 -0400] "GET /goods.php HTTP/1.1" 404 238573 "-" "-"
40.89.134.3 - - [15/Apr/2026:02:39:20 -0400] "GET /ms-edit.php HTTP/1.1" 404 238561 "-" "-"
40.89.134.3 - - [15/Apr/2026:02:39:21 -0400] "GET /cgi-bin/index.php HTTP/1.1" 404 1251 "-" "-"
40.89.134.3 - - [15/Apr/2026:02:39:21 -0400] "GET /fff.php HTTP/1.1" 404 238564 "-" "-"
40.89.134.3 - - [15/Apr/2026:02:39:24 -0400] "GET /alpha.php HTTP/1.1" 404 238570 "-" "-"
40.89.134.3 - - [15/Apr/2026:02:39:26 -0400] "GET /wp-michan.php HTTP/1.1" 404 238566 "-" "-"
40.89.134.3 - - [15/Apr/2026:02:39:26 -0400] "GET /admin1.php HTTP/1.1" 404 238571 "-" "-"
40.89.134.3 - - [15/Apr/2026:02:39:28 -0400] "GET /BDKR28WP.php HTTP/1.1" 404 238566 "-" "-"
40.89.134.3 - - [15/Apr/2026:02:39:31 -0400] "GET /wp.php HTTP/1.1" 404 238567 "-" "-"
40.89.134.3 - - [15/Apr/2026:02:39:32 -0400] "GET /wp-admin/js/fi.php HTTP/1.1" 404 238573 "-" "-"
40.89.134.3 - - [15/Apr/2026:02:39:33 -0400] "GET /wp-content/uploads/2021/02/ HTTP/1.1" 404 238589 "-" "-"
40.89.134.3 - - [15/Apr/2026:02:39:34 -0400] "GET /av.php HTTP/1.1" 404 238566 "-" "-"
40.89.134.3 - - [15/Apr/2026:02:39:35 -0400] "GET /abcd.php HTTP/1.1" 404 238571 "-" "-"
40.89.134.3 - - [15/Apr/2026:02:39:36 -0400] "GET /fi.php HTTP/1.1" 404 238570 "-" "-"
40.89.134.3 - - [15/Apr/2026:02:39:37 -0400] "GET /a1.php HTTP/1.1" 404 238576 "-" "-"
40.89.134.3 - - [15/Apr/2026:02:39:42 -0400] "GET /wp-includes/SimplePie/ HTTP/1.1" 403 1242 "-" "-"
40.89.134.3 - - [15/Apr/2026:02:39:44 -0400] "GET /k.php HTTP/1.1" 404 238564 "-" "-"
40.89.134.3 - - [15/Apr/2026:02:39:46 -0400] "GET /bal.php HTTP/1.1" 404 238560 "-" "-"
40.89.134.3 - - [15/Apr/2026:02:39:47 -0400] "GET /in.php HTTP/1.1" 404 238565 "-" "-"
40.89.134.3 - - [15/Apr/2026:02:39:49 -0400] "GET /cgi-bin/admin.php HTTP/1.1" 404 238574 "-" "-"
40.89.134.3 - - [15/Apr/2026:02:39:51 -0400] "GET /bengi.php HTTP/1.1" 404 238569 "-" "-"
40.89.134.3 - - [15/Apr/2026:02:39:52 -0400] "GET /wp-content/plugins/pwnd/as.php HTTP/1.1" 404 238590 "-" "-"
40.89.134.3 - - [15/Apr/2026:02:39:53 -0400] "GET /axx.php HTTP/1.1" 404 238567 "-" "-"
40.89.134.3 - - [15/Apr/2026:02:39:55 -0400] "GET /gettest.php HTTP/1.1" 404 238565 "-" "-"
40.89.134.3 - - [15/Apr/2026:02:39:56 -0400] "GET /file48.php HTTP/1.1" 404 238565 "-" "-"
40.89.134.3 - - [15/Apr/2026:02:39:58 -0400] "GET /simple.php HTTP/1.1" 404 238566 "-" "-"
40.89.134.3 - - [15/Apr/2026:02:40:01 -0400] "GET /file21.php HTTP/1.1" 404 238575 "-" "-"
40.89.134.3 - - [15/Apr/2026:02:40:02 -0400] "GET /hypo.php HTTP/1.1" 404 238564 "-" "-"
40.89.134.3 - - [15/Apr/2026:02:40:03 -0400] "GET /file18.php HTTP/1.1" 404 238568 "-" "-"
40.89.134.3 - - [15/Apr/2026:02:40:06 -0400] "GET /xwx1.php HTTP/1.1" 404 238567 "-" "-"
40.89.134.3 - - [15/Apr/2026:02:40:09 -0400] "GET /chosen.php HTTP/1.1" 404 238569 "-" "-"
103.78.97.230 - - [15/Apr/2026:02:41:54 -0400] "POST /wp-login.php HTTP/1.1" 302 0 "https://asesoriastesismedicina.com/wp-login.php" "Mozilla/5.0 (Windows NT 6.1; WOW64; Trident/7.0; Ypkch32; rv:11.0) like Gecko"
103.78.97.230 - - [15/Apr/2026:02:41:56 -0400] "GET /wp-login.php HTTP/1.1" 200 33134 "https://asesoriastesismedicina.com/wp-login.php" "Mozilla/5.0 (Windows NT 6.1; WOW64; Trident/7.0; Ypkch32; rv:11.0) like Gecko"
40.89.134.3 - - [15/Apr/2026:02:39:22 -0400] "GET /we.php HTTP/1.1" 404 238564 "-" "-"
40.89.134.3 - - [15/Apr/2026:02:39:24 -0400] "GET /makeasmtp.php?p= HTTP/1.1" 301 0 "-" "-"
40.89.134.3 - - [15/Apr/2026:02:39:25 -0400] "GET /makeasmtp.php HTTP/1.1" 404 238569 "-" "-"
40.89.134.3 - - [15/Apr/2026:02:39:28 -0400] "GET /wp-includes/css/dist/ HTTP/1.1" 403 1242 "-" "-"
40.89.134.3 - - [15/Apr/2026:02:39:29 -0400] "GET /wp-includes/l10n/ HTTP/1.1" 403 1242 "-" "-"
40.89.134.3 - - [15/Apr/2026:02:39:30 -0400] "GET /wen.php HTTP/1.1" 404 238562 "-" "-"
40.89.134.3 - - [15/Apr/2026:02:39:32 -0400] "GET /fe5.php HTTP/1.1" 404 238567 "-" "-"
40.89.134.3 - - [15/Apr/2026:02:39:33 -0400] "GET /wp-content/uploads/2021/02/index.php HTTP/1.1" 301 0 "-" "-"
40.89.134.3 - - [15/Apr/2026:02:39:37 -0400] "GET /update/f35.php HTTP/1.1" 404 238569 "-" "-"
40.89.134.3 - - [15/Apr/2026:02:39:38 -0400] "GET /wp-includes/Text/Diff/Engine/about.php HTTP/1.1" 404 238597 "-" "-"
40.89.134.3 - - [15/Apr/2026:02:39:39 -0400] "GET /f35.php HTTP/1.1" 404 238571 "-" "-"
40.89.134.3 - - [15/Apr/2026:02:39:40 -0400] "GET /wp-includes/css/index.php?p= HTTP/1.1" 301 0 "-" "-"
40.89.134.3 - - [15/Apr/2026:02:39:42 -0400] "GET /wp-includes/css/ HTTP/1.1" 403 1242 "-" "-"
40.89.134.3 - - [15/Apr/2026:02:39:42 -0400] "GET /wp-content/plugins/wp-file-manager/admin/ HTTP/1.1" 404 238602 "-" "-"
40.89.134.3 - - [15/Apr/2026:02:39:45 -0400] "GET /dev.php HTTP/1.1" 404 238555 "-" "-"
40.89.134.3 - - [15/Apr/2026:02:39:48 -0400] "GET /gssdd.php HTTP/1.1" 404 238562 "-" "-"
40.89.134.3 - - [15/Apr/2026:02:39:50 -0400] "GET /bs1.php HTTP/1.1" 404 238563 "-" "-"
40.89.134.3 - - [15/Apr/2026:02:39:54 -0400] "GET /alfashell.php HTTP/1.1" 404 238565 "-" "-"
40.89.134.3 - - [15/Apr/2026:02:39:55 -0400] "GET /acp.php HTTP/1.1" 404 238571 "-" "-"
40.89.134.3 - - [15/Apr/2026:02:39:57 -0400] "GET /g.php HTTP/1.1" 404 238555 "-" "-"
40.89.134.3 - - [15/Apr/2026:02:39:58 -0400] "GET /wp-content/ HTTP/1.1" 200 0 "-" "-"
40.89.134.3 - - [15/Apr/2026:02:40:00 -0400] "GET /ew.php HTTP/1.1" 404 238569 "-" "-"
40.89.134.3 - - [15/Apr/2026:02:40:04 -0400] "GET /vee.php HTTP/1.1" 404 238569 "-" "-"
40.89.134.3 - - [15/Apr/2026:02:40:05 -0400] "GET /cabs.php HTTP/1.1" 404 238561 "-" "-"
40.89.134.3 - - [15/Apr/2026:02:40:07 -0400] "GET /x1da.php HTTP/1.1" 404 238568 "-" "-"
40.89.134.3 - - [15/Apr/2026:02:40:08 -0400] "GET /jp.php HTTP/1.1" 404 238569 "-" "-"
103.78.97.230 - - [15/Apr/2026:02:41:50 -0400] "GET /wp-login.php HTTP/1.1" 200 33134 "-" "Mozilla/5.0 (Windows NT 6.1; WOW64; Trident/7.0; Ypkch32; rv:11.0) like Gecko"
51.195.215.144 - - [15/Apr/2026:02:42:09 -0400] "GET /wp-sitemap.xml HTTP/1.1" 200 199 "-" "Mozilla/5.0 (compatible; AhrefsBot/7.0; +http://ahrefs.com/robot/)"
51.89.129.81 - - [15/Apr/2026:02:42:10 -0400] "GET /wp-sitemap-posts-post-1.xml HTTP/1.1" 200 399 "-" "Mozilla/5.0 (compatible; AhrefsBot/7.0; +http://ahrefs.com/robot/)"
198.244.240.216 - - [15/Apr/2026:02:42:13 -0400] "GET /wp-sitemap-taxonomies-category-1.xml HTTP/1.1" 200 177 "-" "Mozilla/5.0 (compatible; AhrefsBot/7.0; +http://ahrefs.com/robot/)"
103.74.54.128 - - [15/Apr/2026:02:47:31 -0400] "POST /wp-login.php HTTP/1.1" 302 0 "https://asesoriastesismedicina.com/wp-login.php" "Mozilla/5.0 (Macintosh; Intel Mac OS X 10.10; rv:60.0) Gecko/20100101 Firefox/60.0"
103.74.54.128 - - [15/Apr/2026:02:47:34 -0400] "GET /wp-login.php HTTP/1.1" 200 33134 "https://asesoriastesismedicina.com/wp-login.php" "Mozilla/5.0 (Macintosh; Intel Mac OS X 10.10; rv:60.0) Gecko/20100101 Firefox/60.0"
67.205.18.1 - - [15/Apr/2026:02:53:27 -0400] "GET /wp-login.php HTTP/1.1" 200 33134 "-" "Mozilla/5.0 (Windows NT 6.1; WOW64; Trident/7.0; EIE10;ENUSWOL; rv:11.0) like Gecko"
198.54.121.245 - - [15/Apr/2026:02:53:29 -0400] "POST /wp-cron.php?doing_wp_cron=1776236009.7094500064849853515625 HTTP/1.1" 200 0 "-" "WordPress/6.9.4; https://asesoriastesismedicina.com"
67.205.18.1 - - [15/Apr/2026:02:53:30 -0400] "GET /wp-login.php HTTP/1.1" 200 33134 "https://asesoriastesismedicina.com/wp-login.php" "Mozilla/5.0 (Windows NT 6.1; WOW64; Trident/7.0; EIE10;ENUSWOL; rv:11.0) like Gecko"
168.187.5.210 - - [15/Apr/2026:02:54:24 -0400] "GET /wp-login.php HTTP/1.1" 200 33134 "https://asesoriastesismedicina.com/wp-login.php" "Mozilla/5.0 (MSIE 10.0; Windows NT 6.1; WOW64; Trident/7.0; rv:11.0) like Gecko"
198.244.168.177 - - [15/Apr/2026:02:42:12 -0400] "GET /wp-sitemap-posts-page-1.xml HTTP/1.1" 200 287 "-" "Mozilla/5.0 (compatible; AhrefsBot/7.0; +http://ahrefs.com/robot/)"
198.244.183.80 - - [15/Apr/2026:02:42:15 -0400] "GET /wp-sitemap-taxonomies-post_tag-1.xml HTTP/1.1" 200 257 "-" "Mozilla/5.0 (compatible; AhrefsBot/7.0; +http://ahrefs.com/robot/)"
47.128.31.127 - - [15/Apr/2026:02:45:52 -0400] "GET /robots.txt HTTP/1.1" 200 119 "-" "Mozilla/5.0 (Linux; Android 5.0) AppleWebKit/537.36 (KHTML, like Gecko) Mobile Safari/537.36 (compatible; Bytespider; spider-feedback@bytedance.com)"
110.249.201.101 - - [15/Apr/2026:02:46:03 -0400] "GET /robots.txt HTTP/1.1" 200 119 "-" "Mozilla/5.0 (Linux; Android 5.0) AppleWebKit/537.36 (KHTML, like Gecko) Mobile Safari/537.36 (compatible; Bytespider; https://zhanzhang.toutiao.com/)"
103.74.54.128 - - [15/Apr/2026:02:47:29 -0400] "GET /wp-login.php HTTP/1.1" 200 33134 "-" "Mozilla/5.0 (Macintosh; Intel Mac OS X 10.10; rv:60.0) Gecko/20100101 Firefox/60.0"
198.54.121.245 - - [15/Apr/2026:02:47:33 -0400] "POST /wp-cron.php?doing_wp_cron=1776235653.7387421131134033203125 HTTP/1.1" 200 0 "-" "WordPress/6.9.4; https://asesoriastesismedicina.com"
67.205.18.1 - - [15/Apr/2026:02:53:27 -0400] "POST /wp-login.php HTTP/1.1" 302 0 "https://asesoriastesismedicina.com/wp-login.php" "Mozilla/5.0 (Windows NT 6.1; WOW64; Trident/7.0; EIE10;ENUSWOL; rv:11.0) like Gecko"
168.187.5.210 - - [15/Apr/2026:02:54:11 -0400] "GET /wp-login.php HTTP/1.1" 200 33134 "-" "Mozilla/5.0 (MSIE 10.0; Windows NT 6.1; WOW64; Trident/7.0; rv:11.0) like Gecko"
168.187.5.210 - - [15/Apr/2026:02:54:22 -0400] "POST /wp-login.php HTTP/1.1" 302 0 "https://asesoriastesismedicina.com/wp-login.php" "Mozilla/5.0 (MSIE 10.0; Windows NT 6.1; WOW64; Trident/7.0; rv:11.0) like Gecko"
198.54.121.245 - - [15/Apr/2026:03:03:18 -0400] "POST /wp-cron.php?doing_wp_cron=1776236598.5452880859375000000000 HTTP/1.1" 200 0 "-" "WordPress/6.9.4; https://asesoriastesismedicina.com"
144.76.32.235 - - [15/Apr/2026:03:03:14 -0400] "GET /robots.txt HTTP/1.1" 200 119 "-" "Mozilla/5.0 (compatible; SERankingBacklinksBot/1.0; +https://seranking.com/backlinks-crawler)"
144.76.32.235 - - [15/Apr/2026:03:03:15 -0400] "GET /2024/07/03/trovare-clienti-con-siti-non-aams-sono-sicuri-parte-b/ HTTP/1.1" 404 71726 "-" "Mozilla/5.0 (compatible; SERankingBacklinksBot/1.0; +https://seranking.com/backlinks-crawler)"
103.216.117.42 - - [15/Apr/2026:02:59:02 -0400] "GET /wp-login.php HTTP/1.1" 200 33134 "-" "Mozilla/5.0 (Macintosh; Intel Mac OS X 10_13_3) AppleWebKit/537.36 (KHTML, like Gecko) Chrome/65.0.3325.181 Safari/537.36"
198.54.121.245 - - [15/Apr/2026:02:59:04 -0400] "POST /wp-cron.php?doing_wp_cron=1776236344.9144160747528076171875 HTTP/1.1" 200 0 "-" "WordPress/6.9.4; https://asesoriastesismedicina.com"
103.216.117.42 - - [15/Apr/2026:02:59:02 -0400] "POST /wp-login.php HTTP/1.1" 302 0 "https://asesoriastesismedicina.com/wp-login.php" "Mozilla/5.0 (Macintosh; Intel Mac OS X 10_13_3) AppleWebKit/537.36 (KHTML, like Gecko) Chrome/65.0.3325.181 Safari/537.36"
103.216.117.42 - - [15/Apr/2026:02:59:05 -0400] "GET /wp-login.php HTTP/1.1" 200 33134 "https://asesoriastesismedicina.com/wp-login.php" "Mozilla/5.0 (Macintosh; Intel Mac OS X 10_13_3) AppleWebKit/537.36 (KHTML, like Gecko) Chrome/65.0.3325.181 Safari/537.36"
217.148.136.104 - - [15/Apr/2026:03:09:27 -0400] "GET /wp-login.php HTTP/1.1" 200 33134 "-" "Mozilla/5.0 (Macintosh; Intel Mac OS X 10_13_1) AppleWebKit/537.36 (KHTML, like Gecko) Chrome/65.0.3325.162 Safari/537.36"
198.54.121.245 - - [15/Apr/2026:03:09:29 -0400] "POST /wp-cron.php?doing_wp_cron=1776236969.9869320392608642578125 HTTP/1.1" 200 0 "-" "WordPress/6.9.4; https://asesoriastesismedicina.com"
217.148.136.104 - - [15/Apr/2026:03:09:27 -0400] "POST /wp-login.php HTTP/1.1" 302 0 "https://asesoriastesismedicina.com/wp-login.php" "Mozilla/5.0 (Macintosh; Intel Mac OS X 10_13_1) AppleWebKit/537.36 (KHTML, like Gecko) Chrome/65.0.3325.162 Safari/537.36"
217.148.136.104 - - [15/Apr/2026:03:09:30 -0400] "GET /wp-login.php HTTP/1.1" 200 33134 "https://asesoriastesismedicina.com/wp-login.php" "Mozilla/5.0 (Macintosh; Intel Mac OS X 10_13_1) AppleWebKit/537.36 (KHTML, like Gecko) Chrome/65.0.3325.162 Safari/537.36"
198.54.121.245 - - [15/Apr/2026:03:15:41 -0400] "POST /wp-cron.php?doing_wp_cron=1776237341.8980081081390380859375 HTTP/1.1" 200 0 "-" "WordPress/6.9.4; https://asesoriastesismedicina.com"
141.98.11.117 - - [15/Apr/2026:03:15:39 -0400] "POST /wp-login.php HTTP/1.1" 302 0 "https://asesoriastesismedicina.com/wp-login.php" "Mozilla/5.0 (Macintosh; Intel Mac OS X 10_13_3) AppleWebKit/537.36 (KHTML, like Gecko) Chrome/66.0.3359.181 Safari/537.36"
141.98.11.117 - - [15/Apr/2026:03:15:44 -0400] "GET /wp-login.php HTTP/1.1" 200 33134 "https://asesoriastesismedicina.com/wp-login.php" "Mozilla/5.0 (Macintosh; Intel Mac OS X 10_13_3) AppleWebKit/537.36 (KHTML, like Gecko) Chrome/66.0.3359.181 Safari/537.36"
141.98.11.117 - - [15/Apr/2026:03:15:38 -0400] "GET /wp-login.php HTTP/1.1" 200 33134 "-" "Mozilla/5.0 (Macintosh; Intel Mac OS X 10_13_3) AppleWebKit/537.36 (KHTML, like Gecko) Chrome/66.0.3359.181 Safari/537.36"
51.195.215.248 - - [15/Apr/2026:03:18:21 -0400] "GET /2025/07/03/entrevistas-cualitativas-en-tesis-medica/ HTTP/1.1" 200 68898 "-" "Mozilla/5.0 (compatible; AhrefsBot/7.0; +http://ahrefs.com/robot/)"
45.148.10.246 - - [15/Apr/2026:03:23:22 -0400] "GET /.env.prod HTTP/1.1" 403 1242 "-" "Mozilla/5.0 (Windows NT 10.0; Win64; x64; rv:121.0) Gecko/20100101 Firefox/121.0"
45.148.10.246 - - [15/Apr/2026:03:23:22 -0400] "GET /.env.production HTTP/1.1" 403 1242 "-" "Mozilla/5.0 (Windows NT 10.0; Win64; x64; rv:121.0) Gecko/20100101 Firefox/121.0"
45.148.10.246 - - [15/Apr/2026:03:23:22 -0400] "GET /wp-config.php.sample HTTP/1.1" 403 1242 "-" "Mozilla/5.0 (X11; Linux x86_64) AppleWebKit/537.36 (KHTML, like Gecko) Chrome/120.0.0.0 Safari/537.36"
45.148.10.246 - - [15/Apr/2026:03:23:22 -0400] "GET /wp-config.php.old HTTP/1.1" 403 1242 "-" "Mozilla/5.0 (Windows NT 10.0; Win64; x64) AppleWebKit/537.36 (KHTML, like Gecko) Chrome/120.0.0.0 Safari/537.36"
45.148.10.246 - - [15/Apr/2026:03:23:23 -0400] "GET /.env.old HTTP/1.1" 403 1242 "-" "Mozilla/5.0 (Windows NT 10.0; Win64; x64) AppleWebKit/537.36 (KHTML, like Gecko) Chrome/120.0.0.0 Safari/537.36"
45.148.10.246 - - [15/Apr/2026:03:23:23 -0400] "GET /wp-config.php.save HTTP/1.1" 403 1242 "-" "Mozilla/5.0 (X11; Linux x86_64) AppleWebKit/537.36 (KHTML, like Gecko) Chrome/120.0.0.0 Safari/537.36"
45.148.10.246 - - [15/Apr/2026:03:23:23 -0400] "GET /.env.development HTTP/1.1" 403 1242 "-" "Mozilla/5.0 (Macintosh; Intel Mac OS X 10_15_7) AppleWebKit/537.36 (KHTML, like Gecko) Chrome/120.0.0.0 Safari/537.36"
45.148.10.246 - - [15/Apr/2026:03:23:23 -0400] "GET /.env.staging HTTP/1.1" 403 1242 "-" "Mozilla/5.0 (Macintosh; Intel Mac OS X 10_15_7) AppleWebKit/537.36 (KHTML, like Gecko) Chrome/120.0.0.0 Safari/537.36"
45.148.10.246 - - [15/Apr/2026:03:23:23 -0400] "GET /wp-config.php~ HTTP/1.1" 403 1242 "-" "Mozilla/5.0 (Windows NT 10.0; Win64; x64) AppleWebKit/537.36 (KHTML, like Gecko) Chrome/120.0.0.0 Safari/537.36"
45.148.10.246 - - [15/Apr/2026:03:23:23 -0400] "GET /.env.example HTTP/1.1" 403 1242 "-" "Mozilla/5.0 (Windows NT 10.0; Win64; x64) AppleWebKit/537.36 (KHTML, like Gecko) Chrome/120.0.0.0 Safari/537.36"
45.148.10.246 - - [15/Apr/2026:03:23:23 -0400] "GET /app/.env HTTP/1.1" 403 1242 "-" "Mozilla/5.0 (X11; Linux x86_64) AppleWebKit/537.36 (KHTML, like Gecko) Chrome/120.0.0.0 Safari/537.36"
45.148.10.246 - - [15/Apr/2026:03:23:23 -0400] "GET /public/.env HTTP/1.1" 403 1242 "-" "Mozilla/5.0 (compatible; SecurityScanner/1.0)"
45.148.10.246 - - [15/Apr/2026:03:23:23 -0400] "GET /config/.env HTTP/1.1" 403 1242 "-" "Mozilla/5.0 (X11; Linux x86_64) AppleWebKit/537.36 (KHTML, like Gecko) Chrome/120.0.0.0 Safari/537.36"
45.148.10.246 - - [15/Apr/2026:03:23:22 -0400] "GET / HTTP/1.1" 200 0 "-" "Mozilla/5.0 (Windows NT 10.0; Win64; x64; rv:121.0) Gecko/20100101 Firefox/121.0"
45.148.10.246 - - [15/Apr/2026:03:23:22 -0400] "GET /.aws/credentials HTTP/1.1" 200 0 "-" "Mozilla/5.0 (X11; Linux x86_64) AppleWebKit/537.36 (KHTML, like Gecko) Chrome/120.0.0.0 Safari/537.36"
45.148.10.246 - - [15/Apr/2026:03:23:22 -0400] "GET /phpinfo.php HTTP/1.1" 200 0 "-" "Mozilla/5.0 (Windows NT 10.0; Win64; x64) AppleWebKit/537.36 (KHTML, like Gecko) Chrome/120.0.0.0 Safari/537.36"
45.148.10.246 - - [15/Apr/2026:03:23:22 -0400] "GET /info.php HTTP/1.1" 200 0 "-" "Mozilla/5.0 (Windows NT 10.0; Win64; x64; rv:121.0) Gecko/20100101 Firefox/121.0"
45.148.10.246 - - [15/Apr/2026:03:23:22 -0400] "GET /test/phpinfo.php HTTP/1.1" 200 0 "-" "Mozilla/5.0 (Macintosh; Intel Mac OS X 10_15_7) AppleWebKit/537.36 (KHTML, like Gecko) Chrome/120.0.0.0 Safari/537.36"
45.148.10.246 - - [15/Apr/2026:03:23:23 -0400] "GET /config.json HTTP/1.1" 200 0 "-" "Mozilla/5.0 (Macintosh; Intel Mac OS X 10_15_7) AppleWebKit/537.36 (KHTML, like Gecko) Chrome/120.0.0.0 Safari/537.36"
45.148.10.246 - - [15/Apr/2026:03:23:23 -0400] "GET /server.js HTTP/1.1" 200 0 "-" "Mozilla/5.0 (Windows NT 10.0; Win64; x64; rv:121.0) Gecko/20100101 Firefox/121.0"
45.148.10.246 - - [15/Apr/2026:03:23:24 -0400] "GET /_profiler/phpinfo HTTP/1.1" 200 0 "-" "Mozilla/5.0 (Macintosh; Intel Mac OS X 10_15_7) AppleWebKit/537.36 (KHTML, like Gecko) Chrome/120.0.0.0 Safari/537.36"
45.148.10.246 - - [15/Apr/2026:03:23:22 -0400] "GET /.git/config HTTP/1.1" 403 1242 "-" "Mozilla/5.0 (Windows NT 10.0; Win64; x64; rv:121.0) Gecko/20100101 Firefox/121.0"
45.148.10.246 - - [15/Apr/2026:03:23:22 -0400] "GET /.env HTTP/1.1" 403 1242 "-" "Mozilla/5.0 (compatible; SecurityScanner/1.0)"
45.148.10.246 - - [15/Apr/2026:03:23:22 -0400] "GET /wp-config.php.bak HTTP/1.1" 403 1242 "-" "Mozilla/5.0 (Windows NT 10.0; Win64; x64) AppleWebKit/537.36 (KHTML, like Gecko) Chrome/120.0.0.0 Safari/537.36"
45.148.10.246 - - [15/Apr/2026:03:23:22 -0400] "GET /.env.local HTTP/1.1" 403 1242 "-" "Mozilla/5.0 (Windows NT 10.0; Win64; x64; rv:121.0) Gecko/20100101 Firefox/121.0"
45.148.10.246 - - [15/Apr/2026:03:23:22 -0400] "GET /.env.bak HTTP/1.1" 403 1242 "-" "Mozilla/5.0 (compatible; SecurityScanner/1.0)"
45.148.10.246 - - [15/Apr/2026:03:23:22 -0400] "GET /.env.backup HTTP/1.1" 403 1242 "-" "Mozilla/5.0 (compatible; SecurityScanner/1.0)"
45.148.10.246 - - [15/Apr/2026:03:23:23 -0400] "GET /.env.dev HTTP/1.1" 403 1242 "-" "Mozilla/5.0 (compatible; SecurityScanner/1.0)"
45.148.10.246 - - [15/Apr/2026:03:23:23 -0400] "GET /wp-config.php.txt HTTP/1.1" 403 1242 "-" "Mozilla/5.0 (Windows NT 10.0; Win64; x64; rv:121.0) Gecko/20100101 Firefox/121.0"
45.148.10.246 - - [15/Apr/2026:03:23:23 -0400] "GET /api/.env HTTP/1.1" 403 1242 "-" "Mozilla/5.0 (Windows NT 10.0; Win64; x64) AppleWebKit/537.36 (KHTML, like Gecko) Chrome/120.0.0.0 Safari/537.36"
45.148.10.246 - - [15/Apr/2026:03:23:23 -0400] "GET /backend/.env HTTP/1.1" 403 1242 "-" "Mozilla/5.0 (Windows NT 10.0; Win64; x64; rv:121.0) Gecko/20100101 Firefox/121.0"
45.148.10.246 - - [15/Apr/2026:03:23:23 -0400] "GET /laravel/.env HTTP/1.1" 403 1242 "-" "Mozilla/5.0 (X11; Linux x86_64) AppleWebKit/537.36 (KHTML, like Gecko) Chrome/120.0.0.0 Safari/537.36"
45.148.10.246 - - [15/Apr/2026:03:23:23 -0400] "GET /docker/.env HTTP/1.1" 403 1242 "-" "Mozilla/5.0 (Windows NT 10.0; Win64; x64) AppleWebKit/537.36 (KHTML, like Gecko) Chrome/120.0.0.0 Safari/537.36"
45.148.10.246 - - [15/Apr/2026:03:23:24 -0400] "GET /db.php.bak HTTP/1.1" 200 0 "-" "Mozilla/5.0 (Macintosh; Intel Mac OS X 10_15_7) AppleWebKit/537.36 (KHTML, like Gecko) Chrome/120.0.0.0 Safari/537.36"
45.148.10.246 - - [15/Apr/2026:03:23:24 -0400] "GET /test.php HTTP/1.1" 200 0 "-" "Mozilla/5.0 (Windows NT 10.0; Win64; x64) AppleWebKit/537.36 (KHTML, like Gecko) Chrome/120.0.0.0 Safari/537.36"
45.148.10.246 - - [15/Apr/2026:03:23:24 -0400] "GET /i.php HTTP/1.1" 200 0 "-" "Mozilla/5.0 (X11; Linux x86_64) AppleWebKit/537.36 (KHTML, like Gecko) Chrome/120.0.0.0 Safari/537.36"
198.54.121.245 - - [15/Apr/2026:03:23:33 -0400] "POST /wp-cron.php?doing_wp_cron=1776237813.5135829448699951171875 HTTP/1.1" 200 0 "-" "WordPress/6.9.4; https://asesoriastesismedicina.com"
198.54.121.245 - - [15/Apr/2026:03:23:33 -0400] "POST /wp-cron.php?doing_wp_cron=1776237813.5138161182403564453125 HTTP/1.1" 200 0 "-" "WordPress/6.9.4; https://asesoriastesismedicina.com"
198.54.121.245 - - [15/Apr/2026:03:23:33 -0400] "POST /wp-cron.php?doing_wp_cron=1776237813.5142350196838378906250 HTTP/1.1" 200 0 "-" "WordPress/6.9.4; https://asesoriastesismedicina.com"
47.128.31.109 - - [15/Apr/2026:03:29:35 -0400] "GET /wp-content/themes/betheme/css/responsive.css?ver=28.2 HTTP/1.1" 200 11418 "https://asesoriastesismedicina.com/category/gratogana-casino-754/" "Mozilla/5.0 (compatible; Bytespider; spider-feedback@bytedance.com) AppleWebKit/537.36 (KHTML, like Gecko) Chrome/70.0.0.0 Safari/537.36"
124.55.178.99 - - [15/Apr/2026:03:31:30 -0400] "GET /wp-login.php HTTP/1.1" 200 33134 "-" "Mozilla/4.0 (compatible; MSIE 7.0; Windows NT 6.1; WOW64; Trident/7.0; SLCC2; .NET CLR 2.0.50727; .NET CLR 3.5.30729; .NET CLR 3.0.30729; Media Center PC 6.0; .NET4.0C; .NET4.0E; InfoPath.3; GWX:MANAGED)"
198.54.121.245 - - [15/Apr/2026:03:23:31 -0400] "POST /wp-cron.php?doing_wp_cron=1776237811.5162858963012695312500 HTTP/1.1" 200 0 "-" "WordPress/6.9.4; https://asesoriastesismedicina.com"
198.54.121.245 - - [15/Apr/2026:03:23:33 -0400] "POST /wp-cron.php?doing_wp_cron=1776237813.5138330459594726562500 HTTP/1.1" 200 0 "-" "WordPress/6.9.4; https://asesoriastesismedicina.com"
198.54.121.245 - - [15/Apr/2026:03:23:33 -0400] "POST /wp-cron.php?doing_wp_cron=1776237813.5136899948120117187500 HTTP/1.1" 200 0 "-" "WordPress/6.9.4; https://asesoriastesismedicina.com"
198.54.121.245 - - [15/Apr/2026:03:23:33 -0400] "POST /wp-cron.php?doing_wp_cron=1776237813.5135419368743896484375 HTTP/1.1" 200 0 "-" "WordPress/6.9.4; https://asesoriastesismedicina.com"
198.54.121.245 - - [15/Apr/2026:03:23:33 -0400] "POST /wp-cron.php?doing_wp_cron=1776237813.5139799118041992187500 HTTP/1.1" 200 0 "-" "WordPress/6.9.4; https://asesoriastesismedicina.com"
198.54.121.245 - - [15/Apr/2026:03:23:33 -0400] "POST /wp-cron.php?doing_wp_cron=1776237813.5140709877014160156250 HTTP/1.1" 200 0 "-" "WordPress/6.9.4; https://asesoriastesismedicina.com"
43.165.176.11 - - [15/Apr/2026:03:27:53 -0400] "GET / HTTP/1.1" 200 97045 "-" "Mozilla/5.0 (Windows NT 10.0; Win64; x64) AppleWebKit/537.36"
47.128.31.109 - - [15/Apr/2026:03:29:32 -0400] "GET /category/gratogana-casino-754/ HTTP/1.1" 200 62967 "-" "Mozilla/5.0 (compatible; Bytespider; spider-feedback@bytedance.com) AppleWebKit/537.36 (KHTML, like Gecko) Chrome/70.0.0.0 Safari/537.36"
47.128.31.109 - - [15/Apr/2026:03:29:33 -0400] "GET /wp-includes/css/dist/block-library/style.min.css?ver=b8cec47803c80951ebafe23d13dd94d0 HTTP/1.1" 200 14889 "https://asesoriastesismedicina.com/category/gratogana-casino-754/" "Mozilla/5.0 (compatible; Bytespider; spider-feedback@bytedance.com) AppleWebKit/537.36 (KHTML, like Gecko) Chrome/70.0.0.0 Safari/537.36"
47.128.31.109 - - [15/Apr/2026:03:29:34 -0400] "GET /wp-content/themes/betheme/assets/animations/animations.min.css?ver=28.2 HTTP/1.1" 200 4610 "https://asesoriastesismedicina.com/category/gratogana-casino-754/" "Mozilla/5.0 (compatible; Bytespider; spider-feedback@bytedance.com) AppleWebKit/537.36 (KHTML, like Gecko) Chrome/70.0.0.0 Safari/537.36"
47.128.31.109 - - [15/Apr/2026:03:29:43 -0400] "GET /wp-content/themes/betheme/images/cookies.png HTTP/1.1" 206 500 "https://asesoriastesismedicina.com/category/gratogana-casino-754/" "Mozilla/5.0 (compatible; Bytespider; spider-feedback@bytedance.com) AppleWebKit/537.36 (KHTML, like Gecko) Chrome/70.0.0.0 Safari/537.36"
47.128.31.109 - - [15/Apr/2026:03:29:44 -0400] "GET /wp-content/themes/betheme/images/stripes/stripes_5_b.png HTTP/1.1" 206 500 "https://asesoriastesismedicina.com/wp-content/themes/betheme/css/be.css?ver=28.2" "Mozilla/5.0 (compatible; Bytespider; spider-feedback@bytedance.com) AppleWebKit/537.36 (KHTML, like Gecko) Chrome/70.0.0.0 Safari/537.36"
85.208.96.195 - - [15/Apr/2026:03:30:24 -0400] "GET /robots.txt HTTP/1.1" 200 119 "-" "Mozilla/5.0 (compatible; SemrushBot/7~bl; +http://www.semrush.com/bot.html)"
198.54.121.245 - - [15/Apr/2026:03:30:28 -0400] "POST /wp-cron.php?doing_wp_cron=1776238228.0742259025573730468750 HTTP/1.1" 200 0 "-" "WordPress/6.9.4; https://asesoriastesismedicina.com"
85.208.96.201 - - [15/Apr/2026:03:30:24 -0400] "GET /tag/gratogana-movil/ HTTP/1.1" 200 72529 "-" "Mozilla/5.0 (compatible; SemrushBot/7~bl; +http://www.semrush.com/bot.html)"
167.172.79.172 - - [15/Apr/2026:03:42:29 -0400] "GET /wp-login.php HTTP/1.1" 200 33134 "-" "Mozilla/5.0 (Windows NT 6.1; WOW64; rv:61.0) Gecko/20100101 Firefox/61.0"
167.172.79.172 - - [15/Apr/2026:03:42:31 -0400] "POST /wp-login.php HTTP/1.1" 302 0 "https://asesoriastesismedicina.com/wp-login.php" "Mozilla/5.0 (Windows NT 6.1; WOW64; rv:61.0) Gecko/20100101 Firefox/61.0"
167.172.79.172 - - [15/Apr/2026:03:42:35 -0400] "GET /wp-login.php HTTP/1.1" 200 33134 "https://asesoriastesismedicina.com/wp-login.php" "Mozilla/5.0 (Windows NT 6.1; WOW64; rv:61.0) Gecko/20100101 Firefox/61.0"
173.236.214.97 - - [15/Apr/2026:03:51:20 -0400] "GET /wp-login.php HTTP/1.1" 200 33134 "-" "Mozilla/5.0 (Windows NT 10.0; Win64; x64) AppleWebKit/537.36 (KHTML, like Gecko) Chrome/65.0.3325.181 Safari/537.36 OPR/52.0.2871.99"
173.236.214.97 - - [15/Apr/2026:03:51:35 -0400] "GET /wp-login.php HTTP/1.1" 200 33134 "https://asesoriastesismedicina.com/wp-login.php" "Mozilla/5.0 (Windows NT 10.0; Win64; x64) AppleWebKit/537.36 (KHTML, like Gecko) Chrome/65.0.3325.181 Safari/537.36 OPR/52.0.2871.99"
198.54.121.245 - - [15/Apr/2026:03:42:34 -0400] "POST /wp-cron.php?doing_wp_cron=1776238954.2861809730529785156250 HTTP/1.1" 200 0 "-" "WordPress/6.9.4; https://asesoriastesismedicina.com"
198.54.121.245 - - [15/Apr/2026:03:51:27 -0400] "POST /wp-cron.php?doing_wp_cron=1776239487.7781789302825927734375 HTTP/1.1" 200 0 "-" "WordPress/6.9.4; https://asesoriastesismedicina.com"
173.236.214.97 - - [15/Apr/2026:03:51:25 -0400] "POST /wp-login.php HTTP/1.1" 302 0 "https://asesoriastesismedicina.com/wp-login.php" "Mozilla/5.0 (Windows NT 10.0; Win64; x64) AppleWebKit/537.36 (KHTML, like Gecko) Chrome/65.0.3325.181 Safari/537.36 OPR/52.0.2871.99"
50.6.7.129 - - [15/Apr/2026:03:51:47 -0400] "GET /wp-login.php HTTP/1.1" 200 33134 "-" "Mozilla/4.0 (compatible; MSIE 7.0; Windows NT 10.0; WOW64; Trident/7.0; .NET4.0C; .NET4.0E; .NET CLR 2.0.50727; .NET CLR 3.0.30729; .NET CLR 3.5.30729; InfoPath.3)"
50.6.7.129 - - [15/Apr/2026:03:51:48 -0400] "POST /wp-login.php HTTP/1.1" 302 0 "https://asesoriastesismedicina.com/wp-login.php" "Mozilla/4.0 (compatible; MSIE 7.0; Windows NT 10.0; WOW64; Trident/7.0; .NET4.0C; .NET4.0E; .NET CLR 2.0.50727; .NET CLR 3.0.30729; .NET CLR 3.5.30729; InfoPath.3)"
50.6.7.129 - - [15/Apr/2026:03:51:48 -0400] "GET /wp-login.php HTTP/1.1" 200 33134 "https://asesoriastesismedicina.com/wp-login.php" "Mozilla/4.0 (compatible; MSIE 7.0; Windows NT 10.0; WOW64; Trident/7.0; .NET4.0C; .NET4.0E; .NET CLR 2.0.50727; .NET CLR 3.0.30729; .NET CLR 3.5.30729; InfoPath.3)"
198.244.168.65 - - [15/Apr/2026:04:00:00 -0400] "GET /wp-content/uploads/betheme/css/post-78.css?ver=1776239834 HTTP/1.1" 200 473 "-" "Mozilla/5.0 (compatible; AhrefsBot/7.0; +http://ahrefs.com/robot/)"
208.109.188.137 - - [15/Apr/2026:04:01:06 -0400] "GET /wp-login.php HTTP/1.1" 200 33134 "-" "Mozilla/5.0 (compatible; MSIE 10.0; Windows NT 6.2; Win64; x64; Trident/7.0)"
198.54.121.245 - - [15/Apr/2026:04:05:12 -0400] "POST /wp-cron.php?doing_wp_cron=1776240312.0567090511322021484375 HTTP/1.1" 200 0 "-" "WordPress/6.9.4; https://asesoriastesismedicina.com"
116.118.2.113 - - [15/Apr/2026:04:05:15 -0400] "POST /wp-login.php HTTP/1.1" 200 33189 "https://asesoriastesismedicina.com/wp-login.php" "Mozilla/5.0 (Windows NT 6.1; Trident/7.0; BOIE9;ENUS; rv:11.0) like Gecko"
