45.131.193.133 - - [14/Apr/2026:18:16:53 -0400] "GET /feed HTTP/1.1" 301 0 "-" "Mozilla/5.0"
198.54.121.245 - - [14/Apr/2026:18:17:33 -0400] "POST /wp-cron.php?doing_wp_cron=1776205053.9047570228576660156250 HTTP/1.1" 200 0 "-" "WordPress/6.9.4; https://asesoriastesismedicina.com"
20.219.91.18 - - [14/Apr/2026:18:17:33 -0400] "POST /wp-login.php HTTP/1.1" 302 0 "https://asesoriastesismedicina.com/wp-login.php" "Mozilla/5.0 (Windows NT 10.0; Win64; x64) AppleWebKit/537.36 (KHTML, like Gecko) Chrome/67.0.3396.62 Safari/537.36"
42.116.160.245 - - [14/Apr/2026:18:19:00 -0400] "GET /wp-login.php HTTP/1.1" 200 33134 "-" "Mozilla/5.0 (Windows NT 10.0; WOW64; Trident/7.0; Touch; MDDCJS; rv:11.0) like Gecko"
167.172.79.172 - - [14/Apr/2026:18:20:13 -0400] "GET /wp-login.php HTTP/1.1" 200 33134 "-" "Mozilla/5.0 (compatible, MSIE 11, Windows NT 6.3; Trident/7.0; rv:11.0) like Gecko"
167.172.79.172 - - [14/Apr/2026:18:20:14 -0400] "POST /wp-login.php HTTP/1.1" 302 0 "https://asesoriastesismedicina.com/wp-login.php" "Mozilla/5.0 (compatible, MSIE 11, Windows NT 6.3; Trident/7.0; rv:11.0) like Gecko"
198.54.121.245 - - [14/Apr/2026:18:29:31 -0400] "POST /wp-cron.php?doing_wp_cron=1776205770.9936299324035644531250 HTTP/1.1" 200 0 "-" "WordPress/6.9.4; https://asesoriastesismedicina.com"
23.191.200.11 - - [14/Apr/2026:18:29:28 -0400] "POST /xmlrpc.php HTTP/1.1" 200 211 "https://www.google.com/" "Mozilla/5.0 (Windows NT 6.1; Win64; x64) AppleWebKit/537.36 (KHTML, like Gecko) Chrome/60.0.3112.90 Safari/537.36"
198.54.121.245 - - [14/Apr/2026:18:16:52 -0400] "POST /wp-cron.php?doing_wp_cron=1776205012.5017800331115722656250 HTTP/1.1" 200 0 "-" "WordPress/6.9.4; https://asesoriastesismedicina.com"
45.131.193.133 - - [14/Apr/2026:18:16:54 -0400] "GET /feed/ HTTP/1.1" 200 28771 "-" "Mozilla/5.0"
20.219.91.18 - - [14/Apr/2026:18:17:32 -0400] "GET /wp-login.php HTTP/1.1" 200 33134 "-" "Mozilla/5.0 (Windows NT 10.0; Win64; x64) AppleWebKit/537.36 (KHTML, like Gecko) Chrome/67.0.3396.62 Safari/537.36"
20.219.91.18 - - [14/Apr/2026:18:17:34 -0400] "GET /wp-login.php?locked_out=true&_wpnonce=ed05546f41 HTTP/1.1" 200 33224 "https://asesoriastesismedicina.com/wp-login.php" "Mozilla/5.0 (Windows NT 10.0; Win64; x64) AppleWebKit/537.36 (KHTML, like Gecko) Chrome/67.0.3396.62 Safari/537.36"
167.172.79.172 - - [14/Apr/2026:18:20:18 -0400] "GET /wp-login.php?locked_out=true&_wpnonce=ed05546f41 HTTP/1.1" 200 33224 "https://asesoriastesismedicina.com/wp-login.php" "Mozilla/5.0 (compatible, MSIE 11, Windows NT 6.3; Trident/7.0; rv:11.0) like Gecko"
216.244.66.240 - - [14/Apr/2026:18:21:04 -0400] "GET /2023/08/21/acquista-genotropin-12-mg-lo-steroide-anabolizzante-per-una-massa-muscolare-impressionante-equilbra-s-as/feed/ HTTP/1.1" 200 764 "-" "Mozilla/5.0 (compatible; DotBot/1.2; +https://opensiteexplorer.org/dotbot; help@moz.com)"
104.210.140.132 - - [14/Apr/2026:18:30:09 -0400] "GET /robots.txt HTTP/1.1" 200 103 "-" "Mozilla/5.0 (Macintosh; Intel Mac OS X 10_15_7) AppleWebKit/537.36 (KHTML, like Gecko) Chrome/131.0.0.0 Safari/537.36; compatible; OAI-SearchBot/1.0; +https://openai.com/searchbot"
47.128.31.114 - - [14/Apr/2026:18:34:34 -0400] "GET /author/asesorias/ HTTP/1.1" 200 65737 "-" "Mozilla/5.0 (compatible; Bytespider; spider-feedback@bytedance.com) AppleWebKit/537.36 (KHTML, like Gecko) Chrome/70.0.0.0 Safari/537.36"
47.128.31.114 - - [14/Apr/2026:18:34:42 -0400] "GET /wp-content/uploads/2025/07/Errores-tesis-medica-960x630.jpg HTTP/1.1" 304 0 "https://asesoriastesismedicina.com/author/asesorias/" "Mozilla/5.0 (compatible; Bytespider; spider-feedback@bytedance.com) AppleWebKit/537.36 (KHTML, like Gecko) Chrome/70.0.0.0 Safari/537.36"
47.128.31.114 - - [14/Apr/2026:18:34:46 -0400] "GET /wp-content/uploads/2025/05/errores-asesoria-tesis-medicina-960x630.jpg HTTP/1.1" 206 500 "https://asesoriastesismedicina.com/author/asesorias/" "Mozilla/5.0 (compatible; Bytespider; spider-feedback@bytedance.com) AppleWebKit/537.36 (KHTML, like Gecko) Chrome/70.0.0.0 Safari/537.36"
47.128.31.114 - - [14/Apr/2026:18:34:46 -0400] "GET /wp-content/uploads/2025/05/asesoria-tesis-medicina-960x630.jpg HTTP/1.1" 206 500 "https://asesoriastesismedicina.com/author/asesorias/" "Mozilla/5.0 (compatible; Bytespider; spider-feedback@bytedance.com) AppleWebKit/537.36 (KHTML, like Gecko) Chrome/70.0.0.0 Safari/537.36"
47.128.31.114 - - [14/Apr/2026:18:34:46 -0400] "GET /wp-content/uploads/2025/04/Asesoria-tesis-medica-960x630.jpg HTTP/1.1" 206 500 "https://asesoriastesismedicina.com/author/asesorias/" "Mozilla/5.0 (compatible; Bytespider; spider-feedback@bytedance.com) AppleWebKit/537.36 (KHTML, like Gecko) Chrome/70.0.0.0 Safari/537.36"
47.128.31.114 - - [14/Apr/2026:18:34:46 -0400] "GET /wp-content/uploads/2025/04/asesoria-tesis-medicina-960x630.jpg HTTP/1.1" 206 500 "https://asesoriastesismedicina.com/author/asesorias/" "Mozilla/5.0 (compatible; Bytespider; spider-feedback@bytedance.com) AppleWebKit/537.36 (KHTML, like Gecko) Chrome/70.0.0.0 Safari/537.36"
47.128.31.114 - - [14/Apr/2026:18:34:48 -0400] "GET /wp-content/uploads/2025/05/errores-asesoria-tesis-medicina-960x630.jpg HTTP/1.1" 206 46835 "https://asesoriastesismedicina.com/author/asesorias/" "Mozilla/5.0 (compatible; Bytespider; spider-feedback@bytedance.com) AppleWebKit/537.36 (KHTML, like Gecko) Chrome/70.0.0.0 Safari/537.36"
47.128.31.114 - - [14/Apr/2026:18:34:48 -0400] "GET /wp-content/uploads/2025/05/asesoria-tesis-medicina-960x630.jpg HTTP/1.1" 304 0 "https://asesoriastesismedicina.com/author/asesorias/" "Mozilla/5.0 (compatible; Bytespider; spider-feedback@bytedance.com) AppleWebKit/537.36 (KHTML, like Gecko) Chrome/70.0.0.0 Safari/537.36"
47.128.31.114 - - [14/Apr/2026:18:34:48 -0400] "GET /wp-content/uploads/2025/04/Asesoria-tesis-medica-960x630.jpg HTTP/1.1" 304 0 "https://asesoriastesismedicina.com/author/asesorias/" "Mozilla/5.0 (compatible; Bytespider; spider-feedback@bytedance.com) AppleWebKit/537.36 (KHTML, like Gecko) Chrome/70.0.0.0 Safari/537.36"
47.128.31.114 - - [14/Apr/2026:18:34:48 -0400] "GET /wp-content/uploads/2025/04/asesoria-tesis-medicina-960x630.jpg HTTP/1.1" 304 0 "https://asesoriastesismedicina.com/author/asesorias/" "Mozilla/5.0 (compatible; Bytespider; spider-feedback@bytedance.com) AppleWebKit/537.36 (KHTML, like Gecko) Chrome/70.0.0.0 Safari/537.36"
47.128.31.114 - - [14/Apr/2026:18:34:48 -0400] "GET /wp-content/uploads/2025/04/Asesoria-tesis-medica-960x630.jpg HTTP/1.1" 206 65361 "https://asesoriastesismedicina.com/author/asesorias/" "Mozilla/5.0 (compatible; Bytespider; spider-feedback@bytedance.com) AppleWebKit/537.36 (KHTML, like Gecko) Chrome/70.0.0.0 Safari/537.36"
2a06:98c0:3600::103 - - [14/Apr/2026:18:35:06 -0400] "GET /wp-content/plugins/wp-dark-mode/assets/css/app.min.css?ver=5.3.0 HTTP/1.1" 200 69007 "-" "Mozilla/5.0 (Windows NT 10.0; Win64; x64) AppleWebKit/537.36 (KHTML, like Gecko) Chrome/123.0.0.0 Safari/537.36"
104.210.140.133 - - [14/Apr/2026:18:30:09 -0400] "GET /robots.txt HTTP/1.1" 301 0 "-" "Mozilla/5.0 (Macintosh; Intel Mac OS X 10_15_7) AppleWebKit/537.36 (KHTML, like Gecko) Chrome/131.0.0.0 Safari/537.36; compatible; OAI-SearchBot/1.0; +https://openai.com/searchbot"
198.54.121.245 - - [14/Apr/2026:18:34:36 -0400] "POST /wp-cron.php?doing_wp_cron=1776206076.6588609218597412109375 HTTP/1.1" 200 0 "-" "WordPress/6.9.4; https://asesoriastesismedicina.com"
47.128.31.114 - - [14/Apr/2026:18:34:41 -0400] "GET /wp-content/uploads/2025/07/Errores-tesis-medica-960x630.jpg HTTP/1.1" 206 500 "https://asesoriastesismedicina.com/author/asesorias/" "Mozilla/5.0 (compatible; Bytespider; spider-feedback@bytedance.com) AppleWebKit/537.36 (KHTML, like Gecko) Chrome/70.0.0.0 Safari/537.36"
47.128.31.114 - - [14/Apr/2026:18:34:42 -0400] "GET /wp-content/uploads/2025/07/Errores-tesis-medica-960x630.jpg HTTP/1.1" 206 52687 "https://asesoriastesismedicina.com/author/asesorias/" "Mozilla/5.0 (compatible; Bytespider; spider-feedback@bytedance.com) AppleWebKit/537.36 (KHTML, like Gecko) Chrome/70.0.0.0 Safari/537.36"
47.128.31.114 - - [14/Apr/2026:18:34:45 -0400] "GET /wp-content/uploads/2025/06/analisis-datos-tesis-medica-960x630.png HTTP/1.1" 206 500 "https://asesoriastesismedicina.com/author/asesorias/" "Mozilla/5.0 (compatible; Bytespider; spider-feedback@bytedance.com) AppleWebKit/537.36 (KHTML, like Gecko) Chrome/70.0.0.0 Safari/537.36"
47.128.31.114 - - [14/Apr/2026:18:34:46 -0400] "GET /wp-content/uploads/2025/05/tesis-medicina-asesoria-960x630.png HTTP/1.1" 206 500 "https://asesoriastesismedicina.com/author/asesorias/" "Mozilla/5.0 (compatible; Bytespider; spider-feedback@bytedance.com) AppleWebKit/537.36 (KHTML, like Gecko) Chrome/70.0.0.0 Safari/537.36"
47.128.31.114 - - [14/Apr/2026:18:34:47 -0400] "GET /wp-content/uploads/2025/05/errores-asesoria-tesis-medicina-960x630.jpg HTTP/1.1" 304 0 "https://asesoriastesismedicina.com/author/asesorias/" "Mozilla/5.0 (compatible; Bytespider; spider-feedback@bytedance.com) AppleWebKit/537.36 (KHTML, like Gecko) Chrome/70.0.0.0 Safari/537.36"
47.128.31.114 - - [14/Apr/2026:18:34:48 -0400] "GET /wp-content/uploads/2025/05/asesoria-tesis-medicina-960x630.jpg HTTP/1.1" 206 17337 "https://asesoriastesismedicina.com/author/asesorias/" "Mozilla/5.0 (compatible; Bytespider; spider-feedback@bytedance.com) AppleWebKit/537.36 (KHTML, like Gecko) Chrome/70.0.0.0 Safari/537.36"
47.128.31.114 - - [14/Apr/2026:18:34:49 -0400] "GET /wp-content/uploads/2025/04/asesoria-tesis-medicina-960x630.jpg HTTP/1.1" 206 123930 "https://asesoriastesismedicina.com/author/asesorias/" "Mozilla/5.0 (compatible; Bytespider; spider-feedback@bytedance.com) AppleWebKit/537.36 (KHTML, like Gecko) Chrome/70.0.0.0 Safari/537.36"
198.54.121.245 - - [14/Apr/2026:18:38:35 -0400] "POST /wp-cron.php?doing_wp_cron=1776206315.4576249122619628906250 HTTP/1.1" 200 0 "-" "WordPress/6.9.4; https://asesoriastesismedicina.com"
135.236.141.36 - - [14/Apr/2026:18:38:33 -0400] "POST /wp-login.php HTTP/1.1" 200 33192 "https://asesoriastesismedicina.com/wp-login.php" "Mozilla/5.0 (Windows NT 6.3; WOW64; Trident/7.0; MATMJS; rv:11.0) like Gecko"
123.187.240.242 - - [14/Apr/2026:18:39:33 -0400] "GET / HTTP/1.1" 301 0 "http://www.asesoriastesismedicina.com" "Mozilla/5.0 (iPhone; CPU iPhone OS 13_2_3 like Mac OS X) AppleWebKit/605.1.15 (KHTML, like Gecko) Version/13.0.3 Mobile/15E148 Safari/604.1"
144.76.32.235 - - [14/Apr/2026:18:42:42 -0400] "GET /robots.txt HTTP/1.1" 200 119 "-" "Mozilla/5.0 (compatible; SERankingBacklinksBot/1.0; +https://seranking.com/backlinks-crawler)"
198.54.121.245 - - [14/Apr/2026:18:42:44 -0400] "POST /wp-cron.php?doing_wp_cron=1776206564.9142739772796630859375 HTTP/1.1" 200 0 "-" "WordPress/6.9.4; https://asesoriastesismedicina.com"
144.76.32.235 - - [14/Apr/2026:18:42:42 -0400] "GET /2024/05/07/the-role-of-big-data-in-enhancing-online-casino-with-real-money-experiences/ HTTP/1.1" 404 71746 "-" "Mozilla/5.0 (compatible; SERankingBacklinksBot/1.0; +https://seranking.com/backlinks-crawler)"
217.216.108.124 - - [14/Apr/2026:18:44:33 -0400] "GET /wp-login.php HTTP/1.1" 200 33134 "-" "Mozilla/4.0 (compatible; MSIE 7.0; Windows NT 6.1; WOW64; Trident/7.0; SLCC2; .NET CLR 2.0.50727; .NET CLR 3.5.30729; .NET CLR 3.0.30729; .NET4.0C; .NET4.0E; Media Center PC 6.0)"
135.236.141.36 - - [14/Apr/2026:18:38:32 -0400] "GET /wp-login.php HTTP/1.1" 200 33134 "-" "Mozilla/5.0 (Windows NT 6.3; WOW64; Trident/7.0; MATMJS; rv:11.0) like Gecko"
212.89.15.132 - - [14/Apr/2026:18:38:53 -0400] "GET /wp-login.php HTTP/1.1" 200 33134 "-" "Mozilla/5.0 (Windows NT 10.0; Win64; x64) AppleWebKit/537.36 (KHTML, like Gecko) Chrome/64.0.3282.140 Safari/537.36 OPR/51.0.2830.34"
212.89.15.132 - - [14/Apr/2026:18:38:53 -0400] "POST /wp-login.php HTTP/1.1" 302 0 "https://asesoriastesismedicina.com/wp-login.php" "Mozilla/5.0 (Windows NT 10.0; Win64; x64) AppleWebKit/537.36 (KHTML, like Gecko) Chrome/64.0.3282.140 Safari/537.36 OPR/51.0.2830.34"
212.89.15.132 - - [14/Apr/2026:18:38:55 -0400] "GET /wp-login.php?locked_out=true&_wpnonce=ed05546f41 HTTP/1.1" 200 33224 "https://asesoriastesismedicina.com/wp-login.php" "Mozilla/5.0 (Windows NT 10.0; Win64; x64) AppleWebKit/537.36 (KHTML, like Gecko) Chrome/64.0.3282.140 Safari/537.36 OPR/51.0.2830.34"
123.187.240.242 - - [14/Apr/2026:18:39:41 -0400] "GET / HTTP/1.1" 200 97045 "https://www.asesoriastesismedicina.com/" "Mozilla/5.0 (iPhone; CPU iPhone OS 13_2_3 like Mac OS X) AppleWebKit/605.1.15 (KHTML, like Gecko) Version/13.0.3 Mobile/15E148 Safari/604.1"
217.216.108.124 - - [14/Apr/2026:18:44:34 -0400] "POST /wp-login.php HTTP/1.1" 302 0 "https://asesoriastesismedicina.com/wp-login.php" "Mozilla/4.0 (compatible; MSIE 7.0; Windows NT 6.1; WOW64; Trident/7.0; SLCC2; .NET CLR 2.0.50727; .NET CLR 3.5.30729; .NET CLR 3.0.30729; .NET4.0C; .NET4.0E; Media Center PC 6.0)"
217.216.108.124 - - [14/Apr/2026:18:44:36 -0400] "GET /wp-login.php?locked_out=true&_wpnonce=ed05546f41 HTTP/1.1" 200 33224 "https://asesoriastesismedicina.com/wp-login.php" "Mozilla/4.0 (compatible; MSIE 7.0; Windows NT 6.1; WOW64; Trident/7.0; SLCC2; .NET CLR 2.0.50727; .NET CLR 3.5.30729; .NET CLR 3.0.30729; .NET4.0C; .NET4.0E; Media Center PC 6.0)"
52.167.144.211 - - [14/Apr/2026:18:48:34 -0400] "GET /wp-content/uploads/2025/08/Sin-titulo-800-x-1000-px-1000-x-1000-px-1200-x-792-px-6-768x507.png HTTP/1.1" 200 207818 "-" "Mozilla/5.0 AppleWebKit/537.36 (KHTML, like Gecko; compatible; bingbot/2.0; +http://www.bing.com/bingbot.htm) Chrome/116.0.1938.76 Safari/537.36"
41.76.214.94 - - [14/Apr/2026:18:52:24 -0400] "GET /wp-login.php HTTP/1.1" 200 33134 "-" "Mozilla/5.0 (Windows NT 6.3; WOW64; Trident/7.0; MASPJS; rv:11.0) like Gecko"
198.54.121.245 - - [14/Apr/2026:18:52:27 -0400] "POST /wp-cron.php?doing_wp_cron=1776207147.4947319030761718750000 HTTP/1.1" 200 0 "-" "WordPress/6.9.4; https://asesoriastesismedicina.com"
41.76.214.94 - - [14/Apr/2026:18:52:25 -0400] "POST /wp-login.php HTTP/1.1" 302 0 "https://asesoriastesismedicina.com/wp-login.php" "Mozilla/5.0 (Windows NT 6.3; WOW64; Trident/7.0; MASPJS; rv:11.0) like Gecko"
41.76.214.94 - - [14/Apr/2026:18:52:28 -0400] "GET /wp-login.php?locked_out=true&_wpnonce=ed05546f41 HTTP/1.1" 200 33224 "https://asesoriastesismedicina.com/wp-login.php" "Mozilla/5.0 (Windows NT 6.3; WOW64; Trident/7.0; MASPJS; rv:11.0) like Gecko"
66.94.114.29 - - [14/Apr/2026:18:52:50 -0400] "POST /wp-login.php HTTP/1.1" 302 0 "https://asesoriastesismedicina.com/wp-login.php" "Mozilla/5.0 (Windows NT 6.1; rv:60.0) Gecko/20100101 Firefox/60.0"
216.244.66.240 - - [14/Apr/2026:19:02:13 -0400] "GET /robots.txt HTTP/1.1" 200 127 "-" "Mozilla/5.0 (compatible; DotBot/1.2; +https://opensiteexplorer.org/dotbot; help@moz.com)"
66.94.114.29 - - [14/Apr/2026:18:52:50 -0400] "GET /wp-login.php HTTP/1.1" 200 33134 "-" "Mozilla/5.0 (Windows NT 6.1; rv:60.0) Gecko/20100101 Firefox/60.0"
66.94.114.29 - - [14/Apr/2026:18:52:53 -0400] "GET /wp-login.php?locked_out=true&_wpnonce=ed05546f41 HTTP/1.1" 200 33224 "https://asesoriastesismedicina.com/wp-login.php" "Mozilla/5.0 (Windows NT 6.1; rv:60.0) Gecko/20100101 Firefox/60.0"
168.187.5.210 - - [14/Apr/2026:19:00:08 -0400] "GET /wp-login.php HTTP/1.1" 200 33134 "-" "Mozilla/5.0 (Windows NT 6.1; WOW64; Trident/7.0; MATP; rv:11.0) like Gecko"
198.54.121.245 - - [14/Apr/2026:19:04:36 -0400] "POST /wp-cron.php?doing_wp_cron=1776207876.7965750694274902343750 HTTP/1.1" 200 0 "-" "WordPress/6.9.4; https://asesoriastesismedicina.com"
52.167.144.25 - - [14/Apr/2026:19:04:34 -0400] "GET /sitemap.xml HTTP/1.1" 301 0 "-" "Mozilla/5.0 AppleWebKit/537.36 (KHTML, like Gecko; compatible; bingbot/2.0; +http://www.bing.com/bingbot.htm) Chrome/116.0.1938.76 Safari/537.36"
50.6.7.129 - - [14/Apr/2026:19:09:27 -0400] "GET /wp-login.php HTTP/1.1" 200 33134 "-" "Mozilla/5.0 (Windows NT 10.0; WOW64; Trident/7.0; EIE10;ENUSMSN; rv:11.0) like Gecko"
50.6.7.129 - - [14/Apr/2026:19:09:28 -0400] "POST /wp-login.php HTTP/1.1" 200 33192 "https://asesoriastesismedicina.com/wp-login.php" "Mozilla/5.0 (Windows NT 10.0; WOW64; Trident/7.0; EIE10;ENUSMSN; rv:11.0) like Gecko"
135.236.141.36 - - [14/Apr/2026:19:10:39 -0400] "POST /wp-login.php HTTP/1.1" 200 33190 "https://asesoriastesismedicina.com/wp-login.php" "Mozilla/5.0 (X11; Linux x86_64) AppleWebKit/537.36 (KHTML, like Gecko) Chrome/66.0.3359.181 Safari/537.36"
52.167.144.25 - - [14/Apr/2026:19:04:38 -0400] "GET /wp-sitemap.xml HTTP/1.1" 200 199 "-" "Mozilla/5.0 AppleWebKit/537.36 (KHTML, like Gecko; compatible; bingbot/2.0; +http://www.bing.com/bingbot.htm) Chrome/116.0.1938.76 Safari/537.36"
198.54.121.245 - - [14/Apr/2026:19:09:30 -0400] "POST /wp-cron.php?doing_wp_cron=1776208170.1932389736175537109375 HTTP/1.1" 200 0 "-" "WordPress/6.9.4; https://asesoriastesismedicina.com"
135.236.141.36 - - [14/Apr/2026:19:10:38 -0400] "GET /wp-login.php HTTP/1.1" 200 33134 "-" "Mozilla/5.0 (X11; Linux x86_64) AppleWebKit/537.36 (KHTML, like Gecko) Chrome/66.0.3359.181 Safari/537.36"
216.244.66.240 - - [14/Apr/2026:19:22:15 -0400] "GET /category/kazino/ HTTP/1.1" 200 243107 "-" "Mozilla/5.0 (compatible; DotBot/1.2; +https://opensiteexplorer.org/dotbot; help@moz.com)"
198.54.121.245 - - [14/Apr/2026:19:22:17 -0400] "POST /wp-cron.php?doing_wp_cron=1776208937.6076700687408447265625 HTTP/1.1" 200 0 "-" "WordPress/6.9.4; https://asesoriastesismedicina.com"
62.210.185.4 - - [14/Apr/2026:19:17:23 -0400] "GET /wp-login.php HTTP/1.1" 200 33134 "-" "Mozilla/5.0 (Windows NT 6.3; Win64; x64) AppleWebKit/537.36 (KHTML, like Gecko) Chrome/66.0.3359.139 Safari/537.36"
198.54.121.245 - - [14/Apr/2026:19:17:26 -0400] "POST /wp-cron.php?doing_wp_cron=1776208646.1539530754089355468750 HTTP/1.1" 200 0 "-" "WordPress/6.9.4; https://asesoriastesismedicina.com"
62.210.185.4 - - [14/Apr/2026:19:17:23 -0400] "POST /wp-login.php HTTP/1.1" 302 0 "https://asesoriastesismedicina.com/wp-login.php" "Mozilla/5.0 (Windows NT 6.3; Win64; x64) AppleWebKit/537.36 (KHTML, like Gecko) Chrome/66.0.3359.139 Safari/537.36"
62.210.185.4 - - [14/Apr/2026:19:17:26 -0400] "GET /wp-login.php?locked_out=true&_wpnonce=ed05546f41 HTTP/1.1" 200 33224 "https://asesoriastesismedicina.com/wp-login.php" "Mozilla/5.0 (Windows NT 6.3; Win64; x64) AppleWebKit/537.36 (KHTML, like Gecko) Chrome/66.0.3359.139 Safari/537.36"
51.75.159.12 - - [14/Apr/2026:19:26:43 -0400] "GET /wp-json/wp/v3/ HTTP/1.1" 404 149 "-" "Mozilla/5.0 (Windows NT 10.0; Win64; x64) AppleWebKit/537.36 (KHTML, like Gecko) Chrome/127.0.0.0 Safari/537.36"
198.54.121.245 - - [14/Apr/2026:19:32:54 -0400] "POST /wp-cron.php?doing_wp_cron=1776209574.9165160655975341796875 HTTP/1.1" 200 0 "-" "WordPress/6.9.4; https://asesoriastesismedicina.com"
35.237.177.90 - - [14/Apr/2026:19:32:53 -0400] "HEAD /wordpress/ HTTP/1.1" 301 0 "http://www.asesoriastesismedicina.com/wordpress/" "Mozilla/5.0 (Macintosh; Intel Mac OS X 14_5) AppleWebKit/605.1.15 (KHTML, like Gecko) Version/17.5 Safari/605.1.15"
35.237.177.90 - - [14/Apr/2026:19:32:55 -0400] "HEAD /wordpress/ HTTP/1.1" 404 0 "https://www.asesoriastesismedicina.com/wordpress/" "Mozilla/5.0 (Macintosh; Intel Mac OS X 14_5) AppleWebKit/605.1.15 (KHTML, like Gecko) Version/17.5 Safari/605.1.15"
35.237.177.90 - - [14/Apr/2026:19:32:55 -0400] "HEAD / HTTP/1.1" 301 0 "http://www.asesoriastesismedicina.com/" "Mozilla/5.0 (Linux; Android 13; Nokia G42 5G) AppleWebKit/537.36 (KHTML, like Gecko) Chrome/126.0.6478.41 Mobile Safari/537.36"
35.237.177.90 - - [14/Apr/2026:19:32:55 -0400] "HEAD / HTTP/1.1" 200 0 "https://www.asesoriastesismedicina.com/" "Mozilla/5.0 (Linux; Android 13; Nokia G42 5G) AppleWebKit/537.36 (KHTML, like Gecko) Chrome/126.0.6478.41 Mobile Safari/537.36"
35.237.177.90 - - [14/Apr/2026:19:32:55 -0400] "HEAD /old/ HTTP/1.1" 301 0 "http://www.asesoriastesismedicina.com/old/" "Mozilla/5.0 (Windows NT 10.0; Win64; x64; rv:127.0) Gecko/20100101 Firefox/127.0"
35.237.177.90 - - [14/Apr/2026:19:32:57 -0400] "HEAD /wp/ HTTP/1.1" 404 0 "https://www.asesoriastesismedicina.com/wp/" "Mozilla/5.0 (X11; Fedora; Linux x86_64; rv:125.0) Gecko/20100101 Firefox/125.0"
35.237.177.90 - - [14/Apr/2026:19:32:57 -0400] "HEAD /new/ HTTP/1.1" 301 0 "http://www.asesoriastesismedicina.com/new/" "Mozilla/5.0 (Linux; Android 14; OnePlus 12) AppleWebKit/537.36 (KHTML, like Gecko) Chrome/125.0.6422.102 Mobile Safari/537.36"
35.237.177.90 - - [14/Apr/2026:19:32:57 -0400] "HEAD /new/ HTTP/1.1" 404 0 "https://www.asesoriastesismedicina.com/new/" "Mozilla/5.0 (Linux; Android 14; OnePlus 12) AppleWebKit/537.36 (KHTML, like Gecko) Chrome/125.0.6422.102 Mobile Safari/537.36"
66.146.234.138 - - [14/Apr/2026:19:37:49 -0400] "GET /wp-content/themes/betheme/assets/animations/animations.min.css?ver=28.2 HTTP/1.1" 200 4610 "https://asesoriastesismedicina.com/" "Mozilla/5.0 (X11; Linux x86_64) AppleWebKit/537.36 (KHTML, like Gecko) Chrome/141.0.0.0 Safari/537.36"
66.146.234.138 - - [14/Apr/2026:19:37:49 -0400] "GET /wp-content/plugins/wp-whatsapp-chat/build/frontend/css/style.css?ver=8.4.1 HTTP/1.1" 200 7030 "https://asesoriastesismedicina.com/" "Mozilla/5.0 (X11; Linux x86_64) AppleWebKit/537.36 (KHTML, like Gecko) Chrome/141.0.0.0 Safari/537.36"
66.146.234.138 - - [14/Apr/2026:19:37:49 -0400] "GET /wp-content/plugins/elementor/assets/css/frontend.min.css?ver=4.0.2 HTTP/1.1" 200 6613 "https://asesoriastesismedicina.com/" "Mozilla/5.0 (X11; Linux x86_64) AppleWebKit/537.36 (KHTML, like Gecko) Chrome/141.0.0.0 Safari/537.36"
66.146.234.138 - - [14/Apr/2026:19:37:49 -0400] "GET /wp-content/plugins/elementor/assets/lib/font-awesome/css/v4-shims.min.css?ver=4.0.2 HTTP/1.1" 200 3987 "https://asesoriastesismedicina.com/" "Mozilla/5.0 (X11; Linux x86_64) AppleWebKit/537.36 (KHTML, like Gecko) Chrome/141.0.0.0 Safari/537.36"
66.146.234.138 - - [14/Apr/2026:19:37:49 -0400] "GET /wp-content/plugins/elementor/assets/lib/animations/styles/zoomIn.min.css?ver=4.0.2 HTTP/1.1" 200 106 "https://asesoriastesismedicina.com/" "Mozilla/5.0 (X11; Linux x86_64) AppleWebKit/537.36 (KHTML, like Gecko) Chrome/141.0.0.0 Safari/537.36"
66.146.234.138 - - [14/Apr/2026:19:37:49 -0400] "GET /wp-content/plugins/elementor/assets/lib/animations/styles/fadeIn.min.css?ver=4.0.2 HTTP/1.1" 200 77 "https://asesoriastesismedicina.com/" "Mozilla/5.0 (X11; Linux x86_64) AppleWebKit/537.36 (KHTML, like Gecko) Chrome/141.0.0.0 Safari/537.36"
35.237.177.90 - - [14/Apr/2026:19:32:55 -0400] "HEAD /blog/ HTTP/1.1" 301 0 "http://www.asesoriastesismedicina.com/blog/" "Mozilla/5.0 (X11; Linux x86_64; rv:127.0) Gecko/20100101 Firefox/127.0"
35.237.177.90 - - [14/Apr/2026:19:32:55 -0400] "HEAD /blog/ HTTP/1.1" 200 0 "https://www.asesoriastesismedicina.com/blog/" "Mozilla/5.0 (X11; Linux x86_64; rv:127.0) Gecko/20100101 Firefox/127.0"
35.237.177.90 - - [14/Apr/2026:19:32:56 -0400] "HEAD /old/ HTTP/1.1" 404 0 "https://www.asesoriastesismedicina.com/old/" "Mozilla/5.0 (Windows NT 10.0; Win64; x64; rv:127.0) Gecko/20100101 Firefox/127.0"
35.237.177.90 - - [14/Apr/2026:19:32:56 -0400] "HEAD /backup/ HTTP/1.1" 301 0 "http://www.asesoriastesismedicina.com/backup/" "Mozilla/5.0 (Linux; Android 13; Nokia G42 5G) AppleWebKit/537.36 (KHTML, like Gecko) Chrome/126.0.6478.41 Mobile Safari/537.36"
35.237.177.90 - - [14/Apr/2026:19:32:56 -0400] "HEAD /backup/ HTTP/1.1" 404 0 "https://www.asesoriastesismedicina.com/backup/" "Mozilla/5.0 (Linux; Android 13; Nokia G42 5G) AppleWebKit/537.36 (KHTML, like Gecko) Chrome/126.0.6478.41 Mobile Safari/537.36"
35.237.177.90 - - [14/Apr/2026:19:32:56 -0400] "HEAD /wp/ HTTP/1.1" 301 0 "http://www.asesoriastesismedicina.com/wp/" "Mozilla/5.0 (X11; Fedora; Linux x86_64; rv:125.0) Gecko/20100101 Firefox/125.0"
103.172.92.25 - - [14/Apr/2026:19:36:07 -0400] "GET /wp-login.php HTTP/1.1" 200 33134 "-" "Mozilla/4.0 (compatible; MSIE 7.0; Windows NT 6.1; Trident/7.0; SLCC2; .NET CLR 2.0.50727; .NET CLR 3.5.30729; .NET CLR 3.0.30729; Media Center PC 6.0; .NET4.0C; .NET4.0E; Tablet PC 2.0; Alexa Toolbar)"
66.146.234.138 - - [14/Apr/2026:19:37:48 -0400] "GET / HTTP/1.1" 200 83830 "-" "Mozilla/5.0 (X11; Linux x86_64) AppleWebKit/537.36 (KHTML, like Gecko) Chrome/141.0.0.0 Safari/537.36"
66.146.234.138 - - [14/Apr/2026:19:37:49 -0400] "GET /wp-content/themes/betheme/css/be.css?ver=28.2 HTTP/1.1" 200 81915 "https://asesoriastesismedicina.com/" "Mozilla/5.0 (X11; Linux x86_64) AppleWebKit/537.36 (KHTML, like Gecko) Chrome/141.0.0.0 Safari/537.36"
66.146.234.138 - - [14/Apr/2026:19:37:49 -0400] "GET /wp-content/plugins/revslider/public/css/sr7.css?ver=6.7.40 HTTP/1.1" 200 1409 "https://asesoriastesismedicina.com/" "Mozilla/5.0 (X11; Linux x86_64) AppleWebKit/537.36 (KHTML, like Gecko) Chrome/141.0.0.0 Safari/537.36"
66.146.234.138 - - [14/Apr/2026:19:37:49 -0400] "GET /wp-content/plugins/contact-form-7/includes/css/styles.css?ver=6.1.5 HTTP/1.1" 200 899 "https://asesoriastesismedicina.com/" "Mozilla/5.0 (X11; Linux x86_64) AppleWebKit/537.36 (KHTML, like Gecko) Chrome/141.0.0.0 Safari/537.36"
66.146.234.138 - - [14/Apr/2026:19:37:49 -0400] "GET /wp-content/themes/betheme/css/responsive.css?ver=28.2 HTTP/1.1" 200 11418 "https://asesoriastesismedicina.com/" "Mozilla/5.0 (X11; Linux x86_64) AppleWebKit/537.36 (KHTML, like Gecko) Chrome/141.0.0.0 Safari/537.36"
66.146.234.138 - - [14/Apr/2026:19:37:49 -0400] "GET /wp-content/plugins/wp-dark-mode/assets/css/app.min.css?ver=5.3.0 HTTP/1.1" 200 69007 "https://asesoriastesismedicina.com/" "Mozilla/5.0 (X11; Linux x86_64) AppleWebKit/537.36 (KHTML, like Gecko) Chrome/141.0.0.0 Safari/537.36"
66.146.234.138 - - [14/Apr/2026:19:37:49 -0400] "GET /wp-content/themes/betheme/fonts/fontawesome/fontawesome.css?ver=28.2 HTTP/1.1" 200 12408 "https://asesoriastesismedicina.com/" "Mozilla/5.0 (X11; Linux x86_64) AppleWebKit/537.36 (KHTML, like Gecko) Chrome/141.0.0.0 Safari/537.36"
66.146.234.138 - - [14/Apr/2026:19:37:49 -0400] "GET /wp-content/plugins/elementor/assets/lib/eicons/css/elementor-icons.min.css?ver=5.48.0 HTTP/1.1" 200 4087 "https://asesoriastesismedicina.com/" "Mozilla/5.0 (X11; Linux x86_64) AppleWebKit/537.36 (KHTML, like Gecko) Chrome/141.0.0.0 Safari/537.36"
66.146.234.138 - - [14/Apr/2026:19:37:49 -0400] "GET /wp-content/plugins/elementor/assets/css/widget-image.min.css?ver=4.0.2 HTTP/1.1" 200 214 "https://asesoriastesismedicina.com/" "Mozilla/5.0 (X11; Linux x86_64) AppleWebKit/537.36 (KHTML, like Gecko) Chrome/141.0.0.0 Safari/537.36"
66.146.234.138 - - [14/Apr/2026:19:37:49 -0400] "GET /wp-content/plugins/elementor/assets/css/widget-heading.min.css?ver=4.0.2 HTTP/1.1" 200 126 "https://asesoriastesismedicina.com/" "Mozilla/5.0 (X11; Linux x86_64) AppleWebKit/537.36 (KHTML, like Gecko) Chrome/141.0.0.0 Safari/537.36"
66.146.234.138 - - [14/Apr/2026:19:37:49 -0400] "GET /wp-content/plugins/elementor/assets/css/widget-divider.min.css?ver=4.0.2 HTTP/1.1" 200 678 "https://asesoriastesismedicina.com/" "Mozilla/5.0 (X11; Linux x86_64) AppleWebKit/537.36 (KHTML, like Gecko) Chrome/141.0.0.0 Safari/537.36"
66.146.234.138 - - [14/Apr/2026:19:37:49 -0400] "GET /wp-content/plugins/elementor/assets/lib/animations/styles/fadeInLeft.min.css?ver=4.0.2 HTTP/1.1" 200 137 "https://asesoriastesismedicina.com/" "Mozilla/5.0 (X11; Linux x86_64) AppleWebKit/537.36 (KHTML, like Gecko) Chrome/141.0.0.0 Safari/537.36"
66.146.234.138 - - [14/Apr/2026:19:37:49 -0400] "GET /wp-content/uploads/elementor/css/post-277.css?ver=1776157507 HTTP/1.1" 200 348 "https://asesoriastesismedicina.com/" "Mozilla/5.0 (X11; Linux x86_64) AppleWebKit/537.36 (KHTML, like Gecko) Chrome/141.0.0.0 Safari/537.36"
66.146.234.138 - - [14/Apr/2026:19:37:49 -0400] "GET /wp-content/plugins/elementor/assets/css/widget-accordion.min.css?ver=4.0.2 HTTP/1.1" 200 353 "https://asesoriastesismedicina.com/" "Mozilla/5.0 (X11; Linux x86_64) AppleWebKit/537.36 (KHTML, like Gecko) Chrome/141.0.0.0 Safari/537.36"
66.146.234.138 - - [14/Apr/2026:19:37:49 -0400] "GET /wp-content/uploads/elementor/css/post-2.css?ver=1776157508 HTTP/1.1" 200 5567 "https://asesoriastesismedicina.com/" "Mozilla/5.0 (X11; Linux x86_64) AppleWebKit/537.36 (KHTML, like Gecko) Chrome/141.0.0.0 Safari/537.36"
66.146.234.138 - - [14/Apr/2026:19:37:49 -0400] "GET /wp-content/plugins/elementor/assets/lib/font-awesome/css/all.min.css?ver=4.0.2 HTTP/1.1" 200 12380 "https://asesoriastesismedicina.com/" "Mozilla/5.0 (X11; Linux x86_64) AppleWebKit/537.36 (KHTML, like Gecko) Chrome/141.0.0.0 Safari/537.36"
66.146.234.138 - - [14/Apr/2026:19:37:49 -0400] "GET /wp-includes/js/jquery/jquery-migrate.min.js?ver=3.4.1 HTTP/1.1" 200 4678 "https://asesoriastesismedicina.com/" "Mozilla/5.0 (X11; Linux x86_64) AppleWebKit/537.36 (KHTML, like Gecko) Chrome/141.0.0.0 Safari/537.36"
66.146.234.138 - - [14/Apr/2026:19:37:49 -0400] "GET /wp-content/uploads/2023/03/cropped-Asesorias-tesis-Medicina.png HTTP/1.1" 200 15052 "https://asesoriastesismedicina.com/" "Mozilla/5.0 (X11; Linux x86_64) AppleWebKit/537.36 (KHTML, like Gecko) Chrome/141.0.0.0 Safari/537.36"
66.146.234.138 - - [14/Apr/2026:19:37:49 -0400] "GET /wp-content/plugins/elementor/assets/lib/font-awesome/css/fontawesome.min.css?ver=5.15.3 HTTP/1.1" 200 12164 "https://asesoriastesismedicina.com/" "Mozilla/5.0 (X11; Linux x86_64) AppleWebKit/537.36 (KHTML, like Gecko) Chrome/141.0.0.0 Safari/537.36"
66.146.234.138 - - [14/Apr/2026:19:37:49 -0400] "GET /wp-content/uploads/2022/10/bedoctor-header-icon2.svg HTTP/1.1" 200 523 "https://asesoriastesismedicina.com/" "Mozilla/5.0 (X11; Linux x86_64) AppleWebKit/537.36 (KHTML, like Gecko) Chrome/141.0.0.0 Safari/537.36"
66.146.234.138 - - [14/Apr/2026:19:37:49 -0400] "GET /wp-content/uploads/2022/10/bedoctor-header-icon1.svg HTTP/1.1" 200 147 "https://asesoriastesismedicina.com/" "Mozilla/5.0 (X11; Linux x86_64) AppleWebKit/537.36 (KHTML, like Gecko) Chrome/141.0.0.0 Safari/537.36"
66.146.234.138 - - [14/Apr/2026:19:37:49 -0400] "GET /wp-content/uploads/betheme/css/post-103.css?ver=1776163678 HTTP/1.1" 200 551 "https://asesoriastesismedicina.com/" "Mozilla/5.0 (X11; Linux x86_64) AppleWebKit/537.36 (KHTML, like Gecko) Chrome/141.0.0.0 Safari/537.36"
66.146.234.138 - - [14/Apr/2026:19:37:49 -0400] "GET /wp-content/uploads/betheme/css/post-2.css?ver=1776163678 HTTP/1.1" 200 52 "https://asesoriastesismedicina.com/" "Mozilla/5.0 (X11; Linux x86_64) AppleWebKit/537.36 (KHTML, like Gecko) Chrome/141.0.0.0 Safari/537.36"
66.146.234.138 - - [14/Apr/2026:19:37:49 -0400] "GET /wp-content/uploads/elementor/google-fonts/css/dmsans.css?ver=1742290396 HTTP/1.1" 200 511 "https://asesoriastesismedicina.com/" "Mozilla/5.0 (X11; Linux x86_64) AppleWebKit/537.36 (KHTML, like Gecko) Chrome/141.0.0.0 Safari/537.36"
66.146.234.138 - - [14/Apr/2026:19:37:49 -0400] "GET /wp-content/plugins/wp-dark-mode/assets/js/dark-mode.js?ver=5.3.0 HTTP/1.1" 200 37385 "https://asesoriastesismedicina.com/" "Mozilla/5.0 (X11; Linux x86_64) AppleWebKit/537.36 (KHTML, like Gecko) Chrome/141.0.0.0 Safari/537.36"
66.146.234.138 - - [14/Apr/2026:19:37:49 -0400] "GET /wp-content/uploads/elementor/google-fonts/css/robotoslab.css?ver=1742290392 HTTP/1.1" 200 721 "https://asesoriastesismedicina.com/" "Mozilla/5.0 (X11; Linux x86_64) AppleWebKit/537.36 (KHTML, like Gecko) Chrome/141.0.0.0 Safari/537.36"
66.146.234.138 - - [14/Apr/2026:19:37:49 -0400] "GET /wp-content/uploads/elementor/google-fonts/css/roboto.css?ver=1742290387 HTTP/1.1" 200 1887 "https://asesoriastesismedicina.com/" "Mozilla/5.0 (X11; Linux x86_64) AppleWebKit/537.36 (KHTML, like Gecko) Chrome/141.0.0.0 Safari/537.36"
66.146.234.138 - - [14/Apr/2026:19:37:49 -0400] "GET /wp-content/plugins/elementor/assets/css/widget-icon-box.min.css?ver=4.0.2 HTTP/1.1" 200 356 "https://asesoriastesismedicina.com/" "Mozilla/5.0 (X11; Linux x86_64) AppleWebKit/537.36 (KHTML, like Gecko) Chrome/141.0.0.0 Safari/537.36"
66.146.234.138 - - [14/Apr/2026:19:37:49 -0400] "GET /wp-content/plugins/elementor/assets/lib/font-awesome/js/v4-shims.min.js?ver=4.0.2 HTTP/1.1" 200 4042 "https://asesoriastesismedicina.com/" "Mozilla/5.0 (X11; Linux x86_64) AppleWebKit/537.36 (KHTML, like Gecko) Chrome/141.0.0.0 Safari/537.36"
66.146.234.138 - - [14/Apr/2026:19:37:49 -0400] "GET /wp-content/plugins/wp-dark-mode/assets/js/app.min.js?ver=5.3.0 HTTP/1.1" 200 27623 "https://asesoriastesismedicina.com/" "Mozilla/5.0 (X11; Linux x86_64) AppleWebKit/537.36 (KHTML, like Gecko) Chrome/141.0.0.0 Safari/537.36"
66.146.234.138 - - [14/Apr/2026:19:37:49 -0400] "GET /wp-content/plugins/elementor/assets/lib/font-awesome/css/solid.min.css?ver=5.15.3 HTTP/1.1" 200 286 "https://asesoriastesismedicina.com/" "Mozilla/5.0 (X11; Linux x86_64) AppleWebKit/537.36 (KHTML, like Gecko) Chrome/141.0.0.0 Safari/537.36"
66.146.234.138 - - [14/Apr/2026:19:37:49 -0400] "GET /wp-includes/js/jquery/jquery.min.js?ver=3.7.1 HTTP/1.1" 200 29744 "https://asesoriastesismedicina.com/" "Mozilla/5.0 (X11; Linux x86_64) AppleWebKit/537.36 (KHTML, like Gecko) Chrome/141.0.0.0 Safari/537.36"
66.146.234.138 - - [14/Apr/2026:19:37:49 -0400] "GET /wp-content/uploads/2022/10/bedoctor-header-icon3.svg HTTP/1.1" 200 166 "https://asesoriastesismedicina.com/" "Mozilla/5.0 (X11; Linux x86_64) AppleWebKit/537.36 (KHTML, like Gecko) Chrome/141.0.0.0 Safari/537.36"
66.146.234.138 - - [14/Apr/2026:19:37:49 -0400] "GET /wp-content/plugins/revslider/public/css/fonts/font-awesome/css/font-awesome.css HTTP/1.1" 200 6953 "https://asesoriastesismedicina.com/" "Mozilla/5.0 (X11; Linux x86_64) AppleWebKit/537.36 (KHTML, like Gecko) Chrome/141.0.0.0 Safari/537.36"
66.146.234.138 - - [14/Apr/2026:19:37:49 -0400] "GET /wp-content/themes/betheme/fonts/mfn/icons.woff2?3522148 HTTP/1.1" 200 72608 "https://asesoriastesismedicina.com/wp-content/themes/betheme/css/be.css?ver=28.2" "Mozilla/5.0 (X11; Linux x86_64) AppleWebKit/537.36 (KHTML, like Gecko) Chrome/141.0.0.0 Safari/537.36"
66.146.234.138 - - [14/Apr/2026:19:37:50 -0400] "GET /wp-includes/js/dist/hooks.min.js?ver=dd5603f07f9220ed27f1 HTTP/1.1" 200 1852 "https://asesoriastesismedicina.com/" "Mozilla/5.0 (X11; Linux x86_64) AppleWebKit/537.36 (KHTML, like Gecko) Chrome/141.0.0.0 Safari/537.36"
66.146.234.138 - - [14/Apr/2026:19:37:49 -0400] "GET /wp-content/plugins/revslider/public/css/preloaders/t4.css HTTP/1.1" 200 280 "https://asesoriastesismedicina.com/" "Mozilla/5.0 (X11; Linux x86_64) AppleWebKit/537.36 (KHTML, like Gecko) Chrome/141.0.0.0 Safari/537.36"
66.146.234.138 - - [14/Apr/2026:19:37:49 -0400] "GET /wp-content/uploads/elementor/google-fonts/fonts/dmsans-rp2wp2ywxg089uriczasexd86j3t9jz86mvyyky58q.woff2 HTTP/1.1" 200 39656 "https://asesoriastesismedicina.com/wp-content/uploads/elementor/google-fonts/css/dmsans.css?ver=1742290396" "Mozilla/5.0 (X11; Linux x86_64) AppleWebKit/537.36 (KHTML, like Gecko) Chrome/141.0.0.0 Safari/537.36"
66.146.234.138 - - [14/Apr/2026:19:37:49 -0400] "GET /wp-content/plugins/elementor/assets/lib/font-awesome/webfonts/fa-solid-900.woff2 HTTP/1.1" 200 78196 "https://asesoriastesismedicina.com/wp-content/plugins/elementor/assets/lib/font-awesome/css/all.min.css?ver=4.0.2" "Mozilla/5.0 (X11; Linux x86_64) AppleWebKit/537.36 (KHTML, like Gecko) Chrome/141.0.0.0 Safari/537.36"
66.146.234.138 - - [14/Apr/2026:19:37:50 -0400] "GET /wp-content/uploads/betheme/css/post-78.css?ver=1776163678 HTTP/1.1" 200 473 "https://asesoriastesismedicina.com/" "Mozilla/5.0 (X11; Linux x86_64) AppleWebKit/537.36 (KHTML, like Gecko) Chrome/141.0.0.0 Safari/537.36"
66.146.234.138 - - [14/Apr/2026:19:37:50 -0400] "GET /wp-content/themes/betheme/functions/plugins/elementor/assets/elementor.css?ver=b8cec47803c80951ebafe23d13dd94d0 HTTP/1.1" 200 402 "https://asesoriastesismedicina.com/" "Mozilla/5.0 (X11; Linux x86_64) AppleWebKit/537.36 (KHTML, like Gecko) Chrome/141.0.0.0 Safari/537.36"
66.146.234.138 - - [14/Apr/2026:19:37:50 -0400] "GET /wp-includes/js/dist/i18n.min.js?ver=c26c3dc7bed366793375 HTTP/1.1" 200 2119 "https://asesoriastesismedicina.com/" "Mozilla/5.0 (X11; Linux x86_64) AppleWebKit/537.36 (KHTML, like Gecko) Chrome/141.0.0.0 Safari/537.36"
66.146.234.138 - - [14/Apr/2026:19:37:50 -0400] "GET /wp-content/plugins/contact-form-7/includes/js/index.js?ver=6.1.5 HTTP/1.1" 200 4008 "https://asesoriastesismedicina.com/" "Mozilla/5.0 (X11; Linux x86_64) AppleWebKit/537.36 (KHTML, like Gecko) Chrome/141.0.0.0 Safari/537.36"
66.146.234.138 - - [14/Apr/2026:19:37:51 -0400] "GET /wp-content/themes/betheme/js/plugins/debouncedresize.min.js?ver=28.2 HTTP/1.1" 200 258 "https://asesoriastesismedicina.com/" "Mozilla/5.0 (X11; Linux x86_64) AppleWebKit/537.36 (KHTML, like Gecko) Chrome/141.0.0.0 Safari/537.36"
66.146.234.138 - - [14/Apr/2026:19:37:51 -0400] "GET /wp-content/themes/betheme/js/plugins/magnificpopup.min.js?ver=28.2 HTTP/1.1" 200 7034 "https://asesoriastesismedicina.com/" "Mozilla/5.0 (X11; Linux x86_64) AppleWebKit/537.36 (KHTML, like Gecko) Chrome/141.0.0.0 Safari/537.36"
66.146.234.138 - - [14/Apr/2026:19:37:51 -0400] "GET /wp-content/themes/betheme/js/plugins/visible.min.js?ver=28.2 HTTP/1.1" 200 334 "https://asesoriastesismedicina.com/" "Mozilla/5.0 (X11; Linux x86_64) AppleWebKit/537.36 (KHTML, like Gecko) Chrome/141.0.0.0 Safari/537.36"
66.146.234.138 - - [14/Apr/2026:19:37:51 -0400] "GET /wp-content/themes/betheme/assets/animations/animations.min.js?ver=28.2 HTTP/1.1" 200 551 "https://asesoriastesismedicina.com/" "Mozilla/5.0 (X11; Linux x86_64) AppleWebKit/537.36 (KHTML, like Gecko) Chrome/141.0.0.0 Safari/537.36"
66.146.234.138 - - [14/Apr/2026:19:37:51 -0400] "GET /wp-content/themes/betheme/js/parallax/translate3d.js?ver=28.2 HTTP/1.1" 200 1262 "https://asesoriastesismedicina.com/" "Mozilla/5.0 (X11; Linux x86_64) AppleWebKit/537.36 (KHTML, like Gecko) Chrome/141.0.0.0 Safari/537.36"
66.146.234.138 - - [14/Apr/2026:19:37:51 -0400] "GET /wp-content/plugins/elementor/assets/js/webpack.runtime.min.js?ver=4.0.2 HTTP/1.1" 200 2280 "https://asesoriastesismedicina.com/" "Mozilla/5.0 (X11; Linux x86_64) AppleWebKit/537.36 (KHTML, like Gecko) Chrome/141.0.0.0 Safari/537.36"
66.146.234.138 - - [14/Apr/2026:19:37:50 -0400] "GET /wp-content/uploads/elementor/google-fonts/fonts/roboto-kfo5cnqeu92fr1mu53zec9_vu3r1gihoszmkahkawzu.woff2 HTTP/1.1" 200 22288 "https://asesoriastesismedicina.com/wp-content/uploads/elementor/google-fonts/css/roboto.css?ver=1742290387" "Mozilla/5.0 (X11; Linux x86_64) AppleWebKit/537.36 (KHTML, like Gecko) Chrome/141.0.0.0 Safari/537.36"
66.146.234.138 - - [14/Apr/2026:19:37:50 -0400] "GET /wp-content/plugins/contact-form-7/includes/swv/js/index.js?ver=6.1.5 HTTP/1.1" 200 3369 "https://asesoriastesismedicina.com/" "Mozilla/5.0 (X11; Linux x86_64) AppleWebKit/537.36 (KHTML, like Gecko) Chrome/141.0.0.0 Safari/537.36"
66.146.234.138 - - [14/Apr/2026:19:37:51 -0400] "GET /wp-includes/js/jquery/ui/tabs.min.js?ver=1.13.3 HTTP/1.1" 200 3794 "https://asesoriastesismedicina.com/" "Mozilla/5.0 (X11; Linux x86_64) AppleWebKit/537.36 (KHTML, like Gecko) Chrome/141.0.0.0 Safari/537.36"
66.146.234.138 - - [14/Apr/2026:19:37:51 -0400] "GET /wp-includes/js/jquery/ui/core.min.js?ver=1.13.3 HTTP/1.1" 200 6812 "https://asesoriastesismedicina.com/" "Mozilla/5.0 (X11; Linux x86_64) AppleWebKit/537.36 (KHTML, like Gecko) Chrome/141.0.0.0 Safari/537.36"
66.146.234.138 - - [14/Apr/2026:19:37:51 -0400] "GET /wp-content/themes/betheme/js/menu.js?ver=28.2 HTTP/1.1" 200 891 "https://asesoriastesismedicina.com/" "Mozilla/5.0 (X11; Linux x86_64) AppleWebKit/537.36 (KHTML, like Gecko) Chrome/141.0.0.0 Safari/537.36"
66.146.234.138 - - [14/Apr/2026:19:37:51 -0400] "GET /wp-content/themes/betheme/js/plugins/enllax.min.js?ver=28.2 HTTP/1.1" 200 476 "https://asesoriastesismedicina.com/" "Mozilla/5.0 (X11; Linux x86_64) AppleWebKit/537.36 (KHTML, like Gecko) Chrome/141.0.0.0 Safari/537.36"
66.146.234.138 - - [14/Apr/2026:19:37:51 -0400] "GET /wp-content/themes/betheme/js/scripts.js?ver=28.2 HTTP/1.1" 200 35524 "https://asesoriastesismedicina.com/" "Mozilla/5.0 (X11; Linux x86_64) AppleWebKit/537.36 (KHTML, like Gecko) Chrome/141.0.0.0 Safari/537.36"
66.146.234.138 - - [14/Apr/2026:19:37:51 -0400] "GET /wp-content/plugins/elementor-pro/assets/js/webpack-pro.runtime.min.js?ver=3.34.0 HTTP/1.1" 200 2623 "https://asesoriastesismedicina.com/" "Mozilla/5.0 (X11; Linux x86_64) AppleWebKit/537.36 (KHTML, like Gecko) Chrome/141.0.0.0 Safari/537.36"
66.146.234.138 - - [14/Apr/2026:19:37:51 -0400] "GET /wp-content/plugins/revslider/public/js/sr7.js?ver=6.7.40 HTTP/1.1" 200 93019 "https://asesoriastesismedicina.com/" "Mozilla/5.0 (X11; Linux x86_64) AppleWebKit/537.36 (KHTML, like Gecko) Chrome/141.0.0.0 Safari/537.36"
66.146.234.138 - - [14/Apr/2026:19:37:51 -0400] "GET /wp-content/uploads/2022/10/bedoctor-packages-pic2.webp HTTP/1.1" 200 61214 "https://asesoriastesismedicina.com/" "Mozilla/5.0 (X11; Linux x86_64) AppleWebKit/537.36 (KHTML, like Gecko) Chrome/141.0.0.0 Safari/537.36"
66.146.234.138 - - [14/Apr/2026:19:37:51 -0400] "GET /wp-includes/js/comment-reply.min.js?ver=b8cec47803c80951ebafe23d13dd94d0 HTTP/1.1" 200 1247 "https://asesoriastesismedicina.com/" "Mozilla/5.0 (X11; Linux x86_64) AppleWebKit/537.36 (KHTML, like Gecko) Chrome/141.0.0.0 Safari/537.36"
66.146.234.138 - - [14/Apr/2026:19:37:51 -0400] "GET /wp-content/uploads/2025/08/bedoctor-section-bg2.webp HTTP/1.1" 200 16142 "https://asesoriastesismedicina.com/wp-content/uploads/elementor/css/post-2.css?ver=1776157508" "Mozilla/5.0 (X11; Linux x86_64) AppleWebKit/537.36 (KHTML, like Gecko) Chrome/141.0.0.0 Safari/537.36"
66.146.234.138 - - [14/Apr/2026:19:37:51 -0400] "GET /wp-content/plugins/pixelyoursite/dist/scripts/public.js?ver=11.2.0.4 HTTP/1.1" 200 24177 "https://asesoriastesismedicina.com/" "Mozilla/5.0 (X11; Linux x86_64) AppleWebKit/537.36 (KHTML, like Gecko) Chrome/141.0.0.0 Safari/537.36"
66.146.234.138 - - [14/Apr/2026:19:37:51 -0400] "GET /wp-content/uploads/2025/08/Sin-titulo-800-x-1000-px-1000-x-1000-px-1200-x-792-px-6-1024x676.png HTTP/1.1" 200 345294 "https://asesoriastesismedicina.com/" "Mozilla/5.0 (X11; Linux x86_64) AppleWebKit/537.36 (KHTML, like Gecko) Chrome/141.0.0.0 Safari/537.36"
66.146.234.138 - - [14/Apr/2026:19:37:51 -0400] "GET /wp-content/plugins/wp-whatsapp-chat/build/frontend/js/index.js?ver=5937b263f864b066ca9a HTTP/1.1" 200 23609 "https://asesoriastesismedicina.com/" "Mozilla/5.0 (X11; Linux x86_64) AppleWebKit/537.36 (KHTML, like Gecko) Chrome/141.0.0.0 Safari/537.36"
66.146.234.138 - - [14/Apr/2026:19:37:51 -0400] "GET /wp-content/plugins/elementor/assets/js/frontend.min.js?ver=4.0.2 HTTP/1.1" 200 10050 "https://asesoriastesismedicina.com/" "Mozilla/5.0 (X11; Linux x86_64) AppleWebKit/537.36 (KHTML, like Gecko) Chrome/141.0.0.0 Safari/537.36"
66.146.234.138 - - [14/Apr/2026:19:37:51 -0400] "GET /wp-content/plugins/elementor/assets/js/frontend-modules.min.js?ver=4.0.2 HTTP/1.1" 200 15445 "https://asesoriastesismedicina.com/" "Mozilla/5.0 (X11; Linux x86_64) AppleWebKit/537.36 (KHTML, like Gecko) Chrome/141.0.0.0 Safari/537.36"
66.146.234.138 - - [14/Apr/2026:19:37:51 -0400] "GET /wp-content/plugins/elementor-pro/assets/js/frontend.min.js?ver=3.34.0 HTTP/1.1" 200 6202 "https://asesoriastesismedicina.com/" "Mozilla/5.0 (X11; Linux x86_64) AppleWebKit/537.36 (KHTML, like Gecko) Chrome/141.0.0.0 Safari/537.36"
66.146.234.138 - - [14/Apr/2026:19:37:51 -0400] "GET /wp-content/plugins/elementor-pro/assets/js/elements-handlers.min.js?ver=3.34.0 HTTP/1.1" 200 10101 "https://asesoriastesismedicina.com/" "Mozilla/5.0 (X11; Linux x86_64) AppleWebKit/537.36 (KHTML, like Gecko) Chrome/141.0.0.0 Safari/537.36"
66.146.234.138 - - [14/Apr/2026:19:37:51 -0400] "GET /wp-content/themes/betheme/js/plugins/beforeafter.min.js?ver=28.2 HTTP/1.1" 200 921 "https://asesoriastesismedicina.com/" "Mozilla/5.0 (X11; Linux x86_64) AppleWebKit/537.36 (KHTML, like Gecko) Chrome/141.0.0.0 Safari/537.36"
66.146.234.138 - - [14/Apr/2026:19:37:51 -0400] "GET /wp-content/themes/betheme/images/cookies.png HTTP/1.1" 200 3228 "https://asesoriastesismedicina.com/" "Mozilla/5.0 (X11; Linux x86_64) AppleWebKit/537.36 (KHTML, like Gecko) Chrome/141.0.0.0 Safari/537.36"
66.146.234.138 - - [14/Apr/2026:19:37:51 -0400] "GET /wp-content/plugins/revslider/public/js/libs/tptools.js?ver=6.7.40 HTTP/1.1" 200 72940 "https://asesoriastesismedicina.com/" "Mozilla/5.0 (X11; Linux x86_64) AppleWebKit/537.36 (KHTML, like Gecko) Chrome/141.0.0.0 Safari/537.36"
66.146.234.138 - - [14/Apr/2026:19:37:51 -0400] "GET /wp-content/uploads/2022/10/bedoctor-section-bg1.webp HTTP/1.1" 200 10524 "https://asesoriastesismedicina.com/wp-content/uploads/elementor/css/post-2.css?ver=1776157508" "Mozilla/5.0 (X11; Linux x86_64) AppleWebKit/537.36 (KHTML, like Gecko) Chrome/141.0.0.0 Safari/537.36"
66.146.234.138 - - [14/Apr/2026:19:37:51 -0400] "GET /wp-content/plugins/pixelyoursite/dist/scripts/jquery.bind-first-0.2.3.min.js?ver=0.2.3 HTTP/1.1" 200 625 "https://asesoriastesismedicina.com/" "Mozilla/5.0 (X11; Linux x86_64) AppleWebKit/537.36 (KHTML, like Gecko) Chrome/141.0.0.0 Safari/537.36"
66.146.234.138 - - [14/Apr/2026:19:37:51 -0400] "GET /wp-content/plugins/pixelyoursite/dist/scripts/js.cookie-2.1.3.min.js?ver=2.1.3 HTTP/1.1" 200 803 "https://asesoriastesismedicina.com/" "Mozilla/5.0 (X11; Linux x86_64) AppleWebKit/537.36 (KHTML, like Gecko) Chrome/141.0.0.0 Safari/537.36"
66.146.234.138 - - [14/Apr/2026:19:37:51 -0400] "GET /wp-content/plugins/pixelyoursite/dist/scripts/tld.min.js?ver=2.3.1 HTTP/1.1" 200 39434 "https://asesoriastesismedicina.com/" "Mozilla/5.0 (X11; Linux x86_64) AppleWebKit/537.36 (KHTML, like Gecko) Chrome/141.0.0.0 Safari/537.36"
66.146.234.138 - - [14/Apr/2026:19:37:51 -0400] "GET /wp-content/uploads/2022/10/bedoctor-icon1.svg HTTP/1.1" 200 695 "https://asesoriastesismedicina.com/" "Mozilla/5.0 (X11; Linux x86_64) AppleWebKit/537.36 (KHTML, like Gecko) Chrome/141.0.0.0 Safari/537.36"
66.146.234.138 - - [14/Apr/2026:19:37:51 -0400] "GET /wp-content/uploads/2025/08/bedoctor-services-pic4-1024x676.webp HTTP/1.1" 200 50780 "https://asesoriastesismedicina.com/" "Mozilla/5.0 (X11; Linux x86_64) AppleWebKit/537.36 (KHTML, like Gecko) Chrome/141.0.0.0 Safari/537.36"
66.146.234.138 - - [14/Apr/2026:19:37:51 -0400] "GET /wp-content/uploads/2025/08/Sin-titulo-800-x-1000-px-1000-x-1000-px-1200-x-792-px-1-1024x676.png HTTP/1.1" 200 327648 "https://asesoriastesismedicina.com/" "Mozilla/5.0 (X11; Linux x86_64) AppleWebKit/537.36 (KHTML, like Gecko) Chrome/141.0.0.0 Safari/537.36"
66.146.234.138 - - [14/Apr/2026:19:37:51 -0400] "GET /wp-content/uploads/2025/08/Sin-titulo-800-x-1000-px-1000-x-1000-px-1200-x-792-px-1024x676.png HTTP/1.1" 200 372172 "https://asesoriastesismedicina.com/" "Mozilla/5.0 (X11; Linux x86_64) AppleWebKit/537.36 (KHTML, like Gecko) Chrome/141.0.0.0 Safari/537.36"
66.146.234.138 - - [14/Apr/2026:19:37:51 -0400] "GET /wp-content/uploads/2025/08/Sin-titulo-800-x-1000-px-1000-x-1000-px-1200-x-792-px-2-1024x676.png HTTP/1.1" 200 348107 "https://asesoriastesismedicina.com/" "Mozilla/5.0 (X11; Linux x86_64) AppleWebKit/537.36 (KHTML, like Gecko) Chrome/141.0.0.0 Safari/537.36"
66.146.234.138 - - [14/Apr/2026:19:37:51 -0400] "GET /wp-content/uploads/2025/08/Sin-titulo-800-x-1000-px-1000-x-1000-px-1200-x-792-px-4-1024x676.png HTTP/1.1" 200 442433 "https://asesoriastesismedicina.com/" "Mozilla/5.0 (X11; Linux x86_64) AppleWebKit/537.36 (KHTML, like Gecko) Chrome/141.0.0.0 Safari/537.36"
66.146.234.138 - - [14/Apr/2026:19:37:51 -0400] "GET /wp-content/uploads/2025/04/Dia-internacional-de-la-mujer-Instagram-Post-1080-x-1080-px-1000-x-1000-px-11.png HTTP/1.1" 200 839717 "https://asesoriastesismedicina.com/" "Mozilla/5.0 (X11; Linux x86_64) AppleWebKit/537.36 (KHTML, like Gecko) Chrome/141.0.0.0 Safari/537.36"
66.146.234.138 - - [14/Apr/2026:19:37:52 -0400] "GET /wp-content/plugins/elementor/assets/js/section-frontend-handlers.d85ab872da118940910d.bundle.min.js HTTP/1.1" 200 229 "https://asesoriastesismedicina.com/" "Mozilla/5.0 (X11; Linux x86_64) AppleWebKit/537.36 (KHTML, like Gecko) Chrome/141.0.0.0 Safari/537.36"
66.146.234.138 - - [14/Apr/2026:19:37:52 -0400] "GET /wp-content/plugins/elementor/assets/js/text-editor.45609661e409413f1cef.bundle.min.js HTTP/1.1" 200 592 "https://asesoriastesismedicina.com/" "Mozilla/5.0 (X11; Linux x86_64) AppleWebKit/537.36 (KHTML, like Gecko) Chrome/141.0.0.0 Safari/537.36"
66.146.234.138 - - [14/Apr/2026:19:37:52 -0400] "GET /wp-content/plugins/elementor/assets/js/accordion.8b0db5058afeb74622f5.bundle.min.js HTTP/1.1" 200 1282 "https://asesoriastesismedicina.com/" "Mozilla/5.0 (X11; Linux x86_64) AppleWebKit/537.36 (KHTML, like Gecko) Chrome/141.0.0.0 Safari/537.36"
66.146.234.138 - - [14/Apr/2026:19:37:52 -0400] "GET /wp-includes/js/wp-emoji-release.min.js?ver=b8cec47803c80951ebafe23d13dd94d0 HTTP/1.1" 200 4949 "https://asesoriastesismedicina.com/" "Mozilla/5.0 (X11; Linux x86_64) AppleWebKit/537.36 (KHTML, like Gecko) Chrome/141.0.0.0 Safari/537.36"
66.146.234.138 - - [14/Apr/2026:19:37:53 -0400] "GET /wp-content/uploads/2025/08/Diseno-sin-titulo-39.png HTTP/1.1" 200 1489144 "https://asesoriastesismedicina.com/" "Mozilla/5.0 (X11; Linux x86_64) AppleWebKit/537.36 (KHTML, like Gecko) Chrome/141.0.0.0 Safari/537.36"
66.146.234.138 - - [14/Apr/2026:19:37:54 -0400] "GET /wp-content/plugins/revslider/public/css/fonts/font-awesome/fonts/fontawesome-webfont.woff2?v=4.7.0 HTTP/1.1" 200 77160 "https://asesoriastesismedicina.com/wp-content/plugins/revslider/public/css/fonts/font-awesome/css/font-awesome.css" "Mozilla/5.0 (X11; Linux x86_64) AppleWebKit/537.36 (KHTML, like Gecko) Chrome/141.0.0.0 Safari/537.36"
66.146.234.138 - - [14/Apr/2026:19:37:54 -0400] "GET /wp-content/uploads/2025/08/Transformamos-tu-investigacion-medica-en-una-tesis-publicable.-22.png HTTP/1.1" 200 77473 "https://asesoriastesismedicina.com/" "Mozilla/5.0 (X11; Linux x86_64) AppleWebKit/537.36 (KHTML, like Gecko) Chrome/141.0.0.0 Safari/537.36"
66.146.234.138 - - [14/Apr/2026:19:37:54 -0400] "GET /wp-content/uploads/2025/08/Transformamos-tu-investigacion-medica-en-una-tesis-publicable.png HTTP/1.1" 200 1297682 "https://asesoriastesismedicina.com/" "Mozilla/5.0 (X11; Linux x86_64) AppleWebKit/537.36 (KHTML, like Gecko) Chrome/141.0.0.0 Safari/537.36"
