20.200.222.0 - - [14/Apr/2026:16:17:36 -0400] "GET /leaf.php HTTP/1.1" 404 62305 "-" "Mozilla/5.0 (Windows NT 10.0; Win64; x64) AppleWebKit/537.36 (KHTML, like Gecko) Chrome/120.0.0.0 Safari/537.36"
20.200.222.0 - - [14/Apr/2026:16:17:37 -0400] "GET /grsiuk.php HTTP/1.1" 404 62281 "-" "Mozilla/5.0 (Windows NT 10.0; Win64; x64) AppleWebKit/537.36 (KHTML, like Gecko) Chrome/120.0.0.0 Safari/537.36"
20.200.222.0 - - [14/Apr/2026:16:17:37 -0400] "GET /8.php HTTP/1.1" 404 62355 "-" "Mozilla/5.0 (Windows NT 10.0; Win64; x64) AppleWebKit/537.36 (KHTML, like Gecko) Chrome/120.0.0.0 Safari/537.36"
20.200.222.0 - - [14/Apr/2026:16:17:39 -0400] "GET /ws38.php HTTP/1.1" 404 62306 "-" "Mozilla/5.0 (Windows NT 10.0; Win64; x64) AppleWebKit/537.36 (KHTML, like Gecko) Chrome/120.0.0.0 Safari/537.36"
103.179.56.102 - - [14/Apr/2026:16:17:39 -0400] "GET /wp-login.php?locked_out=true&_wpnonce=ed05546f41 HTTP/1.1" 200 33224 "https://asesoriastesismedicina.com/wp-login.php" "Mozilla/5.0 (Windows NT 6.1; WOW64; Trident/7.0; SLCC2; .NET CLR 2.0.50727; .NET CLR 3.5.30729; .NET CLR 3.0.30729; Media Center PC 6.0; .NET4.0C; .NET4.0E; rv:11.0) like Gecko"
20.200.222.0 - - [14/Apr/2026:16:17:40 -0400] "GET /classsmtps.php HTTP/1.1" 404 62270 "-" "Mozilla/5.0 (Windows NT 10.0; Win64; x64) AppleWebKit/537.36 (KHTML, like Gecko) Chrome/120.0.0.0 Safari/537.36"
20.200.222.0 - - [14/Apr/2026:16:17:41 -0400] "GET /amax.php HTTP/1.1" 404 62296 "-" "Mozilla/5.0 (Windows NT 10.0; Win64; x64) AppleWebKit/537.36 (KHTML, like Gecko) Chrome/120.0.0.0 Safari/537.36"
20.200.222.0 - - [14/Apr/2026:16:17:42 -0400] "GET /rip.php HTTP/1.1" 404 62329 "-" "Mozilla/5.0 (Windows NT 10.0; Win64; x64) AppleWebKit/537.36 (KHTML, like Gecko) Chrome/120.0.0.0 Safari/537.36"
20.200.222.0 - - [14/Apr/2026:16:17:44 -0400] "GET /css.php HTTP/1.1" 404 62333 "-" "Mozilla/5.0 (Windows NT 10.0; Win64; x64) AppleWebKit/537.36 (KHTML, like Gecko) Chrome/120.0.0.0 Safari/537.36"
20.200.222.0 - - [14/Apr/2026:16:17:45 -0400] "GET /wp-Blogs.php HTTP/1.1" 404 62318 "-" "Mozilla/5.0 (Windows NT 10.0; Win64; x64) AppleWebKit/537.36 (KHTML, like Gecko) Chrome/120.0.0.0 Safari/537.36"
20.200.222.0 - - [14/Apr/2026:16:17:45 -0400] "GET /wp-content/index.php HTTP/1.1" 200 0 "-" "Mozilla/5.0 (Windows NT 10.0; Win64; x64) AppleWebKit/537.36 (KHTML, like Gecko) Chrome/120.0.0.0 Safari/537.36"
20.200.222.0 - - [14/Apr/2026:16:17:45 -0400] "GET /wp-content/plugins/beteng88/ws83.php HTTP/1.1" 404 62347 "-" "Mozilla/5.0 (Windows NT 10.0; Win64; x64) AppleWebKit/537.36 (KHTML, like Gecko) Chrome/120.0.0.0 Safari/537.36"
20.200.222.0 - - [14/Apr/2026:16:17:46 -0400] "GET /ws83.php HTTP/1.1" 404 62305 "-" "Mozilla/5.0 (Windows NT 10.0; Win64; x64) AppleWebKit/537.36 (KHTML, like Gecko) Chrome/120.0.0.0 Safari/537.36"
103.179.56.102 - - [14/Apr/2026:16:17:37 -0400] "POST /wp-login.php HTTP/1.1" 302 0 "https://asesoriastesismedicina.com/wp-login.php" "Mozilla/5.0 (Windows NT 6.1; WOW64; Trident/7.0; SLCC2; .NET CLR 2.0.50727; .NET CLR 3.5.30729; .NET CLR 3.0.30729; Media Center PC 6.0; .NET4.0C; .NET4.0E; rv:11.0) like Gecko"
20.200.222.0 - - [14/Apr/2026:16:17:38 -0400] "GET /fs.php HTTP/1.1" 404 62352 "-" "Mozilla/5.0 (Windows NT 10.0; Win64; x64) AppleWebKit/537.36 (KHTML, like Gecko) Chrome/120.0.0.0 Safari/537.36"
20.200.222.0 - - [14/Apr/2026:16:17:39 -0400] "GET /a7.php HTTP/1.1" 404 62346 "-" "Mozilla/5.0 (Windows NT 10.0; Win64; x64) AppleWebKit/537.36 (KHTML, like Gecko) Chrome/120.0.0.0 Safari/537.36"
20.200.222.0 - - [14/Apr/2026:16:17:41 -0400] "GET /CDX1.php HTTP/1.1" 404 62293 "-" "Mozilla/5.0 (Windows NT 10.0; Win64; x64) AppleWebKit/537.36 (KHTML, like Gecko) Chrome/120.0.0.0 Safari/537.36"
20.200.222.0 - - [14/Apr/2026:16:17:42 -0400] "GET /1.php HTTP/1.1" 404 62365 "-" "Mozilla/5.0 (Windows NT 10.0; Win64; x64) AppleWebKit/537.36 (KHTML, like Gecko) Chrome/120.0.0.0 Safari/537.36"
20.200.222.0 - - [14/Apr/2026:16:17:43 -0400] "GET /chosen.php HTTP/1.1" 404 62263 "-" "Mozilla/5.0 (Windows NT 10.0; Win64; x64) AppleWebKit/537.36 (KHTML, like Gecko) Chrome/120.0.0.0 Safari/537.36"
20.200.222.0 - - [14/Apr/2026:16:17:44 -0400] "GET /php.php HTTP/1.1" 404 62338 "-" "Mozilla/5.0 (Windows NT 10.0; Win64; x64) AppleWebKit/537.36 (KHTML, like Gecko) Chrome/120.0.0.0 Safari/537.36"
20.200.222.0 - - [14/Apr/2026:16:17:47 -0400] "GET /sadcut1.php HTTP/1.1" 404 62289 "-" "Mozilla/5.0 (Windows NT 10.0; Win64; x64) AppleWebKit/537.36 (KHTML, like Gecko) Chrome/120.0.0.0 Safari/537.36"
20.200.222.0 - - [14/Apr/2026:16:17:48 -0400] "GET /y.php HTTP/1.1" 404 62365 "-" "Mozilla/5.0 (Windows NT 10.0; Win64; x64) AppleWebKit/537.36 (KHTML, like Gecko) Chrome/120.0.0.0 Safari/537.36"
20.200.222.0 - - [14/Apr/2026:16:17:49 -0400] "GET /wp-admin/user/12.php HTTP/1.1" 404 62352 "-" "Mozilla/5.0 (Windows NT 10.0; Win64; x64) AppleWebKit/537.36 (KHTML, like Gecko) Chrome/120.0.0.0 Safari/537.36"
20.200.222.0 - - [14/Apr/2026:16:17:50 -0400] "GET /index/function.php HTTP/1.1" 404 62290 "-" "Mozilla/5.0 (Windows NT 10.0; Win64; x64) AppleWebKit/537.36 (KHTML, like Gecko) Chrome/120.0.0.0 Safari/537.36"
20.200.222.0 - - [14/Apr/2026:16:17:52 -0400] "GET /7.php HTTP/1.1" 404 62366 "-" "Mozilla/5.0 (Windows NT 10.0; Win64; x64) AppleWebKit/537.36 (KHTML, like Gecko) Chrome/120.0.0.0 Safari/537.36"
20.200.222.0 - - [14/Apr/2026:16:17:52 -0400] "GET /wp-config-sample.php HTTP/1.1" 500 905 "-" "Mozilla/5.0 (Windows NT 10.0; Win64; x64) AppleWebKit/537.36 (KHTML, like Gecko) Chrome/120.0.0.0 Safari/537.36"
20.200.222.0 - - [14/Apr/2026:16:17:52 -0400] "GET /log.php HTTP/1.1" 404 62336 "-" "Mozilla/5.0 (Windows NT 10.0; Win64; x64) AppleWebKit/537.36 (KHTML, like Gecko) Chrome/120.0.0.0 Safari/537.36"
20.200.222.0 - - [14/Apr/2026:16:17:54 -0400] "GET /aa.php HTTP/1.1" 404 62342 "-" "Mozilla/5.0 (Windows NT 10.0; Win64; x64) AppleWebKit/537.36 (KHTML, like Gecko) Chrome/120.0.0.0 Safari/537.36"
20.200.222.0 - - [14/Apr/2026:16:17:55 -0400] "GET /x.php HTTP/1.1" 404 62375 "-" "Mozilla/5.0 (Windows NT 10.0; Win64; x64) AppleWebKit/537.36 (KHTML, like Gecko) Chrome/120.0.0.0 Safari/537.36"
20.200.222.0 - - [14/Apr/2026:16:17:55 -0400] "GET /jga.php HTTP/1.1" 404 62338 "-" "Mozilla/5.0 (Windows NT 10.0; Win64; x64) AppleWebKit/537.36 (KHTML, like Gecko) Chrome/120.0.0.0 Safari/537.36"
20.200.222.0 - - [14/Apr/2026:16:17:57 -0400] "GET /vx.php HTTP/1.1" 404 62343 "-" "Mozilla/5.0 (Windows NT 10.0; Win64; x64) AppleWebKit/537.36 (KHTML, like Gecko) Chrome/120.0.0.0 Safari/537.36"
20.200.222.0 - - [14/Apr/2026:16:17:58 -0400] "GET /abcd.php HTTP/1.1" 404 62313 "-" "Mozilla/5.0 (Windows NT 10.0; Win64; x64) AppleWebKit/537.36 (KHTML, like Gecko) Chrome/120.0.0.0 Safari/537.36"
20.200.222.0 - - [14/Apr/2026:16:17:47 -0400] "GET /file61.php HTTP/1.1" 404 62273 "-" "Mozilla/5.0 (Windows NT 10.0; Win64; x64) AppleWebKit/537.36 (KHTML, like Gecko) Chrome/120.0.0.0 Safari/537.36"
20.200.222.0 - - [14/Apr/2026:16:17:48 -0400] "GET /akcc.php HTTP/1.1" 404 62316 "-" "Mozilla/5.0 (Windows NT 10.0; Win64; x64) AppleWebKit/537.36 (KHTML, like Gecko) Chrome/120.0.0.0 Safari/537.36"
20.200.222.0 - - [14/Apr/2026:16:17:50 -0400] "GET /term.php HTTP/1.1" 404 62304 "-" "Mozilla/5.0 (Windows NT 10.0; Win64; x64) AppleWebKit/537.36 (KHTML, like Gecko) Chrome/120.0.0.0 Safari/537.36"
20.200.222.0 - - [14/Apr/2026:16:17:51 -0400] "GET /666.php HTTP/1.1" 404 62332 "-" "Mozilla/5.0 (Windows NT 10.0; Win64; x64) AppleWebKit/537.36 (KHTML, like Gecko) Chrome/120.0.0.0 Safari/537.36"
20.200.222.0 - - [14/Apr/2026:16:17:53 -0400] "GET /a5.php HTTP/1.1" 404 62340 "-" "Mozilla/5.0 (Windows NT 10.0; Win64; x64) AppleWebKit/537.36 (KHTML, like Gecko) Chrome/120.0.0.0 Safari/537.36"
20.200.222.0 - - [14/Apr/2026:16:17:54 -0400] "GET /bolt.php HTTP/1.1" 404 62313 "-" "Mozilla/5.0 (Windows NT 10.0; Win64; x64) AppleWebKit/537.36 (KHTML, like Gecko) Chrome/120.0.0.0 Safari/537.36"
20.200.222.0 - - [14/Apr/2026:16:17:56 -0400] "GET /k.php HTTP/1.1" 404 62367 "-" "Mozilla/5.0 (Windows NT 10.0; Win64; x64) AppleWebKit/537.36 (KHTML, like Gecko) Chrome/120.0.0.0 Safari/537.36"
20.200.222.0 - - [14/Apr/2026:16:17:57 -0400] "GET /ws77.php HTTP/1.1" 404 62306 "-" "Mozilla/5.0 (Windows NT 10.0; Win64; x64) AppleWebKit/537.36 (KHTML, like Gecko) Chrome/120.0.0.0 Safari/537.36"
20.200.222.0 - - [14/Apr/2026:16:17:58 -0400] "GET /2.php HTTP/1.1" 404 62376 "-" "Mozilla/5.0 (Windows NT 10.0; Win64; x64) AppleWebKit/537.36 (KHTML, like Gecko) Chrome/120.0.0.0 Safari/537.36"
20.200.222.0 - - [14/Apr/2026:16:17:59 -0400] "GET /wp-content/plugins/admin.php HTTP/1.1" 404 62276 "-" "Mozilla/5.0 (Windows NT 10.0; Win64; x64) AppleWebKit/537.36 (KHTML, like Gecko) Chrome/120.0.0.0 Safari/537.36"
20.200.222.0 - - [14/Apr/2026:16:18:00 -0400] "GET /asd.php HTTP/1.1" 404 62338 "-" "Mozilla/5.0 (Windows NT 10.0; Win64; x64) AppleWebKit/537.36 (KHTML, like Gecko) Chrome/120.0.0.0 Safari/537.36"
20.200.222.0 - - [14/Apr/2026:16:18:01 -0400] "GET /gettest.php HTTP/1.1" 404 62294 "-" "Mozilla/5.0 (Windows NT 10.0; Win64; x64) AppleWebKit/537.36 (KHTML, like Gecko) Chrome/120.0.0.0 Safari/537.36"
20.200.222.0 - - [14/Apr/2026:16:18:03 -0400] "GET /ws81.php HTTP/1.1" 404 62301 "-" "Mozilla/5.0 (Windows NT 10.0; Win64; x64) AppleWebKit/537.36 (KHTML, like Gecko) Chrome/120.0.0.0 Safari/537.36"
20.200.222.0 - - [14/Apr/2026:16:18:06 -0400] "GET /a1.php HTTP/1.1" 404 62342 "-" "Mozilla/5.0 (Windows NT 10.0; Win64; x64) AppleWebKit/537.36 (KHTML, like Gecko) Chrome/120.0.0.0 Safari/537.36"
20.200.222.0 - - [14/Apr/2026:16:18:10 -0400] "GET /wp-good.php HTTP/1.1" 404 62291 "-" "Mozilla/5.0 (Windows NT 10.0; Win64; x64) AppleWebKit/537.36 (KHTML, like Gecko) Chrome/120.0.0.0 Safari/537.36"
20.200.222.0 - - [14/Apr/2026:16:18:12 -0400] "GET /item.php HTTP/1.1" 404 62304 "-" "Mozilla/5.0 (Windows NT 10.0; Win64; x64) AppleWebKit/537.36 (KHTML, like Gecko) Chrome/120.0.0.0 Safari/537.36"
20.200.222.0 - - [14/Apr/2026:16:18:13 -0400] "GET /rh.php HTTP/1.1" 404 62357 "-" "Mozilla/5.0 (Windows NT 10.0; Win64; x64) AppleWebKit/537.36 (KHTML, like Gecko) Chrome/120.0.0.0 Safari/537.36"
20.200.222.0 - - [14/Apr/2026:16:18:00 -0400] "GET /default.php HTTP/1.1" 404 62289 "-" "Mozilla/5.0 (Windows NT 10.0; Win64; x64) AppleWebKit/537.36 (KHTML, like Gecko) Chrome/120.0.0.0 Safari/537.36"
20.200.222.0 - - [14/Apr/2026:16:18:01 -0400] "GET /install.php HTTP/1.1" 404 62292 "-" "Mozilla/5.0 (Windows NT 10.0; Win64; x64) AppleWebKit/537.36 (KHTML, like Gecko) Chrome/120.0.0.0 Safari/537.36"
20.200.222.0 - - [14/Apr/2026:16:18:02 -0400] "GET /tfm.php HTTP/1.1" 404 62335 "-" "Mozilla/5.0 (Windows NT 10.0; Win64; x64) AppleWebKit/537.36 (KHTML, like Gecko) Chrome/120.0.0.0 Safari/537.36"
20.200.222.0 - - [14/Apr/2026:16:18:03 -0400] "GET /222.php HTTP/1.1" 404 62334 "-" "Mozilla/5.0 (Windows NT 10.0; Win64; x64) AppleWebKit/537.36 (KHTML, like Gecko) Chrome/120.0.0.0 Safari/537.36"
20.200.222.0 - - [14/Apr/2026:16:18:04 -0400] "GET /t.php HTTP/1.1" 404 62376 "-" "Mozilla/5.0 (Windows NT 10.0; Win64; x64) AppleWebKit/537.36 (KHTML, like Gecko) Chrome/120.0.0.0 Safari/537.36"
20.200.222.0 - - [14/Apr/2026:16:18:05 -0400] "GET /wp-admin/maint/index.php HTTP/1.1" 301 0 "-" "Mozilla/5.0 (Windows NT 10.0; Win64; x64) AppleWebKit/537.36 (KHTML, like Gecko) Chrome/120.0.0.0 Safari/537.36"
20.200.222.0 - - [14/Apr/2026:16:18:05 -0400] "GET /6xBAm3vODE05BSzkJZRAws.php HTTP/1.1" 404 62324 "-" "Mozilla/5.0 (Windows NT 10.0; Win64; x64) AppleWebKit/537.36 (KHTML, like Gecko) Chrome/120.0.0.0 Safari/537.36"
20.200.222.0 - - [14/Apr/2026:16:18:06 -0400] "GET /a.php HTTP/1.1" 404 62358 "-" "Mozilla/5.0 (Windows NT 10.0; Win64; x64) AppleWebKit/537.36 (KHTML, like Gecko) Chrome/120.0.0.0 Safari/537.36"
20.200.222.0 - - [14/Apr/2026:16:18:07 -0400] "GET /onclickfuns.php HTTP/1.1" 404 62311 "-" "Mozilla/5.0 (Windows NT 10.0; Win64; x64) AppleWebKit/537.36 (KHTML, like Gecko) Chrome/120.0.0.0 Safari/537.36"
20.200.222.0 - - [14/Apr/2026:16:18:08 -0400] "GET /w.php HTTP/1.1" 404 62369 "-" "Mozilla/5.0 (Windows NT 10.0; Win64; x64) AppleWebKit/537.36 (KHTML, like Gecko) Chrome/120.0.0.0 Safari/537.36"
20.200.222.0 - - [14/Apr/2026:16:18:09 -0400] "GET /wp-admin/maint/about.php HTTP/1.1" 404 62316 "-" "Mozilla/5.0 (Windows NT 10.0; Win64; x64) AppleWebKit/537.36 (KHTML, like Gecko) Chrome/120.0.0.0 Safari/537.36"
20.200.222.0 - - [14/Apr/2026:16:18:10 -0400] "GET /wp-content/plugins/index.php HTTP/1.1" 200 0 "-" "Mozilla/5.0 (Windows NT 10.0; Win64; x64) AppleWebKit/537.36 (KHTML, like Gecko) Chrome/120.0.0.0 Safari/537.36"
20.200.222.0 - - [14/Apr/2026:16:18:11 -0400] "GET /.info.php HTTP/1.1" 404 62325 "-" "Mozilla/5.0 (Windows NT 10.0; Win64; x64) AppleWebKit/537.36 (KHTML, like Gecko) Chrome/120.0.0.0 Safari/537.36"
20.200.222.0 - - [14/Apr/2026:16:18:11 -0400] "GET /config.php HTTP/1.1" 404 62281 "-" "Mozilla/5.0 (Windows NT 10.0; Win64; x64) AppleWebKit/537.36 (KHTML, like Gecko) Chrome/120.0.0.0 Safari/537.36"
20.200.222.0 - - [14/Apr/2026:16:18:13 -0400] "GET /m.php HTTP/1.1" 404 62359 "-" "Mozilla/5.0 (Windows NT 10.0; Win64; x64) AppleWebKit/537.36 (KHTML, like Gecko) Chrome/120.0.0.0 Safari/537.36"
165.22.116.110 - - [14/Apr/2026:16:25:33 -0400] "GET /wp-login.php HTTP/1.1" 200 33134 "-" "Mozilla/5.0 (Macintosh; Intel Mac OS X 10.12; rv:60.0) Gecko/20100101 Firefox/60.0"
43.157.188.74 - - [14/Apr/2026:16:26:51 -0400] "GET / HTTP/1.1" 301 0 "http://www.asesoriastesismedicina.com" "Mozilla/5.0 (iPhone; CPU iPhone OS 13_2_3 like Mac OS X) AppleWebKit/605.1.15 (KHTML, like Gecko) Version/13.0.3 Mobile/15E148 Safari/604.1"
198.54.121.245 - - [14/Apr/2026:16:25:36 -0400] "POST /wp-cron.php?doing_wp_cron=1776198336.4218161106109619140625 HTTP/1.1" 200 0 "-" "WordPress/6.9.4; https://asesoriastesismedicina.com"
165.22.116.110 - - [14/Apr/2026:16:25:34 -0400] "POST /wp-login.php HTTP/1.1" 200 33192 "https://asesoriastesismedicina.com/wp-login.php" "Mozilla/5.0 (Macintosh; Intel Mac OS X 10.12; rv:60.0) Gecko/20100101 Firefox/60.0"
43.157.188.74 - - [14/Apr/2026:16:26:52 -0400] "GET / HTTP/1.1" 200 97045 "https://www.asesoriastesismedicina.com/" "Mozilla/5.0 (iPhone; CPU iPhone OS 13_2_3 like Mac OS X) AppleWebKit/605.1.15 (KHTML, like Gecko) Version/13.0.3 Mobile/15E148 Safari/604.1"
198.54.121.245 - - [14/Apr/2026:16:27:20 -0400] "POST /wp-cron.php?doing_wp_cron=1776198440.6409790515899658203125 HTTP/1.1" 200 0 "-" "WordPress/6.9.4; https://asesoriastesismedicina.com"
162.214.173.88 - - [14/Apr/2026:16:27:22 -0400] "GET /wp-login.php?locked_out=true&_wpnonce=ed05546f41 HTTP/1.1" 200 33224 "https://asesoriastesismedicina.com/wp-login.php" "Mozilla/4.0 (compatible; MSIE 7.0; Windows NT 6.2; Trident/7.0; .NET4.0C; .NET4.0E; .NET CLR 2.0.50727; .NET CLR 3.0.30729; .NET CLR 3.5.30729; SLCC2; Media Center PC 6.0; Tablet PC 2.0; EIE10;ENUSWOL)"
178.218.144.18 - - [14/Apr/2026:16:27:28 -0400] "POST /xmlrpc.php HTTP/1.1" 200 224 "https://www.google.com/" "Mozilla/5.0 (X11; Linux x86_64) AppleWebKit/537.36 (KHTML, like Gecko) Chrome/80.0.3987.87 Safari/537.36"
34.55.136.130 - - [14/Apr/2026:16:30:27 -0400] "HEAD /blog/ HTTP/1.1" 200 0 "http://mail.asesoriastesismedicina.com/blog/" "Mozilla/5.0 (Windows NT 10.0; Win64; x64; rv:127.0) Gecko/20100101 Firefox/127.0"
34.55.136.130 - - [14/Apr/2026:16:30:30 -0400] "HEAD /wp/ HTTP/1.1" 404 0 "http://mail.asesoriastesismedicina.com/wp/" "Mozilla/5.0 (iPhone; CPU iPhone OS 17_5 like Mac OS X) AppleWebKit/605.1.15 (KHTML, like Gecko) Version/17.5 Mobile/15E148 Safari/604.1"
34.55.136.130 - - [14/Apr/2026:16:30:30 -0400] "HEAD /wordpress/ HTTP/1.1" 404 0 "http://mail.asesoriastesismedicina.com/wordpress/" "Mozilla/5.0 (Macintosh; Intel Mac OS X 14_5) AppleWebKit/605.1.15 (KHTML, like Gecko) Version/17.5 Safari/605.1.15"
34.55.136.130 - - [14/Apr/2026:16:30:31 -0400] "HEAD /backup/ HTTP/1.1" 404 0 "http://mail.asesoriastesismedicina.com/backup/" "Mozilla/5.0 (iPad; CPU OS 17_4 like Mac OS X) AppleWebKit/605.1.15 (KHTML, like Gecko) Version/17.4 Mobile/15E148 Safari/604.1"
168.187.5.210 - - [14/Apr/2026:16:32:45 -0400] "GET /wp-login.php HTTP/1.1" 200 33134 "-" "Mozilla/5.0 (Windows NT 6.1) AppleWebKit/537.36 (KHTML, like Gecko) Chrome/67.0.3396.79 Safari/537.36"
45.154.98.160 - - [14/Apr/2026:16:33:56 -0400] "POST /xmlrpc.php HTTP/1.1" 200 224 "https://www.google.com/" "Mozilla/5.0 (X11; Linux x86_64) AppleWebKit/537.36 (KHTML, like Gecko) Chrome/64.0.3282.24 Safari/537.36"
185.243.218.230 - - [14/Apr/2026:16:34:26 -0400] "POST /xmlrpc.php HTTP/1.1" 200 224 "https://www.google.com/" "Mozilla/5.0 (Windows NT 10.0) AppleWebKit/537.36 (KHTML, like Gecko) Chrome/72.0.3626.121 Safari/537.36"
222.165.190.235 - - [14/Apr/2026:16:36:15 -0400] "GET /wp-login.php HTTP/1.1" 200 33134 "-" "Mozilla/5.0 (Windows NT 10.0; WOW64) AppleWebKit/537.36 (KHTML, like Gecko) Chrome/65.0.3325.162 Safari/537.36"
123.30.233.13 - - [14/Apr/2026:16:36:15 -0400] "POST /wp-login.php HTTP/1.1" 302 0 "https://asesoriastesismedicina.com/wp-login.php" "Mozilla/5.0 (Macintosh; Intel Mac OS X 10_12) AppleWebKit/604.4.7 (KHTML, like Gecko) Version/10.0 Safari/602.1.31"
123.30.233.13 - - [14/Apr/2026:16:36:18 -0400] "GET /wp-login.php?locked_out=true&_wpnonce=ed05546f41 HTTP/1.1" 200 33224 "https://asesoriastesismedicina.com/wp-login.php" "Mozilla/5.0 (Macintosh; Intel Mac OS X 10_12) AppleWebKit/604.4.7 (KHTML, like Gecko) Version/10.0 Safari/602.1.31"
222.165.190.235 - - [14/Apr/2026:16:36:22 -0400] "POST /wp-login.php HTTP/1.1" 302 0 "https://asesoriastesismedicina.com/wp-login.php" "Mozilla/5.0 (Windows NT 10.0; WOW64) AppleWebKit/537.36 (KHTML, like Gecko) Chrome/65.0.3325.162 Safari/537.36"
222.165.190.235 - - [14/Apr/2026:16:36:23 -0400] "GET /wp-login.php?locked_out=true&_wpnonce=ed05546f41 HTTP/1.1" 200 33224 "https://asesoriastesismedicina.com/wp-login.php" "Mozilla/5.0 (Windows NT 10.0; WOW64) AppleWebKit/537.36 (KHTML, like Gecko) Chrome/65.0.3325.162 Safari/537.36"
41.76.215.184 - - [14/Apr/2026:16:38:03 -0400] "POST /wp-login.php HTTP/1.1" 200 33192 "https://asesoriastesismedicina.com/wp-login.php" "Mozilla/5.0 (Windows NT 10.0; WOW64; Trident/7.0; MATBJS; rv:11.0) like Gecko"
162.214.173.88 - - [14/Apr/2026:16:27:19 -0400] "GET /wp-login.php HTTP/1.1" 200 33134 "-" "Mozilla/4.0 (compatible; MSIE 7.0; Windows NT 6.2; Trident/7.0; .NET4.0C; .NET4.0E; .NET CLR 2.0.50727; .NET CLR 3.0.30729; .NET CLR 3.5.30729; SLCC2; Media Center PC 6.0; Tablet PC 2.0; EIE10;ENUSWOL)"
162.214.173.88 - - [14/Apr/2026:16:27:20 -0400] "POST /wp-login.php HTTP/1.1" 302 0 "https://asesoriastesismedicina.com/wp-login.php" "Mozilla/4.0 (compatible; MSIE 7.0; Windows NT 6.2; Trident/7.0; .NET4.0C; .NET4.0E; .NET CLR 2.0.50727; .NET CLR 3.0.30729; .NET CLR 3.5.30729; SLCC2; Media Center PC 6.0; Tablet PC 2.0; EIE10;ENUSWOL)"
34.55.136.130 - - [14/Apr/2026:16:30:29 -0400] "HEAD /new/ HTTP/1.1" 404 0 "http://mail.asesoriastesismedicina.com/new/" "Mozilla/5.0 (Windows NT 11.0; Win64; x64) AppleWebKit/537.36 (KHTML, like Gecko) Edg/128.0.2790.25 Chrome/128.0.6540.22 Safari/537.36"
34.55.136.130 - - [14/Apr/2026:16:30:30 -0400] "HEAD /old/ HTTP/1.1" 404 0 "http://mail.asesoriastesismedicina.com/old/" "Mozilla/5.0 (Windows NT 10.0; Win64; x64) AppleWebKit/537.36 (KHTML, like Gecko) Chrome/126.0.6478.70 Safari/537.36 Vivaldi/6.7.3200.25"
34.55.136.130 - - [14/Apr/2026:16:30:30 -0400] "HEAD / HTTP/1.1" 301 0 "http://mail.asesoriastesismedicina.com/" "Mozilla/5.0 (X11; Linux x86_64) AppleWebKit/537.36 (KHTML, like Gecko) Chrome/125.0.6422.76 Safari/537.36"
34.55.136.130 - - [14/Apr/2026:16:30:31 -0400] "HEAD / HTTP/1.1" 200 0 "https://mail.asesoriastesismedicina.com/" "Mozilla/5.0 (X11; Linux x86_64) AppleWebKit/537.36 (KHTML, like Gecko) Chrome/125.0.6422.76 Safari/537.36"
178.128.75.24 - - [14/Apr/2026:16:31:59 -0400] "GET /wp-login.php HTTP/1.1" 200 33134 "-" "Mozilla/4.0 (compatible; MSIE 7.0; Windows NT 6.1; Trident/7.0; SLCC2; .NET CLR 2.0.50727; .NET CLR 3.5.30729; .NET CLR 3.0.30729; Media Center PC 6.0; Tablet PC 2.0; .NET4.0C; .NET4.0E; EIE10;ENUSWOL)"
198.54.121.245 - - [14/Apr/2026:16:32:03 -0400] "POST /wp-cron.php?doing_wp_cron=1776198723.1668930053710937500000 HTTP/1.1" 200 0 "-" "WordPress/6.9.4; https://asesoriastesismedicina.com"
178.128.75.24 - - [14/Apr/2026:16:32:01 -0400] "POST /wp-login.php HTTP/1.1" 302 0 "https://asesoriastesismedicina.com/wp-login.php" "Mozilla/4.0 (compatible; MSIE 7.0; Windows NT 6.1; Trident/7.0; SLCC2; .NET CLR 2.0.50727; .NET CLR 3.5.30729; .NET CLR 3.0.30729; Media Center PC 6.0; Tablet PC 2.0; .NET4.0C; .NET4.0E; EIE10;ENUSWOL)"
178.128.75.24 - - [14/Apr/2026:16:32:04 -0400] "GET /wp-login.php?locked_out=true&_wpnonce=ed05546f41 HTTP/1.1" 200 33224 "https://asesoriastesismedicina.com/wp-login.php" "Mozilla/4.0 (compatible; MSIE 7.0; Windows NT 6.1; Trident/7.0; SLCC2; .NET CLR 2.0.50727; .NET CLR 3.5.30729; .NET CLR 3.0.30729; Media Center PC 6.0; Tablet PC 2.0; .NET4.0C; .NET4.0E; EIE10;ENUSWOL)"
123.30.233.13 - - [14/Apr/2026:16:36:15 -0400] "GET /wp-login.php HTTP/1.1" 200 33134 "-" "Mozilla/5.0 (Macintosh; Intel Mac OS X 10_12) AppleWebKit/604.4.7 (KHTML, like Gecko) Version/10.0 Safari/602.1.31"
41.76.215.184 - - [14/Apr/2026:16:38:00 -0400] "GET /wp-login.php HTTP/1.1" 200 33134 "-" "Mozilla/5.0 (Windows NT 10.0; WOW64; Trident/7.0; MATBJS; rv:11.0) like Gecko"
198.54.121.245 - - [14/Apr/2026:16:38:04 -0400] "POST /wp-cron.php?doing_wp_cron=1776199084.7476069927215576171875 HTTP/1.1" 200 0 "-" "WordPress/6.9.4; https://asesoriastesismedicina.com"
118.27.9.85 - - [14/Apr/2026:16:46:09 -0400] "GET /wp-login.php HTTP/1.1" 200 33134 "-" "Mozilla/4.0 (compatible; MSIE 7.0; Windows NT 6.2; Win64; x64; Trident/7.0; .NET4.0C; .NET4.0E; .NET CLR 2.0.50727; .NET CLR 3.0.30729; .NET CLR 3.5.30729; InfoPath.3)"
118.27.9.85 - - [14/Apr/2026:16:46:12 -0400] "POST /wp-login.php HTTP/1.1" 302 0 "https://asesoriastesismedicina.com/wp-login.php" "Mozilla/4.0 (compatible; MSIE 7.0; Windows NT 6.2; Win64; x64; Trident/7.0; .NET4.0C; .NET4.0E; .NET CLR 2.0.50727; .NET CLR 3.0.30729; .NET CLR 3.5.30729; InfoPath.3)"
20.219.91.18 - - [14/Apr/2026:16:46:40 -0400] "GET /wp-login.php HTTP/1.1" 200 33134 "-" "Mozilla/5.0 (Windows NT 10.0; WOW64) AppleWebKit/537.36 (KHTML, like Gecko) Chrome/67.0.3396.79 Safari/537.36"
103.154.63.3 - - [14/Apr/2026:16:47:30 -0400] "GET /wp-login.php HTTP/1.1" 200 33134 "-" "Mozilla/5.0 (Windows NT 6.2; Win64; x64) AppleWebKit/537.36 (KHTML, like Gecko) Chrome/66.0.3359.139 Safari/537.36"
103.154.63.3 - - [14/Apr/2026:16:47:31 -0400] "POST /wp-login.php HTTP/1.1" 302 0 "https://asesoriastesismedicina.com/wp-login.php" "Mozilla/5.0 (Windows NT 6.2; Win64; x64) AppleWebKit/537.36 (KHTML, like Gecko) Chrome/66.0.3359.139 Safari/537.36"
198.54.121.245 - - [14/Apr/2026:16:50:47 -0400] "POST /wp-cron.php?doing_wp_cron=1776199847.8466548919677734375000 HTTP/1.1" 200 0 "-" "WordPress/6.9.4; https://asesoriastesismedicina.com"
163.47.203.79 - - [14/Apr/2026:16:50:46 -0400] "POST /wp-login.php HTTP/1.1" 302 0 "https://asesoriastesismedicina.com/wp-login.php" "Mozilla/5.0 (Windows NT 6.1; WOW64; Trident/7.0; NP06; rv:11.0) like Gecko"
163.47.203.79 - - [14/Apr/2026:16:50:48 -0400] "GET /wp-login.php?locked_out=true&_wpnonce=ed05546f41 HTTP/1.1" 200 33224 "https://asesoriastesismedicina.com/wp-login.php" "Mozilla/5.0 (Windows NT 6.1; WOW64; Trident/7.0; NP06; rv:11.0) like Gecko"
198.54.121.245 - - [14/Apr/2026:16:55:33 -0400] "POST /wp-cron.php?doing_wp_cron=1776200133.3778169155120849609375 HTTP/1.1" 200 0 "-" "WordPress/6.9.4; https://asesoriastesismedicina.com"
40.77.167.19 - - [14/Apr/2026:16:57:00 -0400] "GET /wp-content/uploads/2025/08/Sin-titulo-800-x-1000-px-1000-x-1000-px-1200-x-792-px-6-1024x676.png HTTP/1.1" 200 345294 "-" "Mozilla/5.0 AppleWebKit/537.36 (KHTML, like Gecko; compatible; bingbot/2.0; +http://www.bing.com/bingbot.htm) Chrome/116.0.1938.76 Safari/537.36"
209.74.65.46 - - [14/Apr/2026:16:58:26 -0400] "GET /wp-login.php?locked_out=true&_wpnonce=ed05546f41 HTTP/1.1" 200 33224 "https://asesoriastesismedicina.com/wp-login.php" "Mozilla/4.0 (compatible; MSIE 7.0; Windows NT 10.0; WOW64; Trident/7.0; .NET4.0C; .NET4.0E)"
198.54.121.245 - - [14/Apr/2026:16:46:14 -0400] "POST /wp-cron.php?doing_wp_cron=1776199574.2863171100616455078125 HTTP/1.1" 200 0 "-" "WordPress/6.9.4; https://asesoriastesismedicina.com"
118.27.9.85 - - [14/Apr/2026:16:46:15 -0400] "GET /wp-login.php?locked_out=true&_wpnonce=ed05546f41 HTTP/1.1" 200 33224 "https://asesoriastesismedicina.com/wp-login.php" "Mozilla/4.0 (compatible; MSIE 7.0; Windows NT 6.2; Win64; x64; Trident/7.0; .NET4.0C; .NET4.0E; .NET CLR 2.0.50727; .NET CLR 3.0.30729; .NET CLR 3.5.30729; InfoPath.3)"
198.54.121.245 - - [14/Apr/2026:16:47:32 -0400] "POST /wp-cron.php?doing_wp_cron=1776199652.0945680141448974609375 HTTP/1.1" 200 0 "-" "WordPress/6.9.4; https://asesoriastesismedicina.com"
103.154.63.3 - - [14/Apr/2026:16:47:33 -0400] "GET /wp-login.php?locked_out=true&_wpnonce=ed05546f41 HTTP/1.1" 200 33224 "https://asesoriastesismedicina.com/wp-login.php" "Mozilla/5.0 (Windows NT 6.2; Win64; x64) AppleWebKit/537.36 (KHTML, like Gecko) Chrome/66.0.3359.139 Safari/537.36"
163.47.203.79 - - [14/Apr/2026:16:50:45 -0400] "GET /wp-login.php HTTP/1.1" 200 33134 "-" "Mozilla/5.0 (Windows NT 6.1; WOW64; Trident/7.0; NP06; rv:11.0) like Gecko"
66.249.68.128 - - [14/Apr/2026:16:51:50 -0400] "GET /robots.txt HTTP/1.1" 200 103 "-" "Mozilla/5.0 (compatible; Googlebot/2.1; +http://www.google.com/bot.html)"
45.91.250.107 - - [14/Apr/2026:16:55:31 -0400] "POST /xmlrpc.php HTTP/1.1" 200 224 "https://www.google.com/" "Mozilla/5.0 (Windows NT 10.0; Win64; x64) AppleWebKit/537.36 (KHTML, like Gecko) Chrome/80.0.3987.149 Safari/537.36"
209.74.65.46 - - [14/Apr/2026:16:58:24 -0400] "GET /wp-login.php HTTP/1.1" 200 33134 "-" "Mozilla/4.0 (compatible; MSIE 7.0; Windows NT 10.0; WOW64; Trident/7.0; .NET4.0C; .NET4.0E)"
198.54.121.245 - - [14/Apr/2026:16:58:26 -0400] "POST /wp-cron.php?doing_wp_cron=1776200306.4241750240325927734375 HTTP/1.1" 200 0 "-" "WordPress/6.9.4; https://asesoriastesismedicina.com"
209.74.65.46 - - [14/Apr/2026:16:58:24 -0400] "POST /wp-login.php HTTP/1.1" 302 0 "https://asesoriastesismedicina.com/wp-login.php" "Mozilla/4.0 (compatible; MSIE 7.0; Windows NT 10.0; WOW64; Trident/7.0; .NET4.0C; .NET4.0E)"
198.54.121.245 - - [14/Apr/2026:17:02:58 -0400] "POST /wp-cron.php?doing_wp_cron=1776200578.6582999229431152343750 HTTP/1.1" 200 0 "-" "WordPress/6.9.4; https://asesoriastesismedicina.com"
223.178.218.109 - - [14/Apr/2026:17:02:56 -0400] "POST /wp-login.php HTTP/1.1" 302 0 "https://asesoriastesismedicina.com/wp-login.php" "Mozilla/5.0 (Windows NT 10.0; WOW64; rv:60.0) Gecko/20100101 Firefox/60.0"
198.54.121.245 - - [14/Apr/2026:17:07:57 -0400] "POST /wp-cron.php?doing_wp_cron=1776200877.5959639549255371093750 HTTP/1.1" 200 0 "-" "WordPress/6.9.4; https://asesoriastesismedicina.com"
72.167.150.128 - - [14/Apr/2026:17:07:55 -0400] "POST /wp-login.php HTTP/1.1" 302 0 "https://asesoriastesismedicina.com/wp-login.php" "Mozilla/4.0 (compatible; MSIE 7.0; Windows NT 6.1; Win64; x64; Trident/7.0; .NET CLR 2.0.50727; SLCC2; .NET CLR 3.5.30729; .NET CLR 3.0.30729; Media Center PC 6.0; .NET4.0C; .NET4.0E; InfoPath.3)"
67.222.38.94 - - [14/Apr/2026:17:09:16 -0400] "GET /wp-login.php HTTP/1.1" 200 33134 "-" "Mozilla/5.0 (Windows NT 6.1; WOW64) AppleWebKit/537.36 (KHTML, like Gecko) Chrome/66.0.3359.181 Safari/537.36"
223.178.218.109 - - [14/Apr/2026:17:02:55 -0400] "GET /wp-login.php HTTP/1.1" 200 33134 "-" "Mozilla/5.0 (Windows NT 10.0; WOW64; rv:60.0) Gecko/20100101 Firefox/60.0"
223.178.218.109 - - [14/Apr/2026:17:02:59 -0400] "GET /wp-login.php?locked_out=true&_wpnonce=ed05546f41 HTTP/1.1" 200 33224 "https://asesoriastesismedicina.com/wp-login.php" "Mozilla/5.0 (Windows NT 10.0; WOW64; rv:60.0) Gecko/20100101 Firefox/60.0"
144.76.32.235 - - [14/Apr/2026:17:06:28 -0400] "GET /robots.txt HTTP/1.1" 200 119 "-" "Mozilla/5.0 (compatible; SERankingBacklinksBot/1.0; +https://seranking.com/backlinks-crawler)"
144.76.32.235 - - [14/Apr/2026:17:06:29 -0400] "GET /2024/05/03/2024nian-noshiyugaratsushiyukazinonomi-mi/ HTTP/1.1" 404 71705 "-" "Mozilla/5.0 (compatible; SERankingBacklinksBot/1.0; +https://seranking.com/backlinks-crawler)"
72.167.150.128 - - [14/Apr/2026:17:07:52 -0400] "GET /wp-login.php HTTP/1.1" 200 33134 "-" "Mozilla/4.0 (compatible; MSIE 7.0; Windows NT 6.1; Win64; x64; Trident/7.0; .NET CLR 2.0.50727; SLCC2; .NET CLR 3.5.30729; .NET CLR 3.0.30729; Media Center PC 6.0; .NET4.0C; .NET4.0E; InfoPath.3)"
72.167.150.128 - - [14/Apr/2026:17:07:59 -0400] "GET /wp-login.php?locked_out=true&_wpnonce=ed05546f41 HTTP/1.1" 200 33224 "https://asesoriastesismedicina.com/wp-login.php" "Mozilla/4.0 (compatible; MSIE 7.0; Windows NT 6.1; Win64; x64; Trident/7.0; .NET CLR 2.0.50727; SLCC2; .NET CLR 3.5.30729; .NET CLR 3.0.30729; Media Center PC 6.0; .NET4.0C; .NET4.0E; InfoPath.3)"
67.222.38.94 - - [14/Apr/2026:17:09:17 -0400] "POST /wp-login.php HTTP/1.1" 302 0 "https://asesoriastesismedicina.com/wp-login.php" "Mozilla/5.0 (Windows NT 6.1; WOW64) AppleWebKit/537.36 (KHTML, like Gecko) Chrome/66.0.3359.181 Safari/537.36"
67.222.38.94 - - [14/Apr/2026:17:09:17 -0400] "GET /wp-login.php?locked_out=true&_wpnonce=ed05546f41 HTTP/1.1" 200 33224 "https://asesoriastesismedicina.com/wp-login.php" "Mozilla/5.0 (Windows NT 6.1; WOW64) AppleWebKit/537.36 (KHTML, like Gecko) Chrome/66.0.3359.181 Safari/537.36"
94.156.152.8 - - [14/Apr/2026:17:12:27 -0400] "POST /xmlrpc.php HTTP/1.1" 200 224 "https://www.google.com/" "Mozilla/5.0 (Windows NT 10.0; Win64; x64) AppleWebKit/537.36 (KHTML, like Gecko) Chrome/139.0.7280.101 Safari/537.36"
198.54.121.245 - - [14/Apr/2026:17:12:29 -0400] "POST /wp-cron.php?doing_wp_cron=1776201149.5286669731140136718750 HTTP/1.1" 200 0 "-" "WordPress/6.9.4; https://asesoriastesismedicina.com"
198.54.121.245 - - [14/Apr/2026:17:21:02 -0400] "POST /wp-cron.php?doing_wp_cron=1776201662.0561220645904541015625 HTTP/1.1" 200 0 "-" "WordPress/6.9.4; https://asesoriastesismedicina.com"
65.55.210.210 - - [14/Apr/2026:17:14:50 -0400] "POST /wp-json/pys-facebook/v1/event HTTP/1.1" 200 16 "https://asesoriastesismedicina.com/2025/05/01/normas-vancouver-en-tesis-medicas-como-aplicarlas-sin-errores" "Mozilla/5.0 AppleWebKit/537.36 (KHTML, like Gecko; compatible; bingbot/2.0; +http://www.bing.com/bingbot.htm) Chrome/136.0.0.0 Safari/537.36"
45.138.16.76 - - [14/Apr/2026:17:14:52 -0400] "POST /xmlrpc.php HTTP/1.1" 200 224 "https://www.google.com/" "Mozilla/5.0 (Windows NT 10.0; Win64; x64) AppleWebKit/537.36 (KHTML, like Gecko) Chrome/70.0.3538.102 Safari/537.36 Edge/18.18363"
185.220.101.99 - - [14/Apr/2026:17:20:59 -0400] "POST /xmlrpc.php HTTP/1.1" 200 224 "https://www.google.com/" "Mozilla/5.0 (Windows NT 10.0; Win64; x64) AppleWebKit/537.36 (KHTML, like Gecko) Chrome/91.0.4472.124 Safari/537.36"
92.53.96.141 - - [14/Apr/2026:17:25:25 -0400] "POST /wp-login.php HTTP/1.1" 302 0 "https://asesoriastesismedicina.com/wp-login.php" "Mozilla/5.0 (Windows NT 10.0; WOW64; Trident/7.0; TBTE; rv:11.0) like Gecko"
92.53.96.141 - - [14/Apr/2026:17:25:27 -0400] "GET /wp-login.php?locked_out=true&_wpnonce=ed05546f41 HTTP/1.1" 200 33224 "https://asesoriastesismedicina.com/wp-login.php" "Mozilla/5.0 (Windows NT 10.0; WOW64; Trident/7.0; TBTE; rv:11.0) like Gecko"
125.227.48.230 - - [14/Apr/2026:17:28:24 -0400] "GET /wp-login.php HTTP/1.1" 200 33134 "-" "Mozilla/5.0 (Windows NT 6.3; WOW64; Trident/7.0; MASAJS; rv:11.0) like Gecko"
125.227.48.230 - - [14/Apr/2026:17:28:25 -0400] "POST /wp-login.php HTTP/1.1" 302 0 "https://asesoriastesismedicina.com/wp-login.php" "Mozilla/5.0 (Windows NT 6.3; WOW64; Trident/7.0; MASAJS; rv:11.0) like Gecko"
125.227.48.230 - - [14/Apr/2026:17:28:27 -0400] "GET /wp-login.php?locked_out=true&_wpnonce=ed05546f41 HTTP/1.1" 200 33224 "https://asesoriastesismedicina.com/wp-login.php" "Mozilla/5.0 (Windows NT 6.3; WOW64; Trident/7.0; MASAJS; rv:11.0) like Gecko"
223.178.218.109 - - [14/Apr/2026:17:34:15 -0400] "GET /wp-login.php HTTP/1.1" 200 33134 "-" "Mozilla/4.0 (compatible; MSIE 7.0; Windows NT 6.1; Win64; x64; Trident/7.0; .NET CLR 2.0.50727; SLCC2; .NET4.0C; .NET4.0E; .NET CLR 3.5.30729; .NET CLR 3.0.30729)"
192.185.4.37 - - [14/Apr/2026:17:36:15 -0400] "GET /wp-login.php HTTP/1.1" 200 33134 "-" "Mozilla/4.0 (compatible; MSIE 7.0; Windows NT 6.2; WOW64; Trident/7.0; .NET4.0C; .NET4.0E)"
192.185.4.37 - - [14/Apr/2026:17:36:16 -0400] "POST /wp-login.php HTTP/1.1" 200 33192 "https://asesoriastesismedicina.com/wp-login.php" "Mozilla/4.0 (compatible; MSIE 7.0; Windows NT 6.2; WOW64; Trident/7.0; .NET4.0C; .NET4.0E)"
198.54.121.245 - - [14/Apr/2026:17:38:15 -0400] "POST /wp-cron.php?doing_wp_cron=1776202695.2836639881134033203125 HTTP/1.1" 200 0 "-" "WordPress/6.9.4; https://asesoriastesismedicina.com"
92.53.96.141 - - [14/Apr/2026:17:25:24 -0400] "GET /wp-login.php HTTP/1.1" 200 33134 "-" "Mozilla/5.0 (Windows NT 10.0; WOW64; Trident/7.0; TBTE; rv:11.0) like Gecko"
198.54.121.245 - - [14/Apr/2026:17:25:27 -0400] "POST /wp-cron.php?doing_wp_cron=1776201927.1865050792694091796875 HTTP/1.1" 200 0 "-" "WordPress/6.9.4; https://asesoriastesismedicina.com"
198.54.121.245 - - [14/Apr/2026:17:28:26 -0400] "POST /wp-cron.php?doing_wp_cron=1776202106.9181849956512451171875 HTTP/1.1" 200 0 "-" "WordPress/6.9.4; https://asesoriastesismedicina.com"
65.55.210.253 - - [14/Apr/2026:17:31:46 -0400] "POST /wp-json/pys-facebook/v1/event HTTP/1.1" 200 16 "https://asesoriastesismedicina.com/2025/05/01/normas-vancouver-en-tesis-medicas-como-aplicarlas-sin-errores/" "Mozilla/5.0 AppleWebKit/537.36 (KHTML, like Gecko; compatible; bingbot/2.0; +http://www.bing.com/bingbot.htm) Chrome/136.0.0.0 Safari/537.36"
198.54.121.245 - - [14/Apr/2026:17:34:18 -0400] "POST /wp-cron.php?doing_wp_cron=1776202458.6587369441986083984375 HTTP/1.1" 200 0 "-" "WordPress/6.9.4; https://asesoriastesismedicina.com"
223.178.218.109 - - [14/Apr/2026:17:34:16 -0400] "POST /wp-login.php HTTP/1.1" 302 0 "https://asesoriastesismedicina.com/wp-login.php" "Mozilla/4.0 (compatible; MSIE 7.0; Windows NT 6.1; Win64; x64; Trident/7.0; .NET CLR 2.0.50727; SLCC2; .NET4.0C; .NET4.0E; .NET CLR 3.5.30729; .NET CLR 3.0.30729)"
223.178.218.109 - - [14/Apr/2026:17:34:19 -0400] "GET /wp-login.php?locked_out=true&_wpnonce=ed05546f41 HTTP/1.1" 200 33224 "https://asesoriastesismedicina.com/wp-login.php" "Mozilla/4.0 (compatible; MSIE 7.0; Windows NT 6.1; Win64; x64; Trident/7.0; .NET CLR 2.0.50727; SLCC2; .NET4.0C; .NET4.0E; .NET CLR 3.5.30729; .NET CLR 3.0.30729)"
69.49.112.73 - - [14/Apr/2026:17:38:12 -0400] "GET /wp-login.php HTTP/1.1" 200 33134 "-" "Mozilla/5.0 (Macintosh; Intel Mac OS X 10_10_5) AppleWebKit/537.36 (KHTML, like Gecko) Chrome/66.0.3359.117 Safari/537.36"
69.49.112.73 - - [14/Apr/2026:17:38:13 -0400] "POST /wp-login.php HTTP/1.1" 200 33192 "https://asesoriastesismedicina.com/wp-login.php" "Mozilla/5.0 (Macintosh; Intel Mac OS X 10_10_5) AppleWebKit/537.36 (KHTML, like Gecko) Chrome/66.0.3359.117 Safari/537.36"
89.43.17.214 - - [14/Apr/2026:17:39:42 -0400] "GET /wp-login.php?locked_out=true&_wpnonce=ed05546f41 HTTP/1.1" 200 33226 "https://asesoriastesismedicina.com/wp-login.php" "Mozilla/4.0 (compatible; MSIE 7.0; Windows NT 6.2; WOW64; Trident/7.0; .NET4.0C; .NET4.0E; .NET CLR 2.0.50727; .NET CLR 3.0.30729; .NET CLR 3.5.30729; Tablet PC 2.0; InfoPath.3)"
89.43.17.214 - - [14/Apr/2026:17:39:39 -0400] "GET /wp-login.php HTTP/1.1" 200 33134 "-" "Mozilla/4.0 (compatible; MSIE 7.0; Windows NT 6.2; WOW64; Trident/7.0; .NET4.0C; .NET4.0E; .NET CLR 2.0.50727; .NET CLR 3.0.30729; .NET CLR 3.5.30729; Tablet PC 2.0; InfoPath.3)"
89.43.17.214 - - [14/Apr/2026:17:39:40 -0400] "POST /wp-login.php HTTP/1.1" 302 0 "https://asesoriastesismedicina.com/wp-login.php" "Mozilla/4.0 (compatible; MSIE 7.0; Windows NT 6.2; WOW64; Trident/7.0; .NET4.0C; .NET4.0E; .NET CLR 2.0.50727; .NET CLR 3.0.30729; .NET CLR 3.5.30729; Tablet PC 2.0; InfoPath.3)"
51.75.236.144 - - [14/Apr/2026:17:40:02 -0400] "GET /robots.txt HTTP/1.1" 200 103 "-" "Mozilla/5.0 (compatible; AhrefsBot/7.0; +http://ahrefs.com/robot/)"
94.23.188.218 - - [14/Apr/2026:17:40:04 -0400] "GET /author/asesorias/feed/ HTTP/1.1" 304 0 "-" "Mozilla/5.0 (compatible; AhrefsBot/7.0; +http://ahrefs.com/robot/)"
146.103.115.186 - - [14/Apr/2026:17:43:41 -0400] "GET / HTTP/1.0" 200 412242 "https://asesoriastesismedicina.com/" "Mozilla/5.0 (Windows NT 10.0; WOW64) AppleWebKit/537.36 (KHTML, like Gecko) Chrome/103.0.5060.114 Safari/537.36"
146.103.115.186 - - [14/Apr/2026:17:43:43 -0400] "GET /blog/ HTTP/1.0" 200 311779 "https://asesoriastesismedicina.com/blog/" "Mozilla/5.0 (Windows NT 10.0; WOW64) AppleWebKit/537.36 (KHTML, like Gecko) Chrome/103.0.5060.114 Safari/537.36"
146.103.115.186 - - [14/Apr/2026:17:43:44 -0400] "GET /2025/05/21/errores-tesis-medicina/ HTTP/1.0" 200 266351 "https://asesoriastesismedicina.com/2025/05/21/errores-tesis-medicina/" "Mozilla/5.0 (Windows NT 10.0; WOW64) AppleWebKit/537.36 (KHTML, like Gecko) Chrome/103.0.5060.114 Safari/537.36"
198.54.121.245 - - [14/Apr/2026:17:48:18 -0400] "POST /wp-cron.php?doing_wp_cron=1776203298.2285120487213134765625 HTTP/1.1" 200 0 "-" "WordPress/6.9.4; https://asesoriastesismedicina.com"
103.143.207.15 - - [14/Apr/2026:17:48:15 -0400] "POST /wp-login.php HTTP/1.1" 302 0 "https://asesoriastesismedicina.com/wp-login.php" "Mozilla/5.0 (Macintosh; Intel Mac OS X 10_13_1) AppleWebKit/537.36 (KHTML, like Gecko) Chrome/66.0.3359.139 Safari/537.36"
74.91.224.220 - - [14/Apr/2026:17:50:31 -0400] "GET /wp-login.php?locked_out=true&_wpnonce=ed05546f41 HTTP/1.1" 200 33224 "https://asesoriastesismedicina.com/wp-login.php" "Mozilla/5.0 (Macintosh; Intel Mac OS X 10_13_1) AppleWebKit/537.36 (KHTML, like Gecko) Chrome/65.0.3325.181 Safari/537.36"
41.76.215.184 - - [14/Apr/2026:17:51:17 -0400] "POST /wp-login.php HTTP/1.1" 302 0 "https://asesoriastesismedicina.com/wp-login.php" "Mozilla/5.0 (Macintosh; Intel Mac OS X 10_12) AppleWebKit/602.1.38 (KHTML, like Gecko) Version/10.0 Safari/602.1.38"
41.76.215.184 - - [14/Apr/2026:17:51:18 -0400] "GET /wp-login.php?locked_out=true&_wpnonce=ed05546f41 HTTP/1.1" 200 33224 "https://asesoriastesismedicina.com/wp-login.php" "Mozilla/5.0 (Macintosh; Intel Mac OS X 10_12) AppleWebKit/602.1.38 (KHTML, like Gecko) Version/10.0 Safari/602.1.38"
146.103.115.186 - - [14/Apr/2026:17:43:45 -0400] "POST /wp-comments-post.php HTTP/1.0" 403 1242 "https://asesoriastesismedicina.com/2025/05/21/errores-tesis-medicina/" "Mozilla/5.0 (Windows NT 10.0; WOW64) AppleWebKit/537.36 (KHTML, like Gecko) Chrome/103.0.5060.114 Safari/537.36"
5.182.207.245 - - [14/Apr/2026:17:47:42 -0400] "HEAD / HTTP/1.1" 200 0 "-" "fasthttp"
5.182.207.245 - - [14/Apr/2026:17:47:43 -0400] "GET / HTTP/1.1" 200 412242 "-" "fasthttp"
103.143.207.15 - - [14/Apr/2026:17:48:11 -0400] "GET /wp-login.php HTTP/1.1" 200 33134 "-" "Mozilla/5.0 (Macintosh; Intel Mac OS X 10_13_1) AppleWebKit/537.36 (KHTML, like Gecko) Chrome/66.0.3359.139 Safari/537.36"
103.143.207.15 - - [14/Apr/2026:17:48:21 -0400] "GET /wp-login.php?locked_out=true&_wpnonce=ed05546f41 HTTP/1.1" 200 33224 "https://asesoriastesismedicina.com/wp-login.php" "Mozilla/5.0 (Macintosh; Intel Mac OS X 10_13_1) AppleWebKit/537.36 (KHTML, like Gecko) Chrome/66.0.3359.139 Safari/537.36"
74.91.224.220 - - [14/Apr/2026:17:50:27 -0400] "GET /wp-login.php HTTP/1.1" 200 33134 "-" "Mozilla/5.0 (Macintosh; Intel Mac OS X 10_13_1) AppleWebKit/537.36 (KHTML, like Gecko) Chrome/65.0.3325.181 Safari/537.36"
74.91.224.220 - - [14/Apr/2026:17:50:28 -0400] "POST /wp-login.php HTTP/1.1" 302 0 "https://asesoriastesismedicina.com/wp-login.php" "Mozilla/5.0 (Macintosh; Intel Mac OS X 10_13_1) AppleWebKit/537.36 (KHTML, like Gecko) Chrome/65.0.3325.181 Safari/537.36"
41.76.215.184 - - [14/Apr/2026:17:51:16 -0400] "GET /wp-login.php HTTP/1.1" 200 33134 "-" "Mozilla/5.0 (Macintosh; Intel Mac OS X 10_12) AppleWebKit/602.1.38 (KHTML, like Gecko) Version/10.0 Safari/602.1.38"
198.54.121.245 - - [14/Apr/2026:18:03:14 -0400] "POST /wp-cron.php?doing_wp_cron=1776204194.1387009620666503906250 HTTP/1.1" 200 0 "-" "WordPress/6.9.4; https://asesoriastesismedicina.com"
185.220.101.28 - - [14/Apr/2026:18:03:11 -0400] "POST /xmlrpc.php HTTP/1.1" 200 224 "https://www.google.com/" "Mozilla/5.0 (Macintosh; Intel Mac OS X 10_9_5) AppleWebKit/601.7.8 (KHTML, like Gecko) Version/9.1.3 Safari/537.86.7"
172.190.142.176 - - [14/Apr/2026:18:03:19 -0400] "GET /wp-content/plugins/hellopress/wp_filemanager.php HTTP/1.1" 404 238605 "-" "-"
172.190.142.176 - - [14/Apr/2026:18:03:20 -0400] "GET /ws80.php HTTP/1.1" 404 238561 "-" "-"
172.190.142.176 - - [14/Apr/2026:18:03:21 -0400] "GET /inputs.php HTTP/1.1" 404 238566 "-" "-"
172.190.142.176 - - [14/Apr/2026:18:03:21 -0400] "GET /ioxi-o.php HTTP/1.1" 404 238566 "-" "-"
172.190.142.176 - - [14/Apr/2026:18:03:23 -0400] "GET /wp-admin/network/users.php HTTP/1.1" 302 0 "-" "-"
172.190.142.176 - - [14/Apr/2026:18:03:24 -0400] "GET /wp-login.php?redirect_to=https%3A%2F%2Fasesoriastesismedicina.com%2Fwp-admin%2Fnetwork%2Fusers.php&reauth=1 HTTP/1.1" 200 110058 "-" "-"
172.190.142.176 - - [14/Apr/2026:18:03:25 -0400] "GET /wp-blog-header.php HTTP/1.1" 404 0 "-" "-"
172.190.142.176 - - [14/Apr/2026:18:03:26 -0400] "GET /1.php HTTP/1.1" 404 238568 "-" "-"
172.190.142.176 - - [14/Apr/2026:18:03:26 -0400] "GET /admlo.php HTTP/1.1" 404 238569 "-" "-"
172.190.142.176 - - [14/Apr/2026:18:03:27 -0400] "GET /t.php HTTP/1.1" 404 238566 "-" "-"
172.190.142.176 - - [14/Apr/2026:18:03:27 -0400] "GET /lib.php HTTP/1.1" 404 238561 "-" "-"
172.190.142.176 - - [14/Apr/2026:18:03:29 -0400] "GET /edit.php HTTP/1.1" 404 238572 "-" "-"
172.190.142.176 - - [14/Apr/2026:18:03:29 -0400] "GET /gettest.php HTTP/1.1" 404 238573 "-" "-"
172.190.142.176 - - [14/Apr/2026:18:03:32 -0400] "GET /bgymj.php HTTP/1.1" 404 238569 "-" "-"
172.190.142.176 - - [14/Apr/2026:18:03:32 -0400] "GET /amax.php HTTP/1.1" 404 238566 "-" "-"
172.190.142.176 - - [14/Apr/2026:18:03:36 -0400] "GET /dass.php HTTP/1.1" 404 238565 "-" "-"
172.190.142.176 - - [14/Apr/2026:18:03:37 -0400] "GET /press.php HTTP/1.1" 404 238573 "-" "-"
172.190.142.176 - - [14/Apr/2026:18:03:38 -0400] "GET /wp-png.php HTTP/1.1" 404 238565 "-" "-"
172.190.142.176 - - [14/Apr/2026:18:03:38 -0400] "GET /s.php HTTP/1.1" 404 238560 "-" "-"
172.190.142.176 - - [14/Apr/2026:18:03:39 -0400] "GET /wp-links-opml.php HTTP/1.1" 200 206 "-" "-"
172.190.142.176 - - [14/Apr/2026:18:03:41 -0400] "GET /public/vx.php HTTP/1.1" 404 238573 "-" "-"
172.190.142.176 - - [14/Apr/2026:18:03:41 -0400] "GET /wp-content/radio.php HTTP/1.1" 404 238584 "-" "-"
172.190.142.176 - - [14/Apr/2026:18:03:42 -0400] "GET /wp-admin/css/bolt.php HTTP/1.1" 404 238581 "-" "-"
172.190.142.176 - - [14/Apr/2026:18:03:43 -0400] "GET /cu.php HTTP/1.1" 404 238565 "-" "-"
172.190.142.176 - - [14/Apr/2026:18:03:43 -0400] "GET /index.php HTTP/1.1" 301 0 "-" "-"
172.190.142.176 - - [14/Apr/2026:18:03:43 -0400] "GET / HTTP/1.1" 200 412242 "-" "-"
172.190.142.176 - - [14/Apr/2026:18:03:44 -0400] "GET /900.php HTTP/1.1" 404 238565 "-" "-"
172.190.142.176 - - [14/Apr/2026:18:03:45 -0400] "GET /term.php HTTP/1.1" 404 238567 "-" "-"
172.190.142.176 - - [14/Apr/2026:18:03:46 -0400] "GET /sid3.php HTTP/1.1" 404 238565 "-" "-"
172.190.142.176 - - [14/Apr/2026:18:03:47 -0400] "GET /ccs.php HTTP/1.1" 404 238561 "-" "-"
172.190.142.176 - - [14/Apr/2026:18:03:48 -0400] "GET /fs.php HTTP/1.1" 404 238565 "-" "-"
172.190.142.176 - - [14/Apr/2026:18:03:49 -0400] "GET /ws48.php HTTP/1.1" 404 238567 "-" "-"
172.190.142.176 - - [14/Apr/2026:18:03:49 -0400] "GET /wp-the.php HTTP/1.1" 404 238570 "-" "-"
172.190.142.176 - - [14/Apr/2026:18:03:52 -0400] "GET /byypas.php HTTP/1.1" 404 238573 "-" "-"
172.190.142.176 - - [14/Apr/2026:18:03:55 -0400] "GET /tt.php HTTP/1.1" 404 238562 "-" "-"
172.190.142.176 - - [14/Apr/2026:18:03:55 -0400] "GET /abc.php HTTP/1.1" 404 238570 "-" "-"
172.190.142.176 - - [14/Apr/2026:18:03:56 -0400] "GET /yw5bi63u.php HTTP/1.1" 404 238571 "-" "-"
172.190.142.176 - - [14/Apr/2026:18:03:22 -0400] "GET /8.php HTTP/1.1" 404 238565 "-" "-"
172.190.142.176 - - [14/Apr/2026:18:03:22 -0400] "GET /jga.php HTTP/1.1" 404 238575 "-" "-"
172.190.142.176 - - [14/Apr/2026:18:03:25 -0400] "GET /an.php HTTP/1.1" 404 238569 "-" "-"
172.190.142.176 - - [14/Apr/2026:18:03:28 -0400] "GET /kj.php HTTP/1.1" 404 238560 "-" "-"
172.190.142.176 - - [14/Apr/2026:18:03:28 -0400] "GET /new.php HTTP/1.1" 404 238559 "-" "-"
172.190.142.176 - - [14/Apr/2026:18:03:30 -0400] "GET /file.php HTTP/1.1" 404 238571 "-" "-"
172.190.142.176 - - [14/Apr/2026:18:03:30 -0400] "GET /666.php HTTP/1.1" 404 238566 "-" "-"
172.190.142.176 - - [14/Apr/2026:18:03:31 -0400] "GET /tool.php HTTP/1.1" 404 238570 "-" "-"
172.190.142.176 - - [14/Apr/2026:18:03:31 -0400] "GET /wp-blogs.php HTTP/1.1" 404 238569 "-" "-"
172.190.142.176 - - [14/Apr/2026:18:03:32 -0400] "GET /mini.php HTTP/1.1" 404 238572 "-" "-"
172.190.142.176 - - [14/Apr/2026:18:03:33 -0400] "GET /mh.php HTTP/1.1" 404 238566 "-" "-"
172.190.142.176 - - [14/Apr/2026:18:03:33 -0400] "GET /ms.php HTTP/1.1" 404 238564 "-" "-"
172.190.142.176 - - [14/Apr/2026:18:03:34 -0400] "GET /166.php HTTP/1.1" 404 238567 "-" "-"
172.190.142.176 - - [14/Apr/2026:18:03:34 -0400] "GET /bmi.php HTTP/1.1" 404 238566 "-" "-"
172.190.142.176 - - [14/Apr/2026:18:03:35 -0400] "GET /wp-good.php HTTP/1.1" 404 238574 "-" "-"
172.190.142.176 - - [14/Apr/2026:18:03:35 -0400] "GET /shell.php HTTP/1.1" 404 238572 "-" "-"
172.190.142.176 - - [14/Apr/2026:18:03:36 -0400] "GET /aboute.php HTTP/1.1" 404 238566 "-" "-"
172.190.142.176 - - [14/Apr/2026:18:03:39 -0400] "GET /first.php HTTP/1.1" 404 238565 "-" "-"
172.190.142.176 - - [14/Apr/2026:18:03:40 -0400] "GET /ms-edit.php HTTP/1.1" 404 238567 "-" "-"
172.190.142.176 - - [14/Apr/2026:18:03:40 -0400] "GET /asd.php HTTP/1.1" 404 238570 "-" "-"
172.190.142.176 - - [14/Apr/2026:18:03:42 -0400] "GET /wp-access.php HTTP/1.1" 404 238573 "-" "-"
172.190.142.176 - - [14/Apr/2026:18:03:43 -0400] "GET /bolt.php HTTP/1.1" 404 238564 "-" "-"
172.190.142.176 - - [14/Apr/2026:18:03:45 -0400] "GET /a5.php HTTP/1.1" 404 238564 "-" "-"
172.190.142.176 - - [14/Apr/2026:18:03:46 -0400] "GET /b.php HTTP/1.1" 404 238564 "-" "-"
172.190.142.176 - - [14/Apr/2026:18:03:47 -0400] "GET /aboutc.php HTTP/1.1" 404 238569 "-" "-"
172.190.142.176 - - [14/Apr/2026:18:03:48 -0400] "GET /ws82.php HTTP/1.1" 404 238563 "-" "-"
172.190.142.176 - - [14/Apr/2026:18:03:48 -0400] "GET /wp-admin/network/edit.php HTTP/1.1" 302 0 "-" "-"
172.190.142.176 - - [14/Apr/2026:18:03:49 -0400] "GET /wp-login.php?redirect_to=https%3A%2F%2Fasesoriastesismedicina.com%2Fwp-admin%2Fnetwork%2Fedit.php&reauth=1 HTTP/1.1" 200 110055 "-" "-"
172.190.142.176 - - [14/Apr/2026:18:03:50 -0400] "GET /wp5.php HTTP/1.1" 404 238572 "-" "-"
172.190.142.176 - - [14/Apr/2026:18:03:50 -0400] "GET /xxx.php HTTP/1.1" 404 238567 "-" "-"
172.190.142.176 - - [14/Apr/2026:18:03:51 -0400] "GET /wen.php HTTP/1.1" 404 238564 "-" "-"
172.190.142.176 - - [14/Apr/2026:18:03:51 -0400] "GET /bnm.php HTTP/1.1" 404 238573 "-" "-"
172.190.142.176 - - [14/Apr/2026:18:03:52 -0400] "GET /wp-content/plugins/hellopress/wp_filemanager.php HTTP/1.1" 404 238605 "-" "-"
172.190.142.176 - - [14/Apr/2026:18:03:52 -0400] "GET /hplfuns.php HTTP/1.1" 404 238572 "-" "-"
172.190.142.176 - - [14/Apr/2026:18:03:53 -0400] "GET /grsiuk.php HTTP/1.1" 404 238568 "-" "-"
172.190.142.176 - - [14/Apr/2026:18:03:53 -0400] "GET /gifclass.php HTTP/1.1" 404 238566 "-" "-"
172.190.142.176 - - [14/Apr/2026:18:03:54 -0400] "GET /a4.php HTTP/1.1" 404 238560 "-" "-"
172.190.142.176 - - [14/Apr/2026:18:03:54 -0400] "GET /domains.php HTTP/1.1" 404 238566 "-" "-"
172.190.142.176 - - [14/Apr/2026:18:03:57 -0400] "GET /ws57.php HTTP/1.1" 404 238567 "-" "-"
172.190.142.176 - - [14/Apr/2026:18:03:57 -0400] "GET /8573.php HTTP/1.1" 404 238561 "-" "-"
172.190.142.176 - - [14/Apr/2026:18:03:58 -0400] "GET /ws66.php HTTP/1.1" 404 238571 "-" "-"
172.190.142.176 - - [14/Apr/2026:18:03:59 -0400] "GET /wp-p2r3q9c8k4.php HTTP/1.1" 404 238574 "-" "-"
172.190.142.176 - - [14/Apr/2026:18:03:59 -0400] "GET /ws88.php HTTP/1.1" 404 238563 "-" "-"
172.190.142.176 - - [14/Apr/2026:18:04:01 -0400] "GET /hroxw.php HTTP/1.1" 404 238564 "-" "-"
172.190.142.176 - - [14/Apr/2026:18:04:01 -0400] "GET /ok.php HTTP/1.1" 404 238565 "-" "-"
172.190.142.176 - - [14/Apr/2026:18:04:02 -0400] "GET /zoo.php HTTP/1.1" 404 238565 "-" "-"
172.190.142.176 - - [14/Apr/2026:18:04:02 -0400] "GET /gaza.php HTTP/1.1" 404 238566 "-" "-"
172.190.142.176 - - [14/Apr/2026:18:04:03 -0400] "GET /retu11.PhP7 HTTP/1.1" 404 238578 "-" "-"
172.190.142.176 - - [14/Apr/2026:18:04:04 -0400] "GET /mk.php HTTP/1.1" 404 238560 "-" "-"
216.244.66.240 - - [14/Apr/2026:18:06:42 -0400] "GET /robots.txt HTTP/1.1" 200 127 "-" "Mozilla/5.0 (compatible; DotBot/1.2; +https://opensiteexplorer.org/dotbot; help@moz.com)"
172.190.142.176 - - [14/Apr/2026:18:03:56 -0400] "GET /222.php HTTP/1.1" 404 238567 "-" "-"
172.190.142.176 - - [14/Apr/2026:18:03:58 -0400] "GET /66.php HTTP/1.1" 404 238569 "-" "-"
172.190.142.176 - - [14/Apr/2026:18:04:00 -0400] "GET /mode.php HTTP/1.1" 404 238564 "-" "-"
172.190.142.176 - - [14/Apr/2026:18:04:00 -0400] "GET /set.php HTTP/1.1" 404 238572 "-" "-"
172.190.142.176 - - [14/Apr/2026:18:04:03 -0400] "GET /fm.php HTTP/1.1" 404 238568 "-" "-"
172.190.142.176 - - [14/Apr/2026:18:04:04 -0400] "GET /ioxi001.PhP7 HTTP/1.1" 404 238573 "-" "-"
43.164.196.57 - - [14/Apr/2026:18:12:08 -0400] "GET / HTTP/1.1" 200 97045 "http://asesoriastesismedicina.com" "Mozilla/5.0 (iPhone; CPU iPhone OS 13_2_3 like Mac OS X) AppleWebKit/605.1.15 (KHTML, like Gecko) Version/13.0.3 Mobile/15E148 Safari/604.1"
45.131.193.133 - - [14/Apr/2026:18:16:49 -0400] "GET /wp-login.php HTTP/1.1" 200 37879 "-" "Mozilla/5.0"
45.131.193.133 - - [14/Apr/2026:18:16:50 -0400] "GET /?author=1 HTTP/1.1" 500 1152 "-" "Mozilla/5.0"
45.131.193.133 - - [14/Apr/2026:18:16:53 -0400] "GET /?rest_route=/wp/v2/users HTTP/1.1" 404 149 "-" "Mozilla/5.0"
