66.146.234.138 - - [14/Apr/2026:19:37:51 -0400] "GET /wp-content/uploads/2023/09/Grey-and-Black-Modern-Social-Media-Report-Presentation-2.png HTTP/1.1" 200 589295 "https://asesoriastesismedicina.com/wp-content/uploads/elementor/css/post-2.css?ver=1776157508" "Mozilla/5.0 (X11; Linux x86_64) AppleWebKit/537.36 (KHTML, like Gecko) Chrome/141.0.0.0 Safari/537.36"
66.146.234.138 - - [14/Apr/2026:19:37:52 -0400] "GET /wp-content/plugins/revslider/public/css/sr7.lp.css HTTP/1.1" 200 1102 "https://asesoriastesismedicina.com/" "Mozilla/5.0 (X11; Linux x86_64) AppleWebKit/537.36 (KHTML, like Gecko) Chrome/141.0.0.0 Safari/537.36"
66.146.234.138 - - [14/Apr/2026:19:37:52 -0400] "GET /wp-content/plugins/elementor/assets/js/shared-frontend-handlers.03caa53373b56d3bab67.bundle.min.js HTTP/1.1" 200 2511 "https://asesoriastesismedicina.com/" "Mozilla/5.0 (X11; Linux x86_64) AppleWebKit/537.36 (KHTML, like Gecko) Chrome/141.0.0.0 Safari/537.36"
66.146.234.138 - - [14/Apr/2026:19:37:52 -0400] "GET /wp-content/plugins/revslider/public/css/sr7.btns.css HTTP/1.1" 200 792 "https://asesoriastesismedicina.com/" "Mozilla/5.0 (X11; Linux x86_64) AppleWebKit/537.36 (KHTML, like Gecko) Chrome/141.0.0.0 Safari/537.36"
66.146.234.138 - - [14/Apr/2026:19:37:52 -0400] "GET /wp-content/plugins/revslider/public/css/sr7.media.css HTTP/1.1" 200 535 "https://asesoriastesismedicina.com/" "Mozilla/5.0 (X11; Linux x86_64) AppleWebKit/537.36 (KHTML, like Gecko) Chrome/141.0.0.0 Safari/537.36"
66.146.234.138 - - [14/Apr/2026:19:37:53 -0400] "GET /wp-content/plugins/revslider/public/css/sr7.filters.css HTTP/1.1" 200 1335 "https://asesoriastesismedicina.com/" "Mozilla/5.0 (X11; Linux x86_64) AppleWebKit/537.36 (KHTML, like Gecko) Chrome/141.0.0.0 Safari/537.36"
66.146.234.138 - - [14/Apr/2026:19:37:54 -0400] "GET /wp-content/uploads/2025/08/Transformamos-tu-investigacion-medica-en-una-tesis-publicable.-21.png HTTP/1.1" 200 78869 "https://asesoriastesismedicina.com/" "Mozilla/5.0 (X11; Linux x86_64) AppleWebKit/537.36 (KHTML, like Gecko) Chrome/141.0.0.0 Safari/537.36"
66.146.234.138 - - [14/Apr/2026:19:37:54 -0400] "GET /wp-content/uploads/2025/08/Transformamos-tu-investigacion-medica-en-una-tesis-publicable.-23.png HTTP/1.1" 200 81464 "https://asesoriastesismedicina.com/" "Mozilla/5.0 (X11; Linux x86_64) AppleWebKit/537.36 (KHTML, like Gecko) Chrome/141.0.0.0 Safari/537.36"
66.146.234.138 - - [14/Apr/2026:19:37:52 -0400] "POST /wp-json/pys-facebook/v1/event HTTP/1.1" 200 16 "https://asesoriastesismedicina.com/" "Mozilla/5.0 (X11; Linux x86_64) AppleWebKit/537.36 (KHTML, like Gecko) Chrome/141.0.0.0 Safari/537.36"
66.146.234.138 - - [14/Apr/2026:19:37:55 -0400] "GET /wp-content/uploads/2025/08/Transformamos-tu-investigacion-medica-en-una-tesis-publicable.-4.png HTTP/1.1" 200 1546565 "https://asesoriastesismedicina.com/" "Mozilla/5.0 (X11; Linux x86_64) AppleWebKit/537.36 (KHTML, like Gecko) Chrome/141.0.0.0 Safari/537.36"
66.146.234.138 - - [14/Apr/2026:19:37:55 -0400] "GET /wp-content/uploads/2025/08/Transformamos-tu-investigacion-medica-en-una-tesis-publicable.-25.png HTTP/1.1" 200 67774 "https://asesoriastesismedicina.com/" "Mozilla/5.0 (X11; Linux x86_64) AppleWebKit/537.36 (KHTML, like Gecko) Chrome/141.0.0.0 Safari/537.36"
198.54.121.245 - - [14/Apr/2026:19:37:56 -0400] "POST /wp-cron.php?doing_wp_cron=1776209876.3856549263000488281250 HTTP/1.1" 200 0 "-" "WordPress/6.9.4; https://asesoriastesismedicina.com"
66.146.234.138 - - [14/Apr/2026:19:37:52 -0400] "GET /wp-admin/admin-ajax.php?action=pys_get_pbid HTTP/1.1" 200 117 "https://asesoriastesismedicina.com/" "Mozilla/5.0 (X11; Linux x86_64) AppleWebKit/537.36 (KHTML, like Gecko) Chrome/141.0.0.0 Safari/537.36"
66.146.234.138 - - [14/Apr/2026:19:37:57 -0400] "GET /wp-content/uploads/2023/09/cropped-LOGO-SIN-FONDO-1-32x32.png HTTP/1.1" 200 1746 "https://asesoriastesismedicina.com/" "Mozilla/5.0 (X11; Linux x86_64) AppleWebKit/537.36 (KHTML, like Gecko) Chrome/141.0.0.0 Safari/537.36"
66.146.234.138 - - [14/Apr/2026:19:37:54 -0400] "GET /wp-content/uploads/2025/08/Transformamos-tu-investigacion-medica-en-una-tesis-publicable.-1.png HTTP/1.1" 200 1228231 "https://asesoriastesismedicina.com/" "Mozilla/5.0 (X11; Linux x86_64) AppleWebKit/537.36 (KHTML, like Gecko) Chrome/141.0.0.0 Safari/537.36"
198.54.121.245 - - [14/Apr/2026:19:37:54 -0400] "POST /wp-cron.php?doing_wp_cron=1776209874.5194489955902099609375 HTTP/1.1" 200 0 "-" "WordPress/6.9.4; https://asesoriastesismedicina.com"
66.146.234.138 - - [14/Apr/2026:19:37:55 -0400] "GET /wp-content/uploads/2025/08/Transformamos-tu-investigacion-medica-en-una-tesis-publicable.-24.png HTTP/1.1" 200 90195 "https://asesoriastesismedicina.com/" "Mozilla/5.0 (X11; Linux x86_64) AppleWebKit/537.36 (KHTML, like Gecko) Chrome/141.0.0.0 Safari/537.36"
66.146.234.138 - - [14/Apr/2026:19:37:55 -0400] "GET /wp-content/uploads/2025/08/Transformamos-tu-investigacion-medica-en-una-tesis-publicable.-5.png HTTP/1.1" 200 1176750 "https://asesoriastesismedicina.com/" "Mozilla/5.0 (X11; Linux x86_64) AppleWebKit/537.36 (KHTML, like Gecko) Chrome/141.0.0.0 Safari/537.36"
66.146.234.138 - - [14/Apr/2026:19:38:03 -0400] "POST /wp-admin/admin-ajax.php?action=wp_dark_mode_update_visitor&_wpnonce=ee2d1d4c0f HTTP/1.1" 200 84 "https://asesoriastesismedicina.com/" "Mozilla/5.0 (X11; Linux x86_64) AppleWebKit/537.36 (KHTML, like Gecko) Chrome/141.0.0.0 Safari/537.36"
66.146.234.138 - - [14/Apr/2026:19:38:06 -0400] "GET /wp-content/uploads/2023/04/Screenshot_57.png HTTP/1.1" 200 357514 "https://asesoriastesismedicina.com/" "Mozilla/5.0 (X11; Linux x86_64) AppleWebKit/537.36 (KHTML, like Gecko) Chrome/141.0.0.0 Safari/537.36"
66.146.234.138 - - [14/Apr/2026:19:38:06 -0400] "GET /wp-content/uploads/2023/03/Screenshot_60.png HTTP/1.1" 200 490916 "https://asesoriastesismedicina.com/" "Mozilla/5.0 (X11; Linux x86_64) AppleWebKit/537.36 (KHTML, like Gecko) Chrome/141.0.0.0 Safari/537.36"
66.146.234.138 - - [14/Apr/2026:19:38:06 -0400] "GET /wp-content/uploads/2023/03/logorobys.jpg HTTP/1.1" 200 252355 "https://asesoriastesismedicina.com/" "Mozilla/5.0 (X11; Linux x86_64) AppleWebKit/537.36 (KHTML, like Gecko) Chrome/141.0.0.0 Safari/537.36"
66.146.234.138 - - [14/Apr/2026:19:38:06 -0400] "GET /wp-content/uploads/2023/03/Screenshot_62.png HTTP/1.1" 200 361811 "https://asesoriastesismedicina.com/" "Mozilla/5.0 (X11; Linux x86_64) AppleWebKit/537.36 (KHTML, like Gecko) Chrome/141.0.0.0 Safari/537.36"
149.57.176.30 - - [14/Apr/2026:19:38:15 -0400] "HEAD /sitemap.xml HTTP/1.1" 301 0 "-" "python-requests/2.32.5"
149.57.176.212 - - [14/Apr/2026:19:38:19 -0400] "GET /robots.txt HTTP/1.1" 200 119 "-" "python-requests/2.32.5"
143.95.158.36 - - [14/Apr/2026:19:38:32 -0400] "GET /wp-login.php HTTP/1.1" 200 33134 "-" "Mozilla/5.0 (Macintosh; Intel Mac OS X 10_12_6) AppleWebKit/604.4.7 (KHTML, like Gecko) Version/11.0.2 Safari/604.4.7"
143.95.158.36 - - [14/Apr/2026:19:38:33 -0400] "POST /wp-login.php HTTP/1.1" 302 0 "https://asesoriastesismedicina.com/wp-login.php" "Mozilla/5.0 (Macintosh; Intel Mac OS X 10_12_6) AppleWebKit/604.4.7 (KHTML, like Gecko) Version/11.0.2 Safari/604.4.7"
69.163.186.214 - - [14/Apr/2026:19:39:45 -0400] "POST /wp-login.php HTTP/1.1" 200 33190 "https://asesoriastesismedicina.com/wp-login.php" "Mozilla/5.0 (Windows NT 10.0; Win64; x64) AppleWebKit/537.36 (KHTML, like Gecko) Chrome/64.0.3282.186 Safari/537.36 OPR/51.0.2830.55"
114.119.136.72 - - [14/Apr/2026:19:40:39 -0400] "GET /category/vegasino-login-640/ HTTP/1.1" 200 72662 "https://asesoriastesismedicina.com/category/vegasino-login-640/" "Mozilla/5.0 (Linux; Android 7.0;) AppleWebKit/537.36 (KHTML, like Gecko) Mobile Safari/537.36 (compatible; PetalBot;+https://webmaster.petalsearch.com/site/petalbot)"
66.146.234.138 - - [14/Apr/2026:19:38:06 -0400] "GET /wp-content/uploads/2022/10/bedoctor-megamenu-pic4.webp HTTP/1.1" 200 4306 "https://asesoriastesismedicina.com/" "Mozilla/5.0 (X11; Linux x86_64) AppleWebKit/537.36 (KHTML, like Gecko) Chrome/141.0.0.0 Safari/537.36"
66.146.234.138 - - [14/Apr/2026:19:38:06 -0400] "GET /wp-content/uploads/2023/03/Screenshot_64.png HTTP/1.1" 200 314250 "https://asesoriastesismedicina.com/" "Mozilla/5.0 (X11; Linux x86_64) AppleWebKit/537.36 (KHTML, like Gecko) Chrome/141.0.0.0 Safari/537.36"
66.146.234.138 - - [14/Apr/2026:19:38:06 -0400] "GET /wp-content/uploads/2023/03/logo-asesorias-blanco-sin-fondo-300x260.png HTTP/1.1" 200 13645 "https://asesoriastesismedicina.com/" "Mozilla/5.0 (X11; Linux x86_64) AppleWebKit/537.36 (KHTML, like Gecko) Chrome/141.0.0.0 Safari/537.36"
66.146.234.138 - - [14/Apr/2026:19:38:06 -0400] "GET /wp-content/uploads/2023/03/Asesorias-tesis-Medicina.png HTTP/1.1" 200 18703 "https://asesoriastesismedicina.com/" "Mozilla/5.0 (X11; Linux x86_64) AppleWebKit/537.36 (KHTML, like Gecko) Chrome/141.0.0.0 Safari/537.36"
66.146.234.138 - - [14/Apr/2026:19:38:06 -0400] "GET /wp-content/uploads/2023/04/nick-morrison-FHnnjk1Yj7Y-unsplash-scaled.jpg HTTP/1.1" 200 313397 "https://asesoriastesismedicina.com/" "Mozilla/5.0 (X11; Linux x86_64) AppleWebKit/537.36 (KHTML, like Gecko) Chrome/141.0.0.0 Safari/537.36"
149.57.191.24 - - [14/Apr/2026:19:38:17 -0400] "HEAD /sitemap_index.xml HTTP/1.1" 404 0 "-" "python-requests/2.32.5"
149.57.191.83 - - [14/Apr/2026:19:38:18 -0400] "HEAD /sitemap HTTP/1.1" 404 0 "-" "python-requests/2.32.5"
149.57.176.43 - - [14/Apr/2026:19:38:20 -0400] "HEAD /wp-sitemap.xml HTTP/1.1" 200 0 "-" "python-requests/2.32.5"
143.95.158.36 - - [14/Apr/2026:19:38:34 -0400] "GET /wp-login.php?locked_out=true&_wpnonce=ed05546f41 HTTP/1.1" 200 33224 "https://asesoriastesismedicina.com/wp-login.php" "Mozilla/5.0 (Macintosh; Intel Mac OS X 10_12_6) AppleWebKit/604.4.7 (KHTML, like Gecko) Version/11.0.2 Safari/604.4.7"
69.163.186.214 - - [14/Apr/2026:19:39:45 -0400] "GET /wp-login.php HTTP/1.1" 200 33134 "-" "Mozilla/5.0 (Windows NT 10.0; Win64; x64) AppleWebKit/537.36 (KHTML, like Gecko) Chrome/64.0.3282.186 Safari/537.36 OPR/51.0.2830.55"
52.167.144.145 - - [14/Apr/2026:19:41:47 -0400] "GET /wp-sitemap-posts-page-1.xml HTTP/1.1" 200 287 "-" "Mozilla/5.0 AppleWebKit/537.36 (KHTML, like Gecko; compatible; bingbot/2.0; +http://www.bing.com/bingbot.htm) Chrome/116.0.1938.76 Safari/537.36"
37.59.204.133 - - [14/Apr/2026:19:43:07 -0400] "GET /wp-sitemap.xml HTTP/1.1" 200 199 "-" "Mozilla/5.0 (compatible; AhrefsBot/7.0; +http://ahrefs.com/robot/)"
92.222.108.110 - - [14/Apr/2026:19:43:10 -0400] "GET /wp-sitemap-posts-page-1.xml HTTP/1.1" 200 287 "-" "Mozilla/5.0 (compatible; AhrefsBot/7.0; +http://ahrefs.com/robot/)"
54.37.118.65 - - [14/Apr/2026:19:43:22 -0400] "GET /wp-sitemap-taxonomies-post_tag-1.xml HTTP/1.1" 200 257 "-" "Mozilla/5.0 (compatible; AhrefsBot/7.0; +http://ahrefs.com/robot/)"
198.54.121.245 - - [14/Apr/2026:19:43:54 -0400] "POST /wp-cron.php?doing_wp_cron=1776210234.4112310409545898437500 HTTP/1.1" 200 0 "-" "WordPress/6.9.4; https://asesoriastesismedicina.com"
93.39.85.202 - - [14/Apr/2026:19:43:52 -0400] "POST /wp-login.php HTTP/1.1" 302 0 "https://asesoriastesismedicina.com/wp-login.php" "Mozilla/5.0 (Windows NT 6.1; WOW64; Trident/7.0; QwestIE8x64; rv:11.0) like Gecko"
192.176.172.166 - - [14/Apr/2026:19:47:22 -0400] "GET /wp-login.php HTTP/1.1" 200 33134 "-" "Mozilla/5.0 (Windows NT 6.1; Win64; x64) AppleWebKit/537.36 (KHTML, like Gecko) Chrome/58.0.3029.110 Safari/537.36 Edge/16.16299"
198.54.121.245 - - [14/Apr/2026:19:47:25 -0400] "POST /wp-cron.php?doing_wp_cron=1776210445.8319289684295654296875 HTTP/1.1" 200 0 "-" "WordPress/6.9.4; https://asesoriastesismedicina.com"
192.176.172.166 - - [14/Apr/2026:19:47:23 -0400] "POST /wp-login.php HTTP/1.1" 200 33192 "https://asesoriastesismedicina.com/wp-login.php" "Mozilla/5.0 (Windows NT 6.1; Win64; x64) AppleWebKit/537.36 (KHTML, like Gecko) Chrome/58.0.3029.110 Safari/537.36 Edge/16.16299"
57.141.2.2 - - [14/Apr/2026:19:50:26 -0400] "GET /wp-sitemap-posts-page-1.xml HTTP/1.1" 200 864 "-" "meta-externalagent/1.1 (+https://developers.facebook.com/docs/sharing/webmasters/crawler)"
188.214.156.135 - - [14/Apr/2026:19:50:36 -0400] "GET /wp-login.php HTTP/1.1" 200 33134 "-" "Mozilla/5.0 (Windows NT 6.1) AppleWebKit/537.36 (KHTML, like Gecko) Chrome/67.0.3396.87 Safari/537.36"
198.54.121.245 - - [14/Apr/2026:19:50:38 -0400] "POST /wp-cron.php?doing_wp_cron=1776210638.4744141101837158203125 HTTP/1.1" 200 0 "-" "WordPress/6.9.4; https://asesoriastesismedicina.com"
188.214.156.135 - - [14/Apr/2026:19:50:36 -0400] "POST /wp-login.php HTTP/1.1" 302 0 "https://asesoriastesismedicina.com/wp-login.php" "Mozilla/5.0 (Windows NT 6.1) AppleWebKit/537.36 (KHTML, like Gecko) Chrome/67.0.3396.87 Safari/537.36"
198.54.121.245 - - [14/Apr/2026:19:52:14 -0400] "POST /wp-cron.php?doing_wp_cron=1776210734.2046020030975341796875 HTTP/1.1" 200 0 "-" "WordPress/6.9.4; https://asesoriastesismedicina.com"
192.42.116.102 - - [14/Apr/2026:19:52:12 -0400] "POST /xmlrpc.php HTTP/1.1" 200 224 "https://www.google.com/" "Mozilla/5.0 (Macintosh; Intel Mac OS X 13_6) AppleWebKit/537.36 (KHTML, like Gecko) Edg/140.0.7341.17 Safari/537.36"
159.148.130.103 - - [14/Apr/2026:19:57:03 -0400] "GET /2025/06/10/analisis-datos-tesis-medica/ HTTP/1.1" 200 70289 "-" "Mozilla/5.0 (Macintosh; Intel Mac OS X 10_15_7) AppleWebKit/537.36 (KHTML, like Gecko) Chrome/142.0.0.0 Safari/537.36"
134.209.100.212 - - [14/Apr/2026:19:57:56 -0400] "GET /wp-login.php HTTP/1.1" 200 33134 "-" "Mozilla/5.0 (Macintosh; Intel Mac OS X 10_11_6) AppleWebKit/602.4.8 (KHTML, like Gecko) Version/10.0.3 Safari/602.4.8"
134.209.100.212 - - [14/Apr/2026:19:58:00 -0400] "GET /wp-login.php?locked_out=true&_wpnonce=ed05546f41 HTTP/1.1" 200 33224 "https://asesoriastesismedicina.com/wp-login.php" "Mozilla/5.0 (Macintosh; Intel Mac OS X 10_11_6) AppleWebKit/602.4.8 (KHTML, like Gecko) Version/10.0.3 Safari/602.4.8"
92.222.104.210 - - [14/Apr/2026:19:43:08 -0400] "GET /wp-sitemap-posts-post-1.xml HTTP/1.1" 200 399 "-" "Mozilla/5.0 (compatible; AhrefsBot/7.0; +http://ahrefs.com/robot/)"
5.39.109.174 - - [14/Apr/2026:19:43:16 -0400] "GET /wp-sitemap-taxonomies-category-1.xml HTTP/1.1" 200 177 "-" "Mozilla/5.0 (compatible; AhrefsBot/7.0; +http://ahrefs.com/robot/)"
93.39.85.202 - - [14/Apr/2026:19:43:51 -0400] "GET /wp-login.php HTTP/1.1" 200 33134 "-" "Mozilla/5.0 (Windows NT 6.1; WOW64; Trident/7.0; QwestIE8x64; rv:11.0) like Gecko"
93.39.85.202 - - [14/Apr/2026:19:43:54 -0400] "GET /wp-login.php?locked_out=true&_wpnonce=ed05546f41 HTTP/1.1" 200 33224 "https://asesoriastesismedicina.com/wp-login.php" "Mozilla/5.0 (Windows NT 6.1; WOW64; Trident/7.0; QwestIE8x64; rv:11.0) like Gecko"
188.214.156.135 - - [14/Apr/2026:19:50:38 -0400] "GET /wp-login.php?locked_out=true&_wpnonce=ed05546f41 HTTP/1.1" 200 33224 "https://asesoriastesismedicina.com/wp-login.php" "Mozilla/5.0 (Windows NT 6.1) AppleWebKit/537.36 (KHTML, like Gecko) Chrome/67.0.3396.87 Safari/537.36"
198.54.121.245 - - [14/Apr/2026:19:57:59 -0400] "POST /wp-cron.php?doing_wp_cron=1776211079.9276270866394042968750 HTTP/1.1" 200 0 "-" "WordPress/6.9.4; https://asesoriastesismedicina.com"
134.209.100.212 - - [14/Apr/2026:19:57:58 -0400] "POST /wp-login.php HTTP/1.1" 302 0 "https://asesoriastesismedicina.com/wp-login.php" "Mozilla/5.0 (Macintosh; Intel Mac OS X 10_11_6) AppleWebKit/602.4.8 (KHTML, like Gecko) Version/10.0.3 Safari/602.4.8"
37.221.208.71 - - [14/Apr/2026:19:59:17 -0400] "POST /xmlrpc.php HTTP/1.1" 200 224 "https://www.google.com/" "Mozilla/5.0 (Windows NT 10.0; Win64; x64) AppleWebKit/537.36 (KHTML, like Gecko) Chrome/91.0.4472.124 Safari/537.36"
160.153.183.144 - - [14/Apr/2026:20:11:42 -0400] "GET /wp-login.php HTTP/1.1" 200 33134 "https://asesoriastesismedicina.com/wp-login.php" "Mozilla/5.0 (Windows NT 6.3; WOW64; Trident/7.0; SMJB; rv:11.0) like Gecko"
198.54.121.245 - - [14/Apr/2026:20:12:01 -0400] "POST /wp-cron.php?doing_wp_cron=1776211921.1204850673675537109375 HTTP/1.1" 200 0 "-" "WordPress/6.9.4; https://asesoriastesismedicina.com"
17.241.219.103 - - [14/Apr/2026:20:12:00 -0400] "GET /2023/09/19/top-10-water-accounts-to-follow-on-twitter/feed/ HTTP/1.1" 200 419 "-" "Mozilla/5.0 (Macintosh; Intel Mac OS X 10_15_7) AppleWebKit/605.1.15 (KHTML, like Gecko) Version/17.4 Safari/605.1.15 (Applebot/0.1; +http://www.apple.com/go/applebot)"
40.77.167.48 - - [14/Apr/2026:20:06:28 -0400] "GET /wp-sitemap-taxonomies-category-1.xml HTTP/1.1" 200 177 "-" "Mozilla/5.0 AppleWebKit/537.36 (KHTML, like Gecko; compatible; bingbot/2.0; +http://www.bing.com/bingbot.htm) Chrome/116.0.1938.76 Safari/537.36"
160.153.183.144 - - [14/Apr/2026:20:11:38 -0400] "GET /wp-login.php HTTP/1.1" 200 33134 "-" "Mozilla/5.0 (Windows NT 6.3; WOW64; Trident/7.0; SMJB; rv:11.0) like Gecko"
198.54.121.245 - - [14/Apr/2026:20:11:42 -0400] "POST /wp-cron.php?doing_wp_cron=1776211902.7199850082397460937500 HTTP/1.1" 200 0 "-" "WordPress/6.9.4; https://asesoriastesismedicina.com"
160.153.183.144 - - [14/Apr/2026:20:11:40 -0400] "POST /wp-login.php HTTP/1.1" 302 0 "https://asesoriastesismedicina.com/wp-login.php" "Mozilla/5.0 (Windows NT 6.3; WOW64; Trident/7.0; SMJB; rv:11.0) like Gecko"
198.54.121.245 - - [14/Apr/2026:20:12:25 -0400] "POST /wp-cron.php?doing_wp_cron=1776211945.8583040237426757812500 HTTP/1.1" 200 0 "-" "WordPress/6.9.4; https://asesoriastesismedicina.com"
5.255.98.23 - - [14/Apr/2026:20:12:25 -0400] "POST /xmlrpc.php HTTP/1.1" 200 224 "https://www.google.com/" "Mozilla/5.0 (Macintosh; Intel Mac OS X 13_6) AppleWebKit/537.36 (KHTML, like Gecko) Chrome/140.0.7339.127 Safari/537.36"
34.236.135.14 - - [14/Apr/2026:20:12:53 -0400] "GET /wp-json/oembed/1.0/embed?url=https://asesoriastesismedicina.com/politicas-de-privacidad/ HTTP/1.1" 200 2364 "-" "Mozilla/5.0 AppleWebKit/537.36 (KHTML, like Gecko; compatible; Amazonbot/0.1; +https://developer.amazon.com/support/amazonbot) Chrome/119.0.6045.214 Safari/537.36"
69.49.112.73 - - [14/Apr/2026:20:17:02 -0400] "GET /wp-login.php HTTP/1.1" 200 33134 "https://asesoriastesismedicina.com/wp-login.php" "Mozilla/5.0 (Macintosh; Intel Mac OS X 10_13_2) AppleWebKit/537.36 (KHTML, like Gecko) Chrome/65.0.3325.162 Safari/537.36"
114.119.138.130 - - [14/Apr/2026:20:17:22 -0400] "GET /category/10400-sat/ HTTP/1.1" 200 72524 "https://asesoriastesismedicina.com/category/10400-sat" "Mozilla/5.0 (Linux; Android 7.0;) AppleWebKit/537.36 (KHTML, like Gecko) Mobile Safari/537.36 (compatible; PetalBot;+https://webmaster.petalsearch.com/site/petalbot)"
157.230.247.181 - - [14/Apr/2026:20:23:31 -0400] "GET /wp-login.php HTTP/1.1" 200 33134 "-" "Mozilla/5.0 (Windows NT 6.1; WOW64; Trident/7.0; MAAU; rv:11.0) like Gecko"
198.54.121.245 - - [14/Apr/2026:20:23:34 -0400] "POST /wp-cron.php?doing_wp_cron=1776212614.0584909915924072265625 HTTP/1.1" 200 0 "-" "WordPress/6.9.4; https://asesoriastesismedicina.com"
112.196.0.228 - - [14/Apr/2026:20:23:43 -0400] "POST /wp-login.php HTTP/1.1" 302 0 "https://asesoriastesismedicina.com/wp-login.php" "Mozilla/5.0 (Macintosh; Intel Mac OS X 10_13_3) AppleWebKit/604.5.6 (KHTML, like Gecko) Version/11.0.3 Safari/604.5.6"
195.231.47.218 - - [14/Apr/2026:20:24:27 -0400] "POST /xmlrpc.php HTTP/1.1" 200 416 "-" "Jetpack by WordPress.com"
195.231.47.218 - - [14/Apr/2026:20:24:48 -0400] "POST /xmlrpc.php HTTP/1.1" 200 416 "-" "Jetpack/12.0; WordPress/6.4; http://site17425740.com"
41.76.214.94 - - [14/Apr/2026:20:25:06 -0400] "GET /wp-login.php HTTP/1.1" 200 33134 "https://asesoriastesismedicina.com/wp-login.php" "Mozilla/5.0 (Windows NT 6.1; WOW64; Trident/7.0; UHG_Win7_Build 11-15-2010; rv:11.0) like Gecko"
195.231.47.218 - - [14/Apr/2026:20:25:40 -0400] "POST /xmlrpc.php HTTP/1.1" 200 416 "-" "Jetpack by WordPress.com (Jetpack 13.0; WordPress 6.1)"
195.231.47.218 - - [14/Apr/2026:20:25:51 -0400] "POST /xmlrpc.php HTTP/1.1" 200 416 "-" "Jetpack by WordPress.com (Jetpack 12.5; WordPress 6.1)"
195.231.47.218 - - [14/Apr/2026:20:26:01 -0400] "POST /xmlrpc.php HTTP/1.1" 200 416 "-" "WordPress.com; https://wordpress.com"
195.231.47.218 - - [14/Apr/2026:20:26:12 -0400] "POST /xmlrpc.php HTTP/1.1" 200 416 "-" "WordPress.com; https://wordpress.com"
195.231.47.218 - - [14/Apr/2026:20:26:33 -0400] "POST /xmlrpc.php HTTP/1.1" 200 416 "-" "Jetpack/12.1; WordPress/6.4; http://site19758021.com"
195.231.47.218 - - [14/Apr/2026:20:26:43 -0400] "POST /xmlrpc.php HTTP/1.1" 200 416 "-" "Jetpack/12.1; WordPress/6.1; http://site68052291.com"
195.231.47.218 - - [14/Apr/2026:20:26:54 -0400] "POST /xmlrpc.php HTTP/1.1" 200 416 "-" "Jetpack by WordPress.com (Jetpack 12.1; WordPress 6.3)"
195.231.47.218 - - [14/Apr/2026:20:27:04 -0400] "POST /xmlrpc.php HTTP/1.1" 200 416 "-" "Jetpack by WordPress.com (Jetpack 13.0; WordPress 6.2)"
195.231.47.218 - - [14/Apr/2026:20:27:15 -0400] "POST /xmlrpc.php HTTP/1.1" 200 416 "-" "WordPress.com; https://wordpress.com"
195.231.47.218 - - [14/Apr/2026:20:27:25 -0400] "POST /xmlrpc.php HTTP/1.1" 200 416 "-" "WordPress.com; https://wordpress.com"
195.231.47.218 - - [14/Apr/2026:20:27:36 -0400] "POST /xmlrpc.php HTTP/1.1" 200 416 "-" "Jetpack by WordPress.com (Jetpack 12.0; WordPress 6.2)"
123.30.233.12 - - [14/Apr/2026:20:27:43 -0400] "POST /wp-login.php HTTP/1.1" 302 0 "https://asesoriastesismedicina.com/wp-login.php" "Mozilla/5.0 (Windows NT 6.3; WOW64; Trident/7.0; Touch; MASEJS; rv:11.0) like Gecko"
123.30.233.12 - - [14/Apr/2026:20:27:44 -0400] "GET /wp-login.php HTTP/1.1" 200 33134 "https://asesoriastesismedicina.com/wp-login.php" "Mozilla/5.0 (Windows NT 6.3; WOW64; Trident/7.0; Touch; MASEJS; rv:11.0) like Gecko"
195.231.47.218 - - [14/Apr/2026:20:27:46 -0400] "POST /xmlrpc.php HTTP/1.1" 200 416 "-" "Jetpack/12.5; WordPress/6.2; http://site14698431.com"
195.231.47.218 - - [14/Apr/2026:20:27:57 -0400] "POST /xmlrpc.php HTTP/1.1" 200 416 "-" "WordPress.com; https://wordpress.com"
216.213.29.192 - - [14/Apr/2026:20:27:59 -0400] "GET /contacto/ HTTP/1.1" 200 70455 "-" "Mozilla/5.0 (Linux x86_64; rv:114.0) Gecko/20100101 Firefox/114.0"
69.49.112.73 - - [14/Apr/2026:20:17:00 -0400] "GET /wp-login.php HTTP/1.1" 200 33134 "-" "Mozilla/5.0 (Macintosh; Intel Mac OS X 10_13_2) AppleWebKit/537.36 (KHTML, like Gecko) Chrome/65.0.3325.162 Safari/537.36"
198.54.121.245 - - [14/Apr/2026:20:17:02 -0400] "POST /wp-cron.php?doing_wp_cron=1776212222.5814790725708007812500 HTTP/1.1" 200 0 "-" "WordPress/6.9.4; https://asesoriastesismedicina.com"
69.49.112.73 - - [14/Apr/2026:20:17:00 -0400] "POST /wp-login.php HTTP/1.1" 302 0 "https://asesoriastesismedicina.com/wp-login.php" "Mozilla/5.0 (Macintosh; Intel Mac OS X 10_13_2) AppleWebKit/537.36 (KHTML, like Gecko) Chrome/65.0.3325.162 Safari/537.36"
194.164.175.208 - - [14/Apr/2026:20:21:51 -0400] "GET /wp-login.php HTTP/1.1" 200 33134 "-" "Mozilla/5.0 (Macintosh; Intel Mac OS X 10.13; rv:60.0) Gecko/20100101 Firefox/60.0"
157.230.247.181 - - [14/Apr/2026:20:23:31 -0400] "POST /wp-login.php HTTP/1.1" 302 0 "https://asesoriastesismedicina.com/wp-login.php" "Mozilla/5.0 (Windows NT 6.1; WOW64; Trident/7.0; MAAU; rv:11.0) like Gecko"
157.230.247.181 - - [14/Apr/2026:20:23:34 -0400] "GET /wp-login.php HTTP/1.1" 200 33134 "https://asesoriastesismedicina.com/wp-login.php" "Mozilla/5.0 (Windows NT 6.1; WOW64; Trident/7.0; MAAU; rv:11.0) like Gecko"
112.196.0.228 - - [14/Apr/2026:20:23:41 -0400] "GET /wp-login.php HTTP/1.1" 200 33134 "-" "Mozilla/5.0 (Macintosh; Intel Mac OS X 10_13_3) AppleWebKit/604.5.6 (KHTML, like Gecko) Version/11.0.3 Safari/604.5.6"
112.196.0.228 - - [14/Apr/2026:20:23:44 -0400] "GET /wp-login.php HTTP/1.1" 200 33134 "https://asesoriastesismedicina.com/wp-login.php" "Mozilla/5.0 (Macintosh; Intel Mac OS X 10_13_3) AppleWebKit/604.5.6 (KHTML, like Gecko) Version/11.0.3 Safari/604.5.6"
195.231.47.218 - - [14/Apr/2026:20:24:17 -0400] "POST /xmlrpc.php HTTP/1.1" 200 416 "-" "WordPress.com; https://wordpress.com"
195.231.47.218 - - [14/Apr/2026:20:24:38 -0400] "POST /xmlrpc.php HTTP/1.1" 200 416 "-" "WordPress.com; https://wordpress.com"
195.231.47.218 - - [14/Apr/2026:20:24:59 -0400] "POST /xmlrpc.php HTTP/1.1" 200 416 "-" "Jetpack by WordPress.com (Jetpack 12.1; WordPress 6.1)"
41.76.214.94 - - [14/Apr/2026:20:25:01 -0400] "GET /wp-login.php HTTP/1.1" 200 33134 "-" "Mozilla/5.0 (Windows NT 6.1; WOW64; Trident/7.0; UHG_Win7_Build 11-15-2010; rv:11.0) like Gecko"
41.76.214.94 - - [14/Apr/2026:20:25:05 -0400] "POST /wp-login.php HTTP/1.1" 302 0 "https://asesoriastesismedicina.com/wp-login.php" "Mozilla/5.0 (Windows NT 6.1; WOW64; Trident/7.0; UHG_Win7_Build 11-15-2010; rv:11.0) like Gecko"
195.231.47.218 - - [14/Apr/2026:20:25:09 -0400] "POST /xmlrpc.php HTTP/1.1" 200 416 "-" "Jetpack by WordPress.com"
195.231.47.218 - - [14/Apr/2026:20:25:20 -0400] "POST /xmlrpc.php HTTP/1.1" 200 416 "-" "WordPress.com; https://wordpress.com"
195.231.47.218 - - [14/Apr/2026:20:25:30 -0400] "POST /xmlrpc.php HTTP/1.1" 200 416 "-" "Jetpack by WordPress.com"
195.231.47.218 - - [14/Apr/2026:20:26:22 -0400] "POST /xmlrpc.php HTTP/1.1" 200 416 "-" "Jetpack/12.5; WordPress/6.2; http://site38135189.com"
198.54.121.245 - - [14/Apr/2026:20:27:05 -0400] "POST /wp-cron.php?doing_wp_cron=1776212825.1142659187316894531250 HTTP/1.1" 200 0 "-" "WordPress/6.9.4; https://asesoriastesismedicina.com"
198.54.121.245 - - [14/Apr/2026:20:27:15 -0400] "POST /wp-cron.php?doing_wp_cron=1776212835.5578839778900146484375 HTTP/1.1" 200 0 "-" "WordPress/6.9.4; https://asesoriastesismedicina.com"
123.30.233.12 - - [14/Apr/2026:20:27:42 -0400] "GET /wp-login.php HTTP/1.1" 200 33134 "-" "Mozilla/5.0 (Windows NT 6.3; WOW64; Trident/7.0; Touch; MASEJS; rv:11.0) like Gecko"
216.213.29.192 - - [14/Apr/2026:20:27:59 -0400] "GET /wp-content/plugins/contact-form-7/includes/js/index.js?ver=6.1.5 HTTP/1.1" 200 4008 "https://asesoriastesismedicina.com/contacto/" "Mozilla/5.0 (Linux x86_64; rv:114.0) Gecko/20100101 Firefox/114.0"
195.231.47.218 - - [14/Apr/2026:20:28:28 -0400] "POST /xmlrpc.php HTTP/1.1" 200 416 "-" "WordPress.com; https://wordpress.com"
216.213.29.192 - - [14/Apr/2026:20:28:01 -0400] "POST /wp-json/contact-form-7/v1/contact-forms/100/feedback HTTP/1.1" 200 332 "https://asesoriastesismedicina.com/contacto/" "Mozilla/5.0 (Linux x86_64; rv:114.0) Gecko/20100101 Firefox/114.0"
195.231.47.218 - - [14/Apr/2026:20:28:07 -0400] "POST /xmlrpc.php HTTP/1.1" 200 416 "-" "WordPress.com; https://wordpress.com"
195.231.47.218 - - [14/Apr/2026:20:28:18 -0400] "POST /xmlrpc.php HTTP/1.1" 200 416 "-" "Jetpack/13.0; WordPress/6.2; http://site68959666.com"
195.231.47.218 - - [14/Apr/2026:20:29:00 -0400] "POST /xmlrpc.php HTTP/1.1" 200 416 "-" "WordPress.com; https://wordpress.com"
195.231.47.218 - - [14/Apr/2026:20:29:10 -0400] "POST /xmlrpc.php HTTP/1.1" 200 416 "-" "Jetpack by WordPress.com (Jetpack 12.5; WordPress 6.1)"
195.231.47.218 - - [14/Apr/2026:20:29:21 -0400] "POST /xmlrpc.php HTTP/1.1" 200 416 "-" "Jetpack/12.5; WordPress/6.1; http://site62797496.com"
195.231.47.218 - - [14/Apr/2026:20:29:42 -0400] "POST /xmlrpc.php HTTP/1.1" 200 416 "-" "Jetpack by WordPress.com"
195.231.47.218 - - [14/Apr/2026:20:29:52 -0400] "POST /xmlrpc.php HTTP/1.1" 200 416 "-" "Jetpack/12.1; WordPress/6.1; http://site83496526.com"
195.231.47.218 - - [14/Apr/2026:20:30:03 -0400] "POST /xmlrpc.php HTTP/1.1" 200 416 "-" "Jetpack by WordPress.com"
118.139.167.171 - - [14/Apr/2026:20:30:13 -0400] "POST /wp-login.php HTTP/1.1" 302 0 "https://asesoriastesismedicina.com/wp-login.php" "Mozilla/5.0 (Windows NT 6.1; WOW64; Trident/7.0; EIE10;ENUSMCM; rv:11.0) like Gecko"
47.82.10.34 - - [14/Apr/2026:20:30:25 -0400] "GET /tag/20bet-logowanie/ HTTP/1.1" 200 62905 "https://asesoriastesismedicina.com/" "Mozilla/5.0 (Windows NT 10.0; Win64; x64) AppleWebKit/537.36 (KHTML, like Gecko) Chrome/128.0.0.0 Safari/537.36"
195.231.47.218 - - [14/Apr/2026:20:30:34 -0400] "POST /xmlrpc.php HTTP/1.1" 200 416 "-" "WordPress.com; https://wordpress.com"
195.231.47.218 - - [14/Apr/2026:20:30:55 -0400] "POST /xmlrpc.php HTTP/1.1" 200 416 "-" "Jetpack by WordPress.com (Jetpack 12.1; WordPress 6.3)"
195.231.47.218 - - [14/Apr/2026:20:31:06 -0400] "POST /xmlrpc.php HTTP/1.1" 200 416 "-" "Jetpack by WordPress.com (Jetpack 12.5; WordPress 6.2)"
195.231.47.218 - - [14/Apr/2026:20:31:16 -0400] "POST /xmlrpc.php HTTP/1.1" 200 416 "-" "WordPress.com; https://wordpress.com"
3.212.86.97 - - [14/Apr/2026:20:31:25 -0400] "GET /wp-json/wp/v2/pages/860 HTTP/1.1" 200 16099 "-" "Mozilla/5.0 AppleWebKit/537.36 (KHTML, like Gecko; compatible; Amazonbot/0.1; +https://developer.amazon.com/support/amazonbot) Chrome/119.0.6045.214 Safari/537.36"
195.231.47.218 - - [14/Apr/2026:20:31:37 -0400] "POST /xmlrpc.php HTTP/1.1" 200 416 "-" "WordPress.com; https://wordpress.com"
198.54.121.245 - - [14/Apr/2026:20:32:09 -0400] "POST /wp-cron.php?doing_wp_cron=1776213129.4357979297637939453125 HTTP/1.1" 200 0 "-" "WordPress/6.9.4; https://asesoriastesismedicina.com"
195.231.47.218 - - [14/Apr/2026:20:32:09 -0400] "POST /xmlrpc.php HTTP/1.1" 200 416 "-" "WordPress.com; https://wordpress.com"
195.231.47.218 - - [14/Apr/2026:20:32:19 -0400] "POST /xmlrpc.php HTTP/1.1" 200 416 "-" "WordPress.com; https://wordpress.com"
195.231.47.218 - - [14/Apr/2026:20:32:40 -0400] "POST /xmlrpc.php HTTP/1.1" 200 416 "-" "Jetpack/13.0; WordPress/6.3; http://site85711450.com"
195.231.47.218 - - [14/Apr/2026:20:28:39 -0400] "POST /xmlrpc.php HTTP/1.1" 200 416 "-" "Jetpack by WordPress.com (Jetpack 12.0; WordPress 6.4)"
195.231.47.218 - - [14/Apr/2026:20:28:49 -0400] "POST /xmlrpc.php HTTP/1.1" 200 416 "-" "Jetpack by WordPress.com"
195.231.47.218 - - [14/Apr/2026:20:29:31 -0400] "POST /xmlrpc.php HTTP/1.1" 200 416 "-" "Jetpack by WordPress.com (Jetpack 13.0; WordPress 6.4)"
118.139.167.171 - - [14/Apr/2026:20:30:12 -0400] "GET /wp-login.php HTTP/1.1" 200 33134 "-" "Mozilla/5.0 (Windows NT 6.1; WOW64; Trident/7.0; EIE10;ENUSMCM; rv:11.0) like Gecko"
195.231.47.218 - - [14/Apr/2026:20:30:14 -0400] "POST /xmlrpc.php HTTP/1.1" 200 416 "-" "Jetpack by WordPress.com"
118.139.167.171 - - [14/Apr/2026:20:30:15 -0400] "GET /wp-login.php HTTP/1.1" 200 33134 "https://asesoriastesismedicina.com/wp-login.php" "Mozilla/5.0 (Windows NT 6.1; WOW64; Trident/7.0; EIE10;ENUSMCM; rv:11.0) like Gecko"
195.231.47.218 - - [14/Apr/2026:20:30:24 -0400] "POST /xmlrpc.php HTTP/1.1" 200 416 "-" "Jetpack by WordPress.com (Jetpack 13.0; WordPress 6.1)"
195.231.47.218 - - [14/Apr/2026:20:30:45 -0400] "POST /xmlrpc.php HTTP/1.1" 200 416 "-" "Jetpack by WordPress.com (Jetpack 13.0; WordPress 6.1)"
195.231.47.218 - - [14/Apr/2026:20:31:27 -0400] "POST /xmlrpc.php HTTP/1.1" 200 416 "-" "Jetpack/13.0; WordPress/6.3; http://site12878452.com"
195.231.47.218 - - [14/Apr/2026:20:31:48 -0400] "POST /xmlrpc.php HTTP/1.1" 200 416 "-" "Jetpack by WordPress.com (Jetpack 12.1; WordPress 6.4)"
195.231.47.218 - - [14/Apr/2026:20:31:58 -0400] "POST /xmlrpc.php HTTP/1.1" 200 416 "-" "Jetpack by WordPress.com"
195.231.47.218 - - [14/Apr/2026:20:32:30 -0400] "POST /xmlrpc.php HTTP/1.1" 200 416 "-" "Jetpack by WordPress.com"
52.22.138.222 - - [14/Apr/2026:20:34:59 -0400] "GET /robots.txt HTTP/1.1" 200 119 "-" "Mozilla/5.0 (Macintosh; Intel Mac OS X 10_10_1) AppleWebKit/600.2.5 (KHTML, like Gecko) Version/8.0.2 Safari/600.2.5 (Gort)"
88.230.152.17 - - [14/Apr/2026:20:35:42 -0400] "GET /wp-content/plugins/import-users-from-csv-with-meta/assets/email-options.js HTTP/1.1" 404 71713 "-" "Mozilla/5.0 (Windows NT 10.0; Win64; x64) AppleWebKit/537.36 (KHTML, like Gecko) Chrome/138.0.0.0 Safari/537.36"
216.244.66.240 - - [14/Apr/2026:20:36:03 -0400] "GET /robots.txt HTTP/1.1" 200 127 "-" "Mozilla/5.0 (compatible; DotBot/1.2; +https://opensiteexplorer.org/dotbot; help@moz.com)"
198.54.121.245 - - [14/Apr/2026:20:37:21 -0400] "POST /wp-cron.php?doing_wp_cron=1776213441.2802379131317138671875 HTTP/1.1" 200 0 "-" "WordPress/6.9.4; https://asesoriastesismedicina.com"
162.241.218.238 - - [14/Apr/2026:20:41:38 -0400] "GET /wp-login.php HTTP/1.1" 200 33134 "-" "Mozilla/5.0 (Windows NT 10.0; WOW64) AppleWebKit/537.36 (KHTML, like Gecko) Chrome/67.0.3396.87 Safari/537.36"
162.241.218.238 - - [14/Apr/2026:20:41:42 -0400] "GET /wp-login.php HTTP/1.1" 200 33134 "https://asesoriastesismedicina.com/wp-login.php" "Mozilla/5.0 (Windows NT 10.0; WOW64) AppleWebKit/537.36 (KHTML, like Gecko) Chrome/67.0.3396.87 Safari/537.36"
216.244.66.240 - - [14/Apr/2026:20:47:59 -0400] "GET /2025/03/19/google%E3%81%8C%E3%81%A9%E3%81%AE%E3%82%88%E3%81%86%E3%81%AB%E5%A4%89%E5%8C%96%E3%81%97%E3%81%A6%E3%81%84%E3%82%8B%E3%81%8B%E3%83%A9%E3%83%BC%E3%83%A1%E3%83%B3%E3%83%99%E3%83%83%E3%83%88-%E7%99%BB/feed/ HTTP/1.1" 200 856 "-" "Mozilla/5.0 (compatible; DotBot/1.2; +https://opensiteexplorer.org/dotbot; help@moz.com)"
195.231.47.218 - - [14/Apr/2026:20:32:51 -0400] "POST /xmlrpc.php HTTP/1.1" 200 416 "-" "Jetpack/12.0; WordPress/6.2; http://site75986450.com"
144.76.32.235 - - [14/Apr/2026:20:37:18 -0400] "GET /robots.txt HTTP/1.1" 200 119 "-" "Mozilla/5.0 (compatible; SERankingBacklinksBot/1.0; +https://seranking.com/backlinks-crawler)"
144.76.32.235 - - [14/Apr/2026:20:37:19 -0400] "GET /2024/06/30/8-modi-per-come-scegliere-bonus-di-casino-senza-rompere-la-tua-banca/ HTTP/1.1" 404 71749 "-" "Mozilla/5.0 (compatible; SERankingBacklinksBot/1.0; +https://seranking.com/backlinks-crawler)"
162.241.218.238 - - [14/Apr/2026:20:41:40 -0400] "POST /wp-login.php HTTP/1.1" 302 0 "https://asesoriastesismedicina.com/wp-login.php" "Mozilla/5.0 (Windows NT 10.0; WOW64) AppleWebKit/537.36 (KHTML, like Gecko) Chrome/67.0.3396.87 Safari/537.36"
198.54.121.245 - - [14/Apr/2026:20:46:52 -0400] "POST /wp-cron.php?doing_wp_cron=1776214012.5496330261230468750000 HTTP/1.1" 200 0 "-" "WordPress/6.9.4; https://asesoriastesismedicina.com"
216.244.66.240 - - [14/Apr/2026:20:46:50 -0400] "GET /2024/12/19/banda-zerkalo-kazino-10/feed/ HTTP/1.1" 200 683 "-" "Mozilla/5.0 (compatible; DotBot/1.2; +https://opensiteexplorer.org/dotbot; help@moz.com)"
198.54.121.245 - - [14/Apr/2026:20:48:00 -0400] "POST /wp-cron.php?doing_wp_cron=1776214080.1269729137420654296875 HTTP/1.1" 200 0 "-" "WordPress/6.9.4; https://asesoriastesismedicina.com"
195.40.106.167 - - [14/Apr/2026:20:53:57 -0400] "GET /2025/06/10/analisis-datos-tesis-medica/ HTTP/1.1" 200 70289 "-" "Mozilla/5.0 (Macintosh; Intel Mac OS X 10_15_7) AppleWebKit/537.36 (KHTML, like Gecko) Chrome/142.0.0.0 Safari/537.36"
198.54.121.245 - - [14/Apr/2026:20:55:08 -0400] "POST /wp-cron.php?doing_wp_cron=1776214508.3670299053192138671875 HTTP/1.1" 200 0 "-" "WordPress/6.9.4; https://asesoriastesismedicina.com"
65.254.225.229 - - [14/Apr/2026:21:04:59 -0400] "GET /wp-login.php HTTP/1.1" 200 33134 "-" "Mozilla/5.0 (Windows NT 6.1; WOW64; Trident/7.0; MAARJS; rv:11.0) like Gecko"
198.54.121.245 - - [14/Apr/2026:21:05:03 -0400] "POST /wp-cron.php?doing_wp_cron=1776215103.6879980564117431640625 HTTP/1.1" 200 0 "-" "WordPress/6.9.4; https://asesoriastesismedicina.com"
52.167.144.231 - - [14/Apr/2026:20:55:03 -0400] "GET /?s=2025 HTTP/1.1" 200 68402 "-" "Mozilla/5.0 AppleWebKit/537.36 (KHTML, like Gecko; compatible; bingbot/2.0; +http://www.bing.com/bingbot.htm) Chrome/116.0.1938.76 Safari/537.36"
65.254.225.229 - - [14/Apr/2026:21:05:00 -0400] "POST /wp-login.php HTTP/1.1" 302 0 "https://asesoriastesismedicina.com/wp-login.php" "Mozilla/5.0 (Windows NT 6.1; WOW64; Trident/7.0; MAARJS; rv:11.0) like Gecko"
65.254.225.229 - - [14/Apr/2026:21:05:04 -0400] "GET /wp-login.php HTTP/1.1" 200 33134 "https://asesoriastesismedicina.com/wp-login.php" "Mozilla/5.0 (Windows NT 6.1; WOW64; Trident/7.0; MAARJS; rv:11.0) like Gecko"
66.33.193.94 - - [14/Apr/2026:21:10:52 -0400] "GET /wp-login.php HTTP/1.1" 200 33134 "-" "Mozilla/5.0 (Windows NT 10.0; Win64; x64; rv:62.0) Gecko/20100101 Firefox/62.0"
198.54.121.245 - - [14/Apr/2026:21:10:58 -0400] "POST /wp-cron.php?doing_wp_cron=1776215458.6337380409240722656250 HTTP/1.1" 200 0 "-" "WordPress/6.9.4; https://asesoriastesismedicina.com"
66.33.193.94 - - [14/Apr/2026:21:10:59 -0400] "GET /wp-login.php HTTP/1.1" 200 33134 "https://asesoriastesismedicina.com/wp-login.php" "Mozilla/5.0 (Windows NT 10.0; Win64; x64; rv:62.0) Gecko/20100101 Firefox/62.0"
66.33.193.94 - - [14/Apr/2026:21:10:56 -0400] "POST /wp-login.php HTTP/1.1" 302 0 "https://asesoriastesismedicina.com/wp-login.php" "Mozilla/5.0 (Windows NT 10.0; Win64; x64; rv:62.0) Gecko/20100101 Firefox/62.0"
217.160.175.86 - - [14/Apr/2026:21:16:41 -0400] "GET /wp-login.php HTTP/1.1" 200 33134 "-" "Mozilla/5.0 (Macintosh; Intel Mac OS X 10_11_6) AppleWebKit/602.1.50 (KHTML, like Gecko) Version/10.0 Safari/602.1.50"
198.54.121.245 - - [14/Apr/2026:21:16:43 -0400] "POST /wp-cron.php?doing_wp_cron=1776215803.8853709697723388671875 HTTP/1.1" 200 0 "-" "WordPress/6.9.4; https://asesoriastesismedicina.com"
217.160.175.86 - - [14/Apr/2026:21:16:41 -0400] "POST /wp-login.php HTTP/1.1" 302 0 "https://asesoriastesismedicina.com/wp-login.php" "Mozilla/5.0 (Macintosh; Intel Mac OS X 10_11_6) AppleWebKit/602.1.50 (KHTML, like Gecko) Version/10.0 Safari/602.1.50"
217.160.175.86 - - [14/Apr/2026:21:16:44 -0400] "GET /wp-login.php HTTP/1.1" 200 33134 "https://asesoriastesismedicina.com/wp-login.php" "Mozilla/5.0 (Macintosh; Intel Mac OS X 10_11_6) AppleWebKit/602.1.50 (KHTML, like Gecko) Version/10.0 Safari/602.1.50"
100.26.246.145 - - [14/Apr/2026:21:19:30 -0400] "GET /wp-login.php HTTP/1.1" 200 33134 "-" "Mozilla/4.0 (compatible; MSIE 7.0; Windows NT 6.3; WOW64; Trident/7.0; .NET4.0E; .NET4.0C; .NET CLR 3.5.30729; .NET CLR 2.0.50727; .NET CLR 3.0.30729)"
198.54.121.245 - - [14/Apr/2026:21:19:32 -0400] "POST /wp-cron.php?doing_wp_cron=1776215972.9488840103149414062500 HTTP/1.1" 200 0 "-" "WordPress/6.9.4; https://asesoriastesismedicina.com"
100.26.246.145 - - [14/Apr/2026:21:19:31 -0400] "POST /wp-login.php HTTP/1.1" 302 0 "https://asesoriastesismedicina.com/wp-login.php" "Mozilla/4.0 (compatible; MSIE 7.0; Windows NT 6.3; WOW64; Trident/7.0; .NET4.0E; .NET4.0C; .NET CLR 3.5.30729; .NET CLR 2.0.50727; .NET CLR 3.0.30729)"
100.26.246.145 - - [14/Apr/2026:21:19:33 -0400] "GET /wp-login.php HTTP/1.1" 200 33134 "https://asesoriastesismedicina.com/wp-login.php" "Mozilla/4.0 (compatible; MSIE 7.0; Windows NT 6.3; WOW64; Trident/7.0; .NET4.0E; .NET4.0C; .NET CLR 3.5.30729; .NET CLR 2.0.50727; .NET CLR 3.0.30729)"
47.128.30.89 - - [14/Apr/2026:21:21:01 -0400] "GET /wp-content/plugins/revslider/public/css/sr7.css?ver=6.7.40 HTTP/1.1" 200 1409 "https://asesoriastesismedicina.com/tag/mostbet-uz/" "Mozilla/5.0 (compatible; Bytespider; spider-feedback@bytedance.com) AppleWebKit/537.36 (KHTML, like Gecko) Chrome/70.0.0.0 Safari/537.36"
47.128.30.89 - - [14/Apr/2026:21:21:02 -0400] "GET /wp-content/themes/betheme/assets/animations/animations.min.css?ver=28.2 HTTP/1.1" 200 4610 "https://asesoriastesismedicina.com/tag/mostbet-uz/" "Mozilla/5.0 (compatible; Bytespider; spider-feedback@bytedance.com) AppleWebKit/537.36 (KHTML, like Gecko) Chrome/70.0.0.0 Safari/537.36"
185.191.171.16 - - [14/Apr/2026:21:17:35 -0400] "GET /robots.txt HTTP/1.1" 200 119 "-" "Mozilla/5.0 (compatible; SemrushBot/7~bl; +http://www.semrush.com/bot.html)"
198.54.121.245 - - [14/Apr/2026:21:17:37 -0400] "POST /wp-cron.php?doing_wp_cron=1776215857.5450000762939453125000 HTTP/1.1" 200 0 "-" "WordPress/6.9.4; https://asesoriastesismedicina.com"
185.191.171.17 - - [14/Apr/2026:21:17:36 -0400] "GET /category/bez-rubriki-2/ HTTP/1.1" 200 72537 "-" "Mozilla/5.0 (compatible; SemrushBot/7~bl; +http://www.semrush.com/bot.html)"
47.128.30.89 - - [14/Apr/2026:21:20:57 -0400] "GET /tag/mostbet-uz/ HTTP/1.1" 200 62911 "-" "Mozilla/5.0 (compatible; Bytespider; spider-feedback@bytedance.com) AppleWebKit/537.36 (KHTML, like Gecko) Chrome/70.0.0.0 Safari/537.36"
47.128.30.89 - - [14/Apr/2026:21:21:01 -0400] "GET /wp-content/plugins/wp-dark-mode/assets/css/app.min.css?ver=5.3.0 HTTP/1.1" 200 69007 "https://asesoriastesismedicina.com/tag/mostbet-uz/" "Mozilla/5.0 (compatible; Bytespider; spider-feedback@bytedance.com) AppleWebKit/537.36 (KHTML, like Gecko) Chrome/70.0.0.0 Safari/537.36"
47.128.30.89 - - [14/Apr/2026:21:21:01 -0400] "GET /wp-content/themes/betheme/css/be.css?ver=28.2 HTTP/1.1" 200 81915 "https://asesoriastesismedicina.com/tag/mostbet-uz/" "Mozilla/5.0 (compatible; Bytespider; spider-feedback@bytedance.com) AppleWebKit/537.36 (KHTML, like Gecko) Chrome/70.0.0.0 Safari/537.36"
47.128.30.89 - - [14/Apr/2026:21:21:02 -0400] "GET /wp-content/uploads/betheme/css/post-78.css?ver=1776216060 HTTP/1.1" 200 473 "https://asesoriastesismedicina.com/tag/mostbet-uz/" "Mozilla/5.0 (compatible; Bytespider; spider-feedback@bytedance.com) AppleWebKit/537.36 (KHTML, like Gecko) Chrome/70.0.0.0 Safari/537.36"
198.54.121.245 - - [14/Apr/2026:21:28:37 -0400] "POST /wp-cron.php?doing_wp_cron=1776216517.2789249420166015625000 HTTP/1.1" 200 0 "-" "WordPress/6.9.4; https://asesoriastesismedicina.com"
41.76.214.94 - - [14/Apr/2026:21:28:38 -0400] "GET /wp-login.php HTTP/1.1" 200 33134 "https://asesoriastesismedicina.com/wp-login.php" "Mozilla/5.0 (Macintosh; Intel Mac OS X 10_13) AppleWebKit/603.1.13 (KHTML, like Gecko) Version/10.1 Safari/603.1.13"
41.76.214.94 - - [14/Apr/2026:21:28:34 -0400] "GET /wp-login.php HTTP/1.1" 200 33134 "-" "Mozilla/5.0 (Macintosh; Intel Mac OS X 10_13) AppleWebKit/603.1.13 (KHTML, like Gecko) Version/10.1 Safari/603.1.13"
41.76.214.94 - - [14/Apr/2026:21:28:35 -0400] "POST /wp-login.php HTTP/1.1" 302 0 "https://asesoriastesismedicina.com/wp-login.php" "Mozilla/5.0 (Macintosh; Intel Mac OS X 10_13) AppleWebKit/603.1.13 (KHTML, like Gecko) Version/10.1 Safari/603.1.13"
198.54.121.245 - - [14/Apr/2026:21:35:17 -0400] "POST /wp-cron.php?doing_wp_cron=1776216917.1252028942108154296875 HTTP/1.1" 200 0 "-" "WordPress/6.9.4; https://asesoriastesismedicina.com"
198.54.121.245 - - [14/Apr/2026:21:44:12 -0400] "POST /wp-cron.php?doing_wp_cron=1776217452.4723019599914550781250 HTTP/1.1" 200 0 "-" "WordPress/6.9.4; https://asesoriastesismedicina.com"
94.23.188.216 - - [14/Apr/2026:21:35:12 -0400] "GET /2025/05/21/errores-tesis-medicina/feed/ HTTP/1.1" 304 0 "-" "Mozilla/5.0 (compatible; AhrefsBot/7.0; +http://ahrefs.com/robot/)"
171.107.131.252 - - [14/Apr/2026:21:35:17 -0400] "POST /wp-comments-post.php HTTP/1.1" 200 0 "-" "Mozilla/5.0 (Windows NT 10.0; Win64; x64) AppleWebKit/537.36 (KHTML, like Gecko) Chrome/108.0.0.0 Safari/537.36 Edg/108.0.1462.46"
177.7.84.134 - - [14/Apr/2026:21:36:24 -0400] "POST /xmlrpc.php HTTP/1.1" 200 416 "-" "WordPress.com; https://wordpress.com"
147.92.53.217 - - [14/Apr/2026:21:44:08 -0400] "GET /2024/09/22/casino-shortcuts-the-easy-way/ HTTP/1.1" 404 62343 "https://asesoriastesismedicina.com/" "Mozilla/5.0 (Windows NT 10.0; Win64; x64) AppleWebKit/537.36 (KHTML, like Gecko) Chrome/114.0.0.0 Safari/537.36"
147.92.53.217 - - [14/Apr/2026:21:44:13 -0400] "GET / HTTP/1.1" 200 83830 "-" "Mozilla/5.0 (Windows NT 10.0; Win64; x64) AppleWebKit/537.36 (KHTML, like Gecko) Chrome/114.0.0.0 Safari/537.36"
65.254.225.226 - - [14/Apr/2026:21:47:24 -0400] "POST /wp-login.php HTTP/1.1" 302 0 "https://asesoriastesismedicina.com/wp-login.php" "Mozilla/5.0 (Windows NT 6.3; Win64; x64) AppleWebKit/537.36 (KHTML, like Gecko) Chrome/65.0.3325.181 Safari/537.36 OPR/52.0.2871.99"
65.254.225.226 - - [14/Apr/2026:21:47:23 -0400] "GET /wp-login.php HTTP/1.1" 200 33134 "-" "Mozilla/5.0 (Windows NT 6.3; Win64; x64) AppleWebKit/537.36 (KHTML, like Gecko) Chrome/65.0.3325.181 Safari/537.36 OPR/52.0.2871.99"
198.54.121.245 - - [14/Apr/2026:21:47:26 -0400] "POST /wp-cron.php?doing_wp_cron=1776217646.3934190273284912109375 HTTP/1.1" 200 0 "-" "WordPress/6.9.4; https://asesoriastesismedicina.com"
65.254.225.226 - - [14/Apr/2026:21:47:28 -0400] "GET /wp-login.php HTTP/1.1" 200 33134 "https://asesoriastesismedicina.com/wp-login.php" "Mozilla/5.0 (Windows NT 6.3; Win64; x64) AppleWebKit/537.36 (KHTML, like Gecko) Chrome/65.0.3325.181 Safari/537.36 OPR/52.0.2871.99"
152.232.68.87 - - [14/Apr/2026:21:58:36 -0400] "GET /contacto/ HTTP/1.0" 200 311187 "https://asesoriastesismedicina.com/contacto/" "Mozilla/5.0 (Windows NT 10.0; Win64; x64) AppleWebKit/537.36 (KHTML, like Gecko) Chrome/58.0.3029.110 Safari/537.36 Edge/16.16299"
198.54.121.245 - - [14/Apr/2026:21:58:46 -0400] "POST /wp-cron.php?doing_wp_cron=1776218326.0500450134277343750000 HTTP/1.1" 200 0 "-" "WordPress/6.9.4; https://asesoriastesismedicina.com"
152.232.68.87 - - [14/Apr/2026:21:58:41 -0400] "POST /contacto/ HTTP/1.0" 200 311752 "https://asesoriastesismedicina.com/contacto/" "Mozilla/5.0 (Windows NT 10.0; Win64; x64) AppleWebKit/537.36 (KHTML, like Gecko) Chrome/58.0.3029.110 Safari/537.36 Edge/16.16299"
144.76.32.235 - - [14/Apr/2026:22:04:23 -0400] "GET /robots.txt HTTP/1.1" 200 119 "-" "Mozilla/5.0 (compatible; SERankingBacklinksBot/1.0; +https://seranking.com/backlinks-crawler)"
144.76.32.235 - - [14/Apr/2026:22:04:24 -0400] "GET /robots.txt HTTP/1.1" 200 119 "-" "Mozilla/5.0 (compatible; SERankingBacklinksBot/1.0; +https://seranking.com/backlinks-crawler)"
198.54.121.245 - - [14/Apr/2026:22:04:28 -0400] "POST /wp-cron.php?doing_wp_cron=1776218668.4652559757232666015625 HTTP/1.1" 200 0 "-" "WordPress/6.9.4; https://asesoriastesismedicina.com"
144.76.32.235 - - [14/Apr/2026:22:04:24 -0400] "GET /2024/07/01/15-lessons-about-artistic-styles-and-trends-you-need-to-learn-to-succeed/ HTTP/1.1" 404 71735 "-" "Mozilla/5.0 (compatible; SERankingBacklinksBot/1.0; +https://seranking.com/backlinks-crawler)"
209.74.65.46 - - [14/Apr/2026:22:05:36 -0400] "POST /wp-login.php HTTP/1.1" 302 0 "https://asesoriastesismedicina.com/wp-login.php" "Mozilla/5.0 (Macintosh; Intel Mac OS X 10_12_6) AppleWebKit/537.36 (KHTML, like Gecko) Chrome/65.0.3325.162 Safari/537.36"
209.74.65.46 - - [14/Apr/2026:22:05:37 -0400] "GET /wp-login.php HTTP/1.1" 200 33134 "https://asesoriastesismedicina.com/wp-login.php" "Mozilla/5.0 (Macintosh; Intel Mac OS X 10_12_6) AppleWebKit/537.36 (KHTML, like Gecko) Chrome/65.0.3325.162 Safari/537.36"
103.124.93.101 - - [14/Apr/2026:22:17:48 -0400] "GET /wp-login.php HTTP/1.1" 200 33134 "-" "Mozilla/5.0 (Windows NT 10.0; WOW64) AppleWebKit/537.36 (KHTML, like Gecko) Chrome/66.0.3359.170 Safari/537.36"
144.76.32.235 - - [14/Apr/2026:22:04:23 -0400] "GET /robots.txt HTTP/1.1" 200 119 "-" "Mozilla/5.0 (compatible; SERankingBacklinksBot/1.0; +https://seranking.com/backlinks-crawler)"
144.76.32.235 - - [14/Apr/2026:22:04:24 -0400] "GET /robots.txt HTTP/1.1" 200 119 "-" "Mozilla/5.0 (compatible; SERankingBacklinksBot/1.0; +https://seranking.com/backlinks-crawler)"
144.76.32.235 - - [14/Apr/2026:22:04:24 -0400] "GET /robots.txt HTTP/1.1" 200 119 "-" "Mozilla/5.0 (compatible; SERankingBacklinksBot/1.0; +https://seranking.com/backlinks-crawler)"
209.74.65.46 - - [14/Apr/2026:22:05:36 -0400] "GET /wp-login.php HTTP/1.1" 200 33134 "-" "Mozilla/5.0 (Macintosh; Intel Mac OS X 10_12_6) AppleWebKit/537.36 (KHTML, like Gecko) Chrome/65.0.3325.162 Safari/537.36"
194.164.175.208 - - [14/Apr/2026:22:05:46 -0400] "GET /wp-login.php HTTP/1.1" 200 33134 "-" "Mozilla/4.0 (compatible; MSIE 7.0; Windows NT 6.1; Win64; x64; Trident/7.0; .NET CLR 2.0.50727; SLCC2; .NET CLR 3.5.30729; .NET CLR 3.0.30729; Media Center PC 6.0; .NET4.0C; .NET4.0E; InfoPath.3; Tablet PC 2.0)"
194.164.175.208 - - [14/Apr/2026:22:05:48 -0400] "POST /wp-login.php HTTP/1.1" 302 0 "https://asesoriastesismedicina.com/wp-login.php" "Mozilla/4.0 (compatible; MSIE 7.0; Windows NT 6.1; Win64; x64; Trident/7.0; .NET CLR 2.0.50727; SLCC2; .NET CLR 3.5.30729; .NET CLR 3.0.30729; Media Center PC 6.0; .NET4.0C; .NET4.0E; InfoPath.3; Tablet PC 2.0)"
194.164.175.208 - - [14/Apr/2026:22:05:49 -0400] "GET /wp-login.php HTTP/1.1" 200 33134 "https://asesoriastesismedicina.com/wp-login.php" "Mozilla/4.0 (compatible; MSIE 7.0; Windows NT 6.1; Win64; x64; Trident/7.0; .NET CLR 2.0.50727; SLCC2; .NET CLR 3.5.30729; .NET CLR 3.0.30729; Media Center PC 6.0; .NET4.0C; .NET4.0E; InfoPath.3; Tablet PC 2.0)"
92.222.104.215 - - [14/Apr/2026:22:20:43 -0400] "GET /wp-sitemap-posts-post-1.xml HTTP/1.1" 200 399 "-" "Mozilla/5.0 (compatible; AhrefsBot/7.0; +http://ahrefs.com/robot/)"
198.54.121.245 - - [14/Apr/2026:22:21:55 -0400] "POST /wp-cron.php?doing_wp_cron=1776219715.8833999633789062500000 HTTP/1.1" 200 0 "-" "WordPress/6.9.4; https://asesoriastesismedicina.com"
198.54.121.245 - - [14/Apr/2026:22:29:48 -0400] "POST /wp-cron.php?doing_wp_cron=1776220188.6095199584960937500000 HTTP/1.1" 200 0 "-" "WordPress/6.9.4; https://asesoriastesismedicina.com"
18.209.137.234 - - [14/Apr/2026:22:29:45 -0400] "GET /wp-json/wp/v2/tags/164 HTTP/1.1" 200 660 "-" "Mozilla/5.0 AppleWebKit/537.36 (KHTML, like Gecko; compatible; Amazonbot/0.1; +https://developer.amazon.com/support/amazonbot) Chrome/119.0.6045.214 Safari/537.36"
37.59.204.140 - - [14/Apr/2026:22:20:42 -0400] "GET /wp-sitemap.xml HTTP/1.1" 200 199 "-" "Mozilla/5.0 (compatible; AhrefsBot/7.0; +http://ahrefs.com/robot/)"
94.23.188.210 - - [14/Apr/2026:22:20:45 -0400] "GET /wp-sitemap-posts-page-1.xml HTTP/1.1" 200 287 "-" "Mozilla/5.0 (compatible; AhrefsBot/7.0; +http://ahrefs.com/robot/)"
94.23.188.217 - - [14/Apr/2026:22:20:46 -0400] "GET /wp-sitemap-taxonomies-category-1.xml HTTP/1.1" 200 177 "-" "Mozilla/5.0 (compatible; AhrefsBot/7.0; +http://ahrefs.com/robot/)"
92.222.108.105 - - [14/Apr/2026:22:20:48 -0400] "GET /wp-sitemap-taxonomies-post_tag-1.xml HTTP/1.1" 200 257 "-" "Mozilla/5.0 (compatible; AhrefsBot/7.0; +http://ahrefs.com/robot/)"
67.20.76.238 - - [14/Apr/2026:22:21:52 -0400] "GET /wp-login.php HTTP/1.1" 200 33134 "-" "Mozilla/5.0 (MSIE 10.0; Windows NT 6.1; WOW64; Trident/7.0; rv:11.0) like Gecko"
67.20.76.238 - - [14/Apr/2026:22:21:52 -0400] "POST /wp-login.php HTTP/1.1" 302 0 "https://asesoriastesismedicina.com/wp-login.php" "Mozilla/5.0 (MSIE 10.0; Windows NT 6.1; WOW64; Trident/7.0; rv:11.0) like Gecko"
67.20.76.238 - - [14/Apr/2026:22:21:56 -0400] "GET /wp-login.php HTTP/1.1" 200 33134 "https://asesoriastesismedicina.com/wp-login.php" "Mozilla/5.0 (MSIE 10.0; Windows NT 6.1; WOW64; Trident/7.0; rv:11.0) like Gecko"
